35.178.201.127 - - [12/Apr/2023:16:45:11 +0000] "GET /debug/default/view.html HTTP/1.1" 200 - "-" "Mozilla/5.0 (Windows NT 10.0; Win64; x64; rv:105.0) Gecko/20100101 Firefox/105.0"
35.178.201.127 - - [12/Apr/2023:16:45:11 +0000] "GET /debug/default/view?panel=config HTTP/1.1" 200 - "-" "Mozilla/5.0 (X11; Linux x86_64) AppleWebKit/537.36 (KHTML, like Gecko) Chrome/106.0.0.0 Safari/537.36"
35.178.201.127 - - [12/Apr/2023:16:45:12 +0000] "GET /config.json HTTP/1.1" 200 - "-" "Mozilla/5.0 (Macintosh; Intel Mac OS X 10.15; rv:105.0) Gecko/20100101 Firefox/105.0"
35.178.201.127 - - [12/Apr/2023:16:45:12 +0000] "GET /awsconfig.json HTTP/1.1" 200 - "-" "Mozilla/5.0 (Windows NT 10.0; Win64; x64) AppleWebKit/537.36 (KHTML, like Gecko) Chrome/107.0.0.0 Safari/537.36"
35.178.201.127 - - [12/Apr/2023:16:45:13 +0000] "GET /aws.json HTTP/1.1" 200 - "-" "Mozilla/5.0 (X11; Linux x86_64; rv:105.0) Gecko/20100101 Firefox/105.0"
35.178.201.127 - - [12/Apr/2023:16:45:13 +0000] "GET /AwsConfig.json HTTP/1.1" 200 - "-" "Mozilla/5.0 (Windows NT 10.0; Win64; x64; rv:105.0) Gecko/20100101 Firefox/105.0"
35.178.201.127 - - [12/Apr/2023:16:45:14 +0000] "GET /_profiler/phpinfo HTTP/1.1" 200 - "-" "Mozilla/5.0 (Windows NT 10.0; Win64; x64; rv:106.0) Gecko/20100101 Firefox/106.0"
35.178.201.127 - - [12/Apr/2023:16:45:14 +0000] "GET /phpinfo.php HTTP/1.1" 200 23957 "-" "Mozilla/5.0 (Windows NT 10.0; Win64; x64) AppleWebKit/537.36 (KHTML, like Gecko) Chrome/106.0.0.0 Safari/537.36"
104.211.220.126 - - [12/Apr/2023:16:50:33 +0000] "GET /.env HTTP/1.1" 200 - "-" "Mozilla/5.0 (X11; Linux x86_64) AppleWebKit/537.36 (KHTML, like Gecko) Chrome/81.0.4044.129 Safari/537.36"
104.211.220.126 - - [12/Apr/2023:16:50:34 +0000] "POST / HTTP/1.1" 405 409730 "-" "Mozilla/5.0 (X11; Linux x86_64) AppleWebKit/537.36 (KHTML, like Gecko) Chrome/81.0.4044.129 Safari/537.36"
192.155.90.118 - - [12/Apr/2023:16:58:14 +0000] "\x16\x03\x01" 400 226 "-" "-"
193.32.162.159 - - [12/Apr/2023:17:03:58 +0000] "GET / HTTP/1.1" 200 8382 "-" "Mozilla/5.0 (Windows NT 10.0; Win64; x64) AppleWebKit/537.36 (KHTML, like Gecko) Chrome/90.0.4430.85 Safari/537.36 Edg/90.0.818.46"
135.125.246.110 - - [12/Apr/2023:17:12:23 +0000] "POST / HTTP/1.1" 405 409724 "-" "Mozilla/5.0 (X11; Linux x86_64) AppleWebKit/537.36 (KHTML, like Gecko) Chrome/81.0.4044.129 Safari/537.36"
43.154.128.189 - - [12/Apr/2023:17:12:32 +0000] "HEAD /Core/Skin/Login.aspx HTTP/1.1" 200 - "-" "Mozilla/5.0 (Windows NT 10.0; Win64; x64) AppleWebKit/537.36 (KHTML, like Gecko) Chrome/106.0.0.0 Safari/537.36"
104.211.220.126 - - [12/Apr/2023:17:16:05 +0000] "GET /.git/config HTTP/1.1" 200 - "-" "python-requests/2.28.1"
104.211.220.126 - - [12/Apr/2023:17:16:06 +0000] "GET /fedex/.env HTTP/1.1" 200 - "-" "Mozilla/5.0 (Macintosh; Intel Mac OS X 10.15; rv:77.0) Gecko/20100101 Firefox/77.0"
104.211.220.126 - - [12/Apr/2023:17:16:06 +0000] "POST /fedex/.env HTTP/1.1" 405 412356 "-" "Mozilla/5.0 (Macintosh; Intel Mac OS X 10.15; rv:77.0) Gecko/20100101 Firefox/77.0"
104.211.220.126 - - [12/Apr/2023:17:16:08 +0000] "GET /phpMyAdmin2/index.php HTTP/1.1" 200 - "-" "Mozilla/5.0 (Windows NT 10.0; Win64; x64) AppleWebKit/537.36 (KHTML, like Gecko) Chrome/91.0.4472.124 Safari/537.36"
104.211.220.126 - - [12/Apr/2023:17:16:09 +0000] "GET /phpmyadmin/index.php HTTP/1.1" 200 - "-" "Mozilla/5.0 (Windows NT 10.0; Win64; x64) AppleWebKit/537.36 (KHTML, like Gecko) Chrome/91.0.4472.124 Safari/537.36"
104.211.220.126 - - [12/Apr/2023:17:16:09 +0000] "GET /mysqladmin/index.php HTTP/1.1" 200 - "-" "Mozilla/5.0 (Windows NT 10.0; Win64; x64) AppleWebKit/537.36 (KHTML, like Gecko) Chrome/91.0.4472.124 Safari/537.36"
104.211.220.126 - - [12/Apr/2023:17:16:09 +0000] "GET /sqlmanager/index.php HTTP/1.1" 200 - "-" "Mozilla/5.0 (Windows NT 10.0; Win64; x64) AppleWebKit/537.36 (KHTML, like Gecko) Chrome/91.0.4472.124 Safari/537.36"
104.211.220.126 - - [12/Apr/2023:17:16:10 +0000] "GET /phpMyAdmin-2/index.php HTTP/1.1" 200 - "-" "Mozilla/5.0 (Windows NT 10.0; Win64; x64) AppleWebKit/537.36 (KHTML, like Gecko) Chrome/91.0.4472.124 Safari/537.36"
104.211.220.126 - - [12/Apr/2023:17:16:10 +0000] "GET /phpmyadmin2/index.php HTTP/1.1" 200 - "-" "Mozilla/5.0 (Windows NT 10.0; Win64; x64) AppleWebKit/537.36 (KHTML, like Gecko) Chrome/91.0.4472.124 Safari/537.36"
104.211.220.126 - - [12/Apr/2023:17:16:11 +0000] "GET /phpMyAdmin/index.php HTTP/1.1" 200 - "-" "Mozilla/5.0 (Windows NT 10.0; Win64; x64) AppleWebKit/537.36 (KHTML, like Gecko) Chrome/91.0.4472.124 Safari/537.36"
104.211.220.126 - - [12/Apr/2023:17:16:11 +0000] "GET /myadmin/index.php HTTP/1.1" 200 - "-" "Mozilla/5.0 (Windows NT 10.0; Win64; x64) AppleWebKit/537.36 (KHTML, like Gecko) Chrome/91.0.4472.124 Safari/537.36"
104.211.220.126 - - [12/Apr/2023:17:16:11 +0000] "GET /webdb/index.php HTTP/1.1" 200 - "-" "Mozilla/5.0 (Windows NT 10.0; Win64; x64) AppleWebKit/537.36 (KHTML, like Gecko) Chrome/91.0.4472.124 Safari/537.36"
104.211.220.126 - - [12/Apr/2023:17:16:12 +0000] "GET /PMA/index.php HTTP/1.1" 200 - "-" "Mozilla/5.0 (Windows NT 10.0; Win64; x64) AppleWebKit/537.36 (KHTML, like Gecko) Chrome/91.0.4472.124 Safari/537.36"
104.211.220.126 - - [12/Apr/2023:17:16:12 +0000] "GET /mysql-admin/index.php HTTP/1.1" 200 - "-" "Mozilla/5.0 (Windows NT 10.0; Win64; x64) AppleWebKit/537.36 (KHTML, like Gecko) Chrome/91.0.4472.124 Safari/537.36"
104.211.220.126 - - [12/Apr/2023:17:16:13 +0000] "GET /pma/index.php HTTP/1.1" 200 - "-" "Mozilla/5.0 (Windows NT 10.0; Win64; x64) AppleWebKit/537.36 (KHTML, like Gecko) Chrome/91.0.4472.124 Safari/537.36"
104.211.220.126 - - [12/Apr/2023:17:16:13 +0000] "GET /admin/adminer.php?username=******** HTTP/1.1" 200 - "-" "python-requests/2.28.1"
104.211.220.126 - - [12/Apr/2023:17:16:14 +0000] "GET /frontend_dev.php/$ HTTP/1.1" 200 - "-" "Mozilla/5.0 (Macintosh; Intel Mac OS X 10.15; rv:77.0) Gecko/20100101 Firefox/77.0"
104.211.220.126 - - [12/Apr/2023:17:16:15 +0000] "GET /debug/default/view?panel=config HTTP/1.1" 200 - "-" "Mozilla/5.0 (Macintosh; Intel Mac OS X 10.15; rv:77.0) Gecko/20100101 Firefox/77.0"
104.211.220.126 - - [12/Apr/2023:17:16:15 +0000] "GET /config.json HTTP/1.1" 200 - "-" "Mozilla/5.0 (Macintosh; Intel Mac OS X 10.15; rv:77.0) Gecko/20100101 Firefox/77.0"
104.211.220.126 - - [12/Apr/2023:17:16:16 +0000] "GET /.json HTTP/1.1" 200 - "-" "Mozilla/5.0 (Macintosh; Intel Mac OS X 10.15; rv:77.0) Gecko/20100101 Firefox/77.0"
104.211.220.126 - - [12/Apr/2023:17:16:17 +0000] "GET /info.php HTTP/1.1" 200 - "-" "Mozilla/5.0 (Macintosh; Intel Mac OS X 10.15; rv:77.0) Gecko/20100101 Firefox/77.0"
104.211.220.126 - - [12/Apr/2023:17:16:17 +0000] "GET /_profiler/phpinfo HTTP/1.1" 200 - "-" "Mozilla/5.0 (Macintosh; Intel Mac OS X 10.15; rv:77.0) Gecko/20100101 Firefox/77.0"
104.211.220.126 - - [12/Apr/2023:17:16:18 +0000] "GET /phpinfo.php HTTP/1.1" 200 23919 "-" "Mozilla/5.0 (Macintosh; Intel Mac OS X 10.15; rv:77.0) Gecko/20100101 Firefox/77.0"
104.211.220.126 - - [12/Apr/2023:17:16:19 +0000] "POST /vendor/phpunit/phpunit/src/Util/PHP/eval-stdin.php HTTP/1.1" 405 413709 "-" "Mozilla/5.0 (Windows NT 10.0; Win64; x64) AppleWebKit/537.36 (KHTML, like Gecko) Chrome/93.0.4577.82 Safari/537.36"
::1 - - [12/Apr/2023:17:40:00 +0000] "OPTIONS * HTTP/1.0" 200 - "-" "Apache/2.4.6 (CentOS) OpenSSL/1.0.2k-fips (internal dummy connection)"
::1 - - [12/Apr/2023:17:40:01 +0000] "OPTIONS * HTTP/1.0" 200 - "-" "Apache/2.4.6 (CentOS) OpenSSL/1.0.2k-fips (internal dummy connection)"
::1 - - [12/Apr/2023:17:40:02 +0000] "OPTIONS * HTTP/1.0" 200 - "-" "Apache/2.4.6 (CentOS) OpenSSL/1.0.2k-fips (internal dummy connection)"
::1 - - [12/Apr/2023:17:40:38 +0000] "OPTIONS * HTTP/1.0" 200 - "-" "Apache/2.4.6 (CentOS) OpenSSL/1.0.2k-fips (internal dummy connection)"
::1 - - [12/Apr/2023:17:40:39 +0000] "OPTIONS * HTTP/1.0" 200 - "-" "Apache/2.4.6 (CentOS) OpenSSL/1.0.2k-fips (internal dummy connection)"
::1 - - [12/Apr/2023:17:40:41 +0000] "OPTIONS * HTTP/1.0" 200 - "-" "Apache/2.4.6 (CentOS) OpenSSL/1.0.2k-fips (internal dummy connection)"
::1 - - [12/Apr/2023:17:40:45 +0000] "OPTIONS * HTTP/1.0" 200 - "-" "Apache/2.4.6 (CentOS) OpenSSL/1.0.2k-fips (internal dummy connection)"
::1 - - [12/Apr/2023:17:40:46 +0000] "OPTIONS * HTTP/1.0" 200 - "-" "Apache/2.4.6 (CentOS) OpenSSL/1.0.2k-fips (internal dummy connection)"
::1 - - [12/Apr/2023:17:40:47 +0000] "OPTIONS * HTTP/1.0" 200 - "-" "Apache/2.4.6 (CentOS) OpenSSL/1.0.2k-fips (internal dummy connection)"
::1 - - [12/Apr/2023:17:40:48 +0000] "OPTIONS * HTTP/1.0" 200 - "-" "Apache/2.4.6 (CentOS) OpenSSL/1.0.2k-fips (internal dummy connection)"
::1 - - [12/Apr/2023:17:40:49 +0000] "OPTIONS * HTTP/1.0" 200 - "-" "Apache/2.4.6 (CentOS) OpenSSL/1.0.2k-fips (internal dummy connection)"
::1 - - [12/Apr/2023:17:40:50 +0000] "OPTIONS * HTTP/1.0" 200 - "-" "Apache/2.4.6 (CentOS) OpenSSL/1.0.2k-fips (internal dummy connection)"
::1 - - [12/Apr/2023:17:40:51 +0000] "OPTIONS * HTTP/1.0" 200 - "-" "Apache/2.4.6 (CentOS) OpenSSL/1.0.2k-fips (internal dummy connection)"
135.125.246.110 - - [12/Apr/2023:18:21:20 +0000] "POST / HTTP/1.1" 405 409738 "-" "Mozilla/5.0 (X11; Linux x86_64) AppleWebKit/537.36 (KHTML, like Gecko) Chrome/81.0.4044.129 Safari/537.36"
205.210.31.22 - - [12/Apr/2023:18:30:17 +0000] "GET / HTTP/1.1" 200 41226 "-" "Expanse, a Palo Alto Networks company, searches across the global IPv4 space multiple times per day to identify customers&#39; presences on the Internet. If you would like to be excluded from our scans, please send IP addresses/domains to: scaninfo@paloaltonetworks.com"
43.154.128.189 - - [12/Apr/2023:18:33:30 +0000] "HEAD /Core/Skin/Login.aspx HTTP/1.1" 200 - "-" "Mozilla/5.0 (Windows NT 10.0; Win64; x64) AppleWebKit/537.36 (KHTML, like Gecko) Chrome/106.0.0.0 Safari/537.36"
109.237.97.180 - - [12/Apr/2023:18:38:50 +0000] "\x16\x03\x01\x01H\x01" 400 226 "-" "-"
109.237.97.180 - - [12/Apr/2023:18:38:50 +0000] "GET /.env HTTP/1.1" 200 - "-" "Mozilla/5.0 (X11; Linux x86_64) AppleWebKit/537.36 (KHTML, like Gecko) Chrome/81.0.4044.129 Safari/537.36"
109.237.97.180 - - [12/Apr/2023:18:38:51 +0000] "POST /.env HTTP/1.1" 405 411999 "-" "Mozilla/5.0 (X11; Linux x86_64) AppleWebKit/537.36 (KHTML, like Gecko) Chrome/81.0.4044.129 Safari/537.36"
185.142.236.43 - - [12/Apr/2023:18:51:32 +0000] "GET / HTTP/1.1" 200 41226 "-" "Mozilla/5.0 (Windows NT 6.1) AppleWebKit/537.36 (KHTML, like Gecko) Chrome/41.0.2228.0 Safari/537.36"
185.142.236.43 - - [12/Apr/2023:18:51:33 +0000] "GET /robots.txt HTTP/1.1" 200 24 "-" "-"
185.142.236.43 - - [12/Apr/2023:18:51:34 +0000] "GET /sitemap.xml HTTP/1.1" 200 2580 "-" "-"
185.142.236.43 - - [12/Apr/2023:18:51:35 +0000] "GET /.well-known/security.txt HTTP/1.1" 200 - "-" "-"
185.142.236.43 - - [12/Apr/2023:18:51:36 +0000] "GET /assets/front/base/images/favicon/16_16/favicon.png HTTP/1.1" 200 3098 "-" "Mozilla/5.0 (Macintosh; Intel Mac OS X 10.15; rv:80.0) Gecko/20100101 Firefox/80.0"
205.210.31.8 - - [12/Apr/2023:18:56:04 +0000] "GET / HTTP/1.0" 200 41463 "-" "Expanse, a Palo Alto Networks company, searches across the global IPv4 space multiple times per day to identify customers&#39; presences on the Internet. If you would like to be excluded from our scans, please send IP addresses/domains to: scaninfo@paloaltonetworks.com"
20.234.111.129 - - [12/Apr/2023:19:49:04 +0000] "GET /_profiler/phpinfo HTTP/1.1" 200 - "-" "Mozilla/5.0 (X11; Linux x86_64) AppleWebKit/537.36 (KHTML, like Gecko) Chrome/81.0.4044.129 Safari/537.36"
20.234.111.129 - - [12/Apr/2023:19:49:05 +0000] "POST / HTTP/1.1" 405 408755 "-" "Mozilla/5.0 (X11; Linux x86_64) AppleWebKit/537.36 (KHTML, like Gecko) Chrome/81.0.4044.129 Safari/537.36"
20.234.111.129 - - [12/Apr/2023:19:49:06 +0000] "POST /debug/default/view?panel=config HTTP/1.1" 405 413128 "-" "Mozilla/5.0 (X11; Linux x86_64) AppleWebKit/537.36 (KHTML, like Gecko) Chrome/81.0.4044.129 Safari/537.36"
20.234.111.129 - - [12/Apr/2023:19:49:07 +0000] "POST /tool/view/phpinfo.view.php HTTP/1.1" 405 412363 "-" "Mozilla/5.0 (X11; Linux x86_64) AppleWebKit/537.36 (KHTML, like Gecko) Chrome/81.0.4044.129 Safari/537.36"
20.234.111.129 - - [12/Apr/2023:19:49:09 +0000] "POST /wp-config.php-backup HTTP/1.1" 405 412029 "-" "Mozilla/5.0 (X11; Linux x86_64) AppleWebKit/537.36 (KHTML, like Gecko) Chrome/81.0.4044.129 Safari/537.36"
20.234.111.129 - - [12/Apr/2023:19:49:10 +0000] "POST /%C0 HTTP/1.1" 404 1007 "-" "Mozilla/5.0 (X11; Linux x86_64) AppleWebKit/537.36 (KHTML, like Gecko) Chrome/81.0.4044.129 Safari/537.36"
20.234.111.129 - - [12/Apr/2023:19:49:11 +0000] "POST /debug/default/view.html HTTP/1.1" 405 412177 "-" "Mozilla/5.0 (X11; Linux x86_64) AppleWebKit/537.36 (KHTML, like Gecko) Chrome/81.0.4044.129 Safari/537.36"
20.234.111.129 - - [12/Apr/2023:19:49:12 +0000] "POST /debug/default/view HTTP/1.1" 405 411917 "-" "Mozilla/5.0 (X11; Linux x86_64) AppleWebKit/537.36 (KHTML, like Gecko) Chrome/81.0.4044.129 Safari/537.36"
20.234.111.129 - - [12/Apr/2023:19:49:14 +0000] "POST /frontend/web/debug/default/view HTTP/1.1" 405 412657 "-" "Mozilla/5.0 (X11; Linux x86_64) AppleWebKit/537.36 (KHTML, like Gecko) Chrome/81.0.4044.129 Safari/537.36"
20.234.111.129 - - [12/Apr/2023:19:49:15 +0000] "POST /web/debug/default/view HTTP/1.1" 405 412107 "-" "Mozilla/5.0 (X11; Linux x86_64) AppleWebKit/537.36 (KHTML, like Gecko) Chrome/81.0.4044.129 Safari/537.36"
20.234.111.129 - - [12/Apr/2023:19:49:18 +0000] "POST /sapi/debug/default/view HTTP/1.1" 405 412165 "-" "Mozilla/5.0 (X11; Linux x86_64) AppleWebKit/537.36 (KHTML, like Gecko) Chrome/81.0.4044.129 Safari/537.36"
20.234.111.129 - - [12/Apr/2023:19:49:19 +0000] "POST /debug/default/view?panel=config HTTP/1.1" 405 413106 "-" "Mozilla/5.0 (X11; Linux x86_64) AppleWebKit/537.36 (KHTML, like Gecko) Chrome/81.0.4044.129 Safari/537.36"
43.154.128.189 - - [12/Apr/2023:19:55:01 +0000] "HEAD /Core/Skin/Login.aspx HTTP/1.1" 200 - "-" "Mozilla/5.0 (Windows NT 10.0; Win64; x64) AppleWebKit/537.36 (KHTML, like Gecko) Chrome/106.0.0.0 Safari/537.36"
135.125.246.110 - - [12/Apr/2023:20:11:58 +0000] "POST / HTTP/1.1" 405 409696 "-" "Mozilla/5.0 (X11; Linux x86_64) AppleWebKit/537.36 (KHTML, like Gecko) Chrome/81.0.4044.129 Safari/537.36"
193.32.162.159 - - [12/Apr/2023:20:43:40 +0000] "GET / HTTP/1.1" 200 8381 "-" "Mozilla/5.0 (Windows NT 10.0; Win64; x64) AppleWebKit/537.36 (KHTML, like Gecko) Chrome/90.0.4430.85 Safari/537.36 Edg/90.0.818.46"
103.117.57.229 - - [12/Apr/2023:21:02:21 +0000] "GET /.git/config HTTP/1.1" 200 - "-" "python-requests/2.28.2"
103.117.57.229 - - [12/Apr/2023:21:02:27 +0000] "GET /frontend_dev.php/$ HTTP/1.1" 200 - "-" "Mozilla/5.0 (Macintosh; Intel Mac OS X 10.15; rv:77.0) Gecko/20100101 Firefox/77.0"
103.117.57.229 - - [12/Apr/2023:21:02:28 +0000] "GET /debug/default/view?panel=config HTTP/1.1" 200 - "-" "Mozilla/5.0 (Macintosh; Intel Mac OS X 10.15; rv:77.0) Gecko/20100101 Firefox/77.0"
103.117.57.229 - - [12/Apr/2023:21:02:29 +0000] "GET /config.json HTTP/1.1" 200 - "-" "Mozilla/5.0 (Macintosh; Intel Mac OS X 10.15; rv:77.0) Gecko/20100101 Firefox/77.0"
103.117.57.229 - - [12/Apr/2023:21:02:29 +0000] "GET /.json HTTP/1.1" 200 - "-" "Mozilla/5.0 (Macintosh; Intel Mac OS X 10.15; rv:77.0) Gecko/20100101 Firefox/77.0"
192.155.90.220 - - [12/Apr/2023:21:07:27 +0000] "\x16\x03\x01" 400 226 "-" "-"
43.154.128.189 - - [12/Apr/2023:21:14:52 +0000] "HEAD /Core/Skin/Login.aspx HTTP/1.1" 200 - "-" "Mozilla/5.0 (Windows NT 10.0; Win64; x64) AppleWebKit/537.36 (KHTML, like Gecko) Chrome/106.0.0.0 Safari/537.36"
135.125.246.110 - - [12/Apr/2023:21:17:44 +0000] "POST / HTTP/1.1" 405 409712 "-" "Mozilla/5.0 (X11; Linux x86_64) AppleWebKit/537.36 (KHTML, like Gecko) Chrome/81.0.4044.129 Safari/537.36"
94.102.61.10 - - [12/Apr/2023:21:23:34 +0000] "GET / HTTP/1.1" 200 8381 "-" "Mozilla/5.0 (Windows NT 10.0; Win64; x64) AppleWebKit/537.36 (KHTML, like Gecko) Chrome/88.0.4324.190 Safari/537.36"
193.32.162.159 - - [12/Apr/2023:21:39:10 +0000] "GET / HTTP/1.1" 200 8384 "-" "Mozilla/5.0 (Windows NT 10.0; Win64; x64) AppleWebKit/537.36 (KHTML, like Gecko) Chrome/90.0.4430.85 Safari/537.36 Edg/90.0.818.46"
45.8.22.79 - - [12/Apr/2023:21:39:39 +0000] "GET /.env HTTP/1.1" 200 - "-" "python-requests/2.28.2"
45.8.22.79 - - [12/Apr/2023:21:39:56 +0000] "POST / HTTP/1.1" 405 409519 "-" "python-requests/2.28.2"
185.254.196.173 - - [12/Apr/2023:21:40:28 +0000] "GET /.env HTTP/1.1" 200 - "-" "Mozilla/5.0 (X11; Linux x86_64) AppleWebKit/537.36 (KHTML, like Gecko) Chrome/81.0.4044.129 Safari/537.36"
185.254.196.173 - - [12/Apr/2023:21:40:29 +0000] "POST / HTTP/1.1" 405 409700 "-" "Mozilla/5.0 (X11; Linux x86_64) AppleWebKit/537.36 (KHTML, like Gecko) Chrome/81.0.4044.129 Safari/537.36"
94.102.61.10 - - [12/Apr/2023:22:07:28 +0000] "GET /assets/img/apple-touch-icon.png HTTP/1.1" 200 - "-" "python-requests/2.26.0"
94.102.61.10 - - [12/Apr/2023:22:07:29 +0000] "GET /assets/front/base/images/favicon/16_16/favicon.png HTTP/1.1" 200 3098 "-" "python-requests/2.26.0"
94.102.61.10 - - [12/Apr/2023:22:07:29 +0000] "GET / HTTP/1.1" 200 8383 "-" "python-requests/2.26.0"
94.102.61.10 - - [12/Apr/2023:22:15:26 +0000] "GET /assets/img/apple-touch-icon.png HTTP/1.1" 200 - "-" "python-requests/2.26.0"
94.102.61.10 - - [12/Apr/2023:22:15:26 +0000] "GET /assets/front/base/images/favicon/16_16/favicon.png HTTP/1.1" 200 3098 "-" "python-requests/2.26.0"
94.102.61.10 - - [12/Apr/2023:22:15:26 +0000] "GET / HTTP/1.1" 200 8384 "-" "python-requests/2.26.0"
201.208.148.202 - - [12/Apr/2023:22:24:11 +0000] "GET / HTTP/1.1" 200 41226 "-" "Mozilla/5.0 (Windows NT 6.1; WOW64) AppleWebKit/537.36 (KHTML, like Gecko) Chrome/52.0.2743.116 Safari/537.36"
20.234.111.129 - - [12/Apr/2023:22:30:28 +0000] "GET /_profiler/phpinfo HTTP/1.1" 200 - "-" "Mozilla/5.0 (X11; Linux x86_64) AppleWebKit/537.36 (KHTML, like Gecko) Chrome/81.0.4044.129 Safari/537.36"
20.234.111.129 - - [12/Apr/2023:22:30:28 +0000] "POST / HTTP/1.1" 405 408793 "-" "Mozilla/5.0 (X11; Linux x86_64) AppleWebKit/537.36 (KHTML, like Gecko) Chrome/81.0.4044.129 Safari/537.36"
20.234.111.129 - - [12/Apr/2023:22:30:29 +0000] "POST /debug/default/view?panel=config HTTP/1.1" 405 413126 "-" "Mozilla/5.0 (X11; Linux x86_64) AppleWebKit/537.36 (KHTML, like Gecko) Chrome/81.0.4044.129 Safari/537.36"
20.234.111.129 - - [12/Apr/2023:22:30:31 +0000] "POST /tool/view/phpinfo.view.php HTTP/1.1" 405 412353 "-" "Mozilla/5.0 (X11; Linux x86_64) AppleWebKit/537.36 (KHTML, like Gecko) Chrome/81.0.4044.129 Safari/537.36"
20.234.111.129 - - [12/Apr/2023:22:30:32 +0000] "POST /wp-config.php-backup HTTP/1.1" 405 412063 "-" "Mozilla/5.0 (X11; Linux x86_64) AppleWebKit/537.36 (KHTML, like Gecko) Chrome/81.0.4044.129 Safari/537.36"
20.234.111.129 - - [12/Apr/2023:22:30:34 +0000] "POST /%C0 HTTP/1.1" 404 1007 "-" "Mozilla/5.0 (X11; Linux x86_64) AppleWebKit/537.36 (KHTML, like Gecko) Chrome/81.0.4044.129 Safari/537.36"
20.234.111.129 - - [12/Apr/2023:22:30:34 +0000] "POST /debug/default/view.html HTTP/1.1" 405 412203 "-" "Mozilla/5.0 (X11; Linux x86_64) AppleWebKit/537.36 (KHTML, like Gecko) Chrome/81.0.4044.129 Safari/537.36"
20.234.111.129 - - [12/Apr/2023:22:30:36 +0000] "POST /debug/default/view HTTP/1.1" 405 411935 "-" "Mozilla/5.0 (X11; Linux x86_64) AppleWebKit/537.36 (KHTML, like Gecko) Chrome/81.0.4044.129 Safari/537.36"
20.234.111.129 - - [12/Apr/2023:22:30:37 +0000] "POST /frontend/web/debug/default/view HTTP/1.1" 405 412633 "-" "Mozilla/5.0 (X11; Linux x86_64) AppleWebKit/537.36 (KHTML, like Gecko) Chrome/81.0.4044.129 Safari/537.36"
20.234.111.129 - - [12/Apr/2023:22:30:39 +0000] "POST /web/debug/default/view HTTP/1.1" 405 412145 "-" "Mozilla/5.0 (X11; Linux x86_64) AppleWebKit/537.36 (KHTML, like Gecko) Chrome/81.0.4044.129 Safari/537.36"
20.234.111.129 - - [12/Apr/2023:22:30:41 +0000] "POST /sapi/debug/default/view HTTP/1.1" 405 412213 "-" "Mozilla/5.0 (X11; Linux x86_64) AppleWebKit/537.36 (KHTML, like Gecko) Chrome/81.0.4044.129 Safari/537.36"
20.234.111.129 - - [12/Apr/2023:22:30:42 +0000] "POST /debug/default/view?panel=config HTTP/1.1" 405 413106 "-" "Mozilla/5.0 (X11; Linux x86_64) AppleWebKit/537.36 (KHTML, like Gecko) Chrome/81.0.4044.129 Safari/537.36"
43.154.128.189 - - [12/Apr/2023:22:33:57 +0000] "HEAD /Core/Skin/Login.aspx HTTP/1.1" 200 - "-" "Mozilla/5.0 (Windows NT 10.0; Win64; x64) AppleWebKit/537.36 (KHTML, like Gecko) Chrome/106.0.0.0 Safari/537.36"
193.32.162.159 - - [12/Apr/2023:23:07:31 +0000] "GET / HTTP/1.1" 200 8381 "-" "Mozilla/5.0 (Windows NT 10.0; Win64; x64) AppleWebKit/537.36 (KHTML, like Gecko) Chrome/90.0.4430.85 Safari/537.36 Edg/90.0.818.46"
135.125.246.110 - - [12/Apr/2023:23:20:22 +0000] "POST / HTTP/1.1" 405 409736 "-" "Mozilla/5.0 (X11; Linux x86_64) AppleWebKit/537.36 (KHTML, like Gecko) Chrome/81.0.4044.129 Safari/537.36"
43.154.128.189 - - [12/Apr/2023:23:52:57 +0000] "HEAD /Core/Skin/Login.aspx HTTP/1.1" 200 - "-" "Mozilla/5.0 (Windows NT 10.0; Win64; x64) AppleWebKit/537.36 (KHTML, like Gecko) Chrome/106.0.0.0 Safari/537.36"
172.104.11.34 - - [13/Apr/2023:00:13:50 +0000] "\x16\x03\x01" 400 226 "-" "-"
172.105.128.13 - - [13/Apr/2023:00:55:45 +0000] "\x16\x03\x01" 400 226 "-" "-"
135.125.246.110 - - [13/Apr/2023:00:57:04 +0000] "POST / HTTP/1.1" 405 409720 "-" "Mozilla/5.0 (X11; Linux x86_64) AppleWebKit/537.36 (KHTML, like Gecko) Chrome/81.0.4044.129 Safari/537.36"
192.241.239.29 - - [13/Apr/2023:01:00:28 +0000] "MGLNDD_13.244.159.169_80\n" 400 226 "-" "-"
43.154.128.189 - - [13/Apr/2023:01:12:28 +0000] "HEAD /Core/Skin/Login.aspx HTTP/1.1" 200 - "-" "Mozilla/5.0 (Windows NT 10.0; Win64; x64) AppleWebKit/537.36 (KHTML, like Gecko) Chrome/106.0.0.0 Safari/537.36"
::1 - - [13/Apr/2023:01:24:40 +0000] "OPTIONS * HTTP/1.0" 200 - "-" "Apache/2.4.6 (CentOS) OpenSSL/1.0.2k-fips (internal dummy connection)"
::1 - - [13/Apr/2023:01:24:43 +0000] "OPTIONS * HTTP/1.0" 200 - "-" "Apache/2.4.6 (CentOS) OpenSSL/1.0.2k-fips (internal dummy connection)"
::1 - - [13/Apr/2023:01:24:46 +0000] "OPTIONS * HTTP/1.0" 200 - "-" "Apache/2.4.6 (CentOS) OpenSSL/1.0.2k-fips (internal dummy connection)"
::1 - - [13/Apr/2023:01:24:52 +0000] "OPTIONS * HTTP/1.0" 200 - "-" "Apache/2.4.6 (CentOS) OpenSSL/1.0.2k-fips (internal dummy connection)"
::1 - - [13/Apr/2023:01:24:53 +0000] "OPTIONS * HTTP/1.0" 200 - "-" "Apache/2.4.6 (CentOS) OpenSSL/1.0.2k-fips (internal dummy connection)"
::1 - - [13/Apr/2023:01:24:54 +0000] "OPTIONS * HTTP/1.0" 200 - "-" "Apache/2.4.6 (CentOS) OpenSSL/1.0.2k-fips (internal dummy connection)"
::1 - - [13/Apr/2023:01:24:55 +0000] "OPTIONS * HTTP/1.0" 200 - "-" "Apache/2.4.6 (CentOS) OpenSSL/1.0.2k-fips (internal dummy connection)"
::1 - - [13/Apr/2023:01:24:56 +0000] "OPTIONS * HTTP/1.0" 200 - "-" "Apache/2.4.6 (CentOS) OpenSSL/1.0.2k-fips (internal dummy connection)"
::1 - - [13/Apr/2023:01:24:57 +0000] "OPTIONS * HTTP/1.0" 200 - "-" "Apache/2.4.6 (CentOS) OpenSSL/1.0.2k-fips (internal dummy connection)"
::1 - - [13/Apr/2023:01:24:58 +0000] "OPTIONS * HTTP/1.0" 200 - "-" "Apache/2.4.6 (CentOS) OpenSSL/1.0.2k-fips (internal dummy connection)"
::1 - - [13/Apr/2023:01:24:59 +0000] "OPTIONS * HTTP/1.0" 200 - "-" "Apache/2.4.6 (CentOS) OpenSSL/1.0.2k-fips (internal dummy connection)"
::1 - - [13/Apr/2023:01:25:00 +0000] "OPTIONS * HTTP/1.0" 200 - "-" "Apache/2.4.6 (CentOS) OpenSSL/1.0.2k-fips (internal dummy connection)"
::1 - - [13/Apr/2023:01:25:01 +0000] "OPTIONS * HTTP/1.0" 200 - "-" "Apache/2.4.6 (CentOS) OpenSSL/1.0.2k-fips (internal dummy connection)"
::1 - - [13/Apr/2023:01:25:02 +0000] "OPTIONS * HTTP/1.0" 200 - "-" "Apache/2.4.6 (CentOS) OpenSSL/1.0.2k-fips (internal dummy connection)"
::1 - - [13/Apr/2023:01:25:03 +0000] "OPTIONS * HTTP/1.0" 200 - "-" "Apache/2.4.6 (CentOS) OpenSSL/1.0.2k-fips (internal dummy connection)"
198.235.24.27 - - [13/Apr/2023:01:44:52 +0000] "\x16\x03\x01" 400 226 "-" "-"
216.218.206.69 - - [13/Apr/2023:02:18:16 +0000] "GET / HTTP/1.1" 200 8382 "-" "Mozilla/5.0 (Windows NT 10.0; Win64; x64) AppleWebKit/537.36 (KHTML, like Gecko) Chrome/110.0.0.0 Safari/537.36 Edg/110.0.1587.50"
216.218.206.69 - - [13/Apr/2023:02:20:58 +0000] "GET /favicon.ico HTTP/1.1" 200 3098 "-" "Mozilla/5.0 (Windows NT 10.0; Win64; x64) AppleWebKit/537.36 (KHTML, like Gecko) Chrome/109.0.0.0 Safari/537.36 Edg/109.0.1518.78"
193.32.162.159 - - [13/Apr/2023:02:21:03 +0000] "GET / HTTP/1.1" 200 8384 "-" "Mozilla/5.0 (Windows NT 10.0; Win64; x64) AppleWebKit/537.36 (KHTML, like Gecko) Chrome/90.0.4430.85 Safari/537.36 Edg/90.0.818.46"
216.218.206.69 - - [13/Apr/2023:02:21:38 +0000] "GET /geoserver/web/ HTTP/1.1" 301 243 "-" "Mozilla/5.0 (Windows NT 10.0; Win64; x64) AppleWebKit/537.36 (KHTML, like Gecko) Chrome/110.0.0.0 Safari/537.36 Edg/110.0.1587.50"
193.35.18.12 - - [13/Apr/2023:02:25:22 +0000] "GET http://ip-api.com/json/13.244.159.169 HTTP/1.1" 200 - "-" "Go-http-client/1.1"
43.154.128.189 - - [13/Apr/2023:02:32:23 +0000] "HEAD /Core/Skin/Login.aspx HTTP/1.1" 200 - "-" "Mozilla/5.0 (Windows NT 10.0; Win64; x64) AppleWebKit/537.36 (KHTML, like Gecko) Chrome/106.0.0.0 Safari/537.36"
172.104.11.51 - - [13/Apr/2023:02:57:19 +0000] "\x16\x03\x01" 400 226 "-" "-"
135.125.246.110 - - [13/Apr/2023:03:00:08 +0000] "POST / HTTP/1.1" 405 409726 "-" "Mozilla/5.0 (X11; Linux x86_64) AppleWebKit/537.36 (KHTML, like Gecko) Chrome/81.0.4044.129 Safari/537.36"
193.32.162.159 - - [13/Apr/2023:03:01:36 +0000] "GET / HTTP/1.1" 200 8384 "-" "Mozilla/5.0 (Windows NT 10.0; Win64; x64) AppleWebKit/537.36 (KHTML, like Gecko) Chrome/90.0.4430.85 Safari/537.36 Edg/90.0.818.46"
109.237.98.226 - - [13/Apr/2023:03:05:15 +0000] "\x16\x03\x01\x01H\x01" 400 226 "-" "-"
109.237.98.226 - - [13/Apr/2023:03:05:15 +0000] "GET /.env HTTP/1.1" 200 - "-" "Mozilla/5.0 (X11; Linux x86_64) AppleWebKit/537.36 (KHTML, like Gecko) Chrome/81.0.4044.129 Safari/537.36"
109.237.98.226 - - [13/Apr/2023:03:05:16 +0000] "POST /.env HTTP/1.1" 405 411997 "-" "Mozilla/5.0 (X11; Linux x86_64) AppleWebKit/537.36 (KHTML, like Gecko) Chrome/81.0.4044.129 Safari/537.36"
20.169.207.246 - - [13/Apr/2023:03:22:33 +0000] "GET //.env HTTP/1.1" 200 - "-" "Go-http-client/1.1"
43.154.128.189 - - [13/Apr/2023:03:51:44 +0000] "HEAD /Core/Skin/Login.aspx HTTP/1.1" 200 - "-" "Mozilla/5.0 (Windows NT 10.0; Win64; x64) AppleWebKit/537.36 (KHTML, like Gecko) Chrome/106.0.0.0 Safari/537.36"
52.25.14.4 - - [13/Apr/2023:03:53:37 +0000] "POST / HTTP/1.1" 405 409647 "-" "Mozilla/5.0 (Macintosh;                 Intel Mac OS X 10_10_1) AppleWebKit/537.36 (KHTML,                 like Gecko) Chrome/39.0.2171.95 Safari/537.36"
52.25.14.4 - - [13/Apr/2023:03:53:42 +0000] "GET /vendor/phpunit/phpunit/src/Util/PHP/eval-stdin.php HTTP/1.1" 200 - "-" "Mozilla/5.0 (Macintosh;                 Intel Mac OS X 10_10_1) AppleWebKit/537.36 (KHTML,                 like Gecko) Chrome/39.0.2171.95 Safari/537.36"
51.89.199.108 - - [13/Apr/2023:04:54:48 +0000] "GET /.env HTTP/1.1" 200 - "-" "Mozilla/5.0 (X11; Linux x86_64) AppleWebKit/537.36 (KHTML, like Gecko) Chrome/81.0.4044.129 Safari/537.36"
51.89.199.108 - - [13/Apr/2023:04:54:49 +0000] "POST / HTTP/1.1" 405 409688 "-" "Mozilla/5.0 (X11; Linux x86_64) AppleWebKit/537.36 (KHTML, like Gecko) Chrome/81.0.4044.129 Safari/537.36"
172.104.11.46 - - [13/Apr/2023:04:55:15 +0000] "\x16\x03\x01" 400 226 "-" "-"
43.154.128.189 - - [13/Apr/2023:05:10:19 +0000] "HEAD /Core/Skin/Login.aspx HTTP/1.1" 200 - "-" "Mozilla/5.0 (Windows NT 10.0; Win64; x64) AppleWebKit/537.36 (KHTML, like Gecko) Chrome/106.0.0.0 Safari/537.36"
31.214.191.149 - - [13/Apr/2023:05:11:35 +0000] "GET / HTTP/1.1" 200 41226 "-" "Mozilla/5.0 (Windows NT 6.1; WOW64) AppleWebKit/537.36 (KHTML, like Gecko) Chrome/52.0.2743.116 Safari/537.36"
135.125.246.110 - - [13/Apr/2023:05:53:59 +0000] "POST / HTTP/1.1" 405 409716 "-" "Mozilla/5.0 (X11; Linux x86_64) AppleWebKit/537.36 (KHTML, like Gecko) Chrome/81.0.4044.129 Safari/537.36"
86.104.10.16 - - [13/Apr/2023:05:55:55 +0000] "POST /cgi-bin/php/%63%67%69%6E/%70%68%70?%2D%64+%61%6C%75%6F%6E+%2D%64+%6D%6F%64+%2D%64+%73%75%68%6F%6E%3D%6F%6E+%2D%64+%75%6E%63%74%73%3D%22%22+%2D%64+%64%6E%65+%2D%64+%61%75%74%6F%5F%70%72%%74+%2D%64+%63%67%69%2E%66%6F%72%63%65%5F%72%65%64%69%72%65%63%74%3D%30+%2D%64+%74%5F%3D%30+%2D%64+%75%74+%2D%6E HTTP/1.1" 404 218 "-" "-"
135.125.217.54 - - [13/Apr/2023:06:13:56 +0000] "GET /.env HTTP/1.1" 200 - "-" "Mozilla/5.0 (X11; Linux x86_64) AppleWebKit/537.36 (KHTML, like Gecko) Chrome/81.0.4044.129 Safari/537.36"
135.125.217.54 - - [13/Apr/2023:06:13:56 +0000] "POST / HTTP/1.1" 405 409737 "-" "Mozilla/5.0 (X11; Linux x86_64) AppleWebKit/537.36 (KHTML, like Gecko) Chrome/81.0.4044.129 Safari/537.36"
43.154.128.189 - - [13/Apr/2023:06:28:56 +0000] "HEAD /Core/Skin/Login.aspx HTTP/1.1" 200 - "-" "Mozilla/5.0 (Windows NT 10.0; Win64; x64) AppleWebKit/537.36 (KHTML, like Gecko) Chrome/106.0.0.0 Safari/537.36"
185.254.196.173 - - [13/Apr/2023:06:39:13 +0000] "GET /.env HTTP/1.1" 200 - "-" "Mozilla/5.0 (X11; Linux x86_64) AppleWebKit/537.36 (KHTML, like Gecko) Chrome/81.0.4044.129 Safari/537.36"
185.254.196.173 - - [13/Apr/2023:06:39:15 +0000] "POST / HTTP/1.1" 405 409726 "-" "Mozilla/5.0 (X11; Linux x86_64) AppleWebKit/537.36 (KHTML, like Gecko) Chrome/81.0.4044.129 Safari/537.36"
45.79.172.21 - - [13/Apr/2023:07:09:36 +0000] "\x16\x03\x01" 400 226 "-" "-"
191.103.251.153 - - [13/Apr/2023:07:32:44 +0000] "GET / HTTP/1.1" 200 41226 "-" "Mozilla/5.0 (Windows NT 6.1; WOW64) AppleWebKit/537.36 (KHTML, like Gecko) Chrome/52.0.2743.116 Safari/537.36"
43.154.128.189 - - [13/Apr/2023:07:47:43 +0000] "HEAD /Core/Skin/Login.aspx HTTP/1.1" 200 - "-" "Mozilla/5.0 (Windows NT 10.0; Win64; x64) AppleWebKit/537.36 (KHTML, like Gecko) Chrome/106.0.0.0 Safari/537.36"
192.241.223.29 - - [13/Apr/2023:08:03:51 +0000] "GET / HTTP/1.1" 200 8378 "-" "Mozilla/5.0 zgrab/0.x"
179.43.177.242 - - [13/Apr/2023:08:20:54 +0000] "GET / HTTP/1.1" 200 41226 "-" "Hello World"
185.254.196.173 - - [13/Apr/2023:08:23:32 +0000] "GET /.env HTTP/1.1" 200 - "-" "Mozilla/5.0 (X11; Linux x86_64) AppleWebKit/537.36 (KHTML, like Gecko) Chrome/81.0.4044.129 Safari/537.36"
185.254.196.173 - - [13/Apr/2023:08:23:35 +0000] "POST / HTTP/1.1" 405 409726 "-" "Mozilla/5.0 (X11; Linux x86_64) AppleWebKit/537.36 (KHTML, like Gecko) Chrome/81.0.4044.129 Safari/537.36"
135.125.217.54 - - [13/Apr/2023:08:36:21 +0000] "GET /.env HTTP/1.1" 200 - "-" "Mozilla/5.0 (X11; Linux x86_64) AppleWebKit/537.36 (KHTML, like Gecko) Chrome/81.0.4044.129 Safari/537.36"
135.125.217.54 - - [13/Apr/2023:08:36:21 +0000] "POST / HTTP/1.1" 405 409713 "-" "Mozilla/5.0 (X11; Linux x86_64) AppleWebKit/537.36 (KHTML, like Gecko) Chrome/81.0.4044.129 Safari/537.36"
43.154.128.189 - - [13/Apr/2023:09:06:29 +0000] "HEAD /Core/Skin/Login.aspx HTTP/1.1" 200 - "-" "Mozilla/5.0 (Windows NT 10.0; Win64; x64) AppleWebKit/537.36 (KHTML, like Gecko) Chrome/106.0.0.0 Safari/537.36"
5.152.238.1 - - [13/Apr/2023:09:10:22 +0000] "GET / HTTP/1.1" 200 41226 "-" "Mozilla/5.0 (Windows NT 6.1; WOW64) AppleWebKit/537.36 (KHTML, like Gecko) Chrome/52.0.2743.116 Safari/537.36"
135.125.217.54 - - [13/Apr/2023:09:34:32 +0000] "GET /.env HTTP/1.1" 200 - "-" "Mozilla/5.0 (X11; Linux x86_64) AppleWebKit/537.36 (KHTML, like Gecko) Chrome/81.0.4044.129 Safari/537.36"
135.125.217.54 - - [13/Apr/2023:09:34:32 +0000] "POST / HTTP/1.1" 405 409729 "-" "Mozilla/5.0 (X11; Linux x86_64) AppleWebKit/537.36 (KHTML, like Gecko) Chrome/81.0.4044.129 Safari/537.36"
43.154.128.189 - - [13/Apr/2023:10:25:42 +0000] "HEAD /Core/Skin/Login.aspx HTTP/1.1" 200 - "-" "Mozilla/5.0 (Windows NT 10.0; Win64; x64) AppleWebKit/537.36 (KHTML, like Gecko) Chrome/106.0.0.0 Safari/537.36"
193.35.18.251 - - [13/Apr/2023:10:48:12 +0000] "POST /boaform/admin/formLogin HTTP/1.1" 405 423595 "http://13.244.159.169:80/admin/login.asp" "Mozilla/5.0 (X11; Ubuntu; Linux x86_64; rv:71.0) Gecko/20100101 Firefox/71.0"
172.105.128.11 - - [13/Apr/2023:11:05:14 +0000] "\x16\x03\x01" 400 226 "-" "-"
193.32.162.159 - - [13/Apr/2023:11:07:14 +0000] "GET / HTTP/1.1" 200 8385 "-" "Mozilla/5.0 (Windows NT 10.0; Win64; x64) AppleWebKit/537.36 (KHTML, like Gecko) Chrome/90.0.4430.85 Safari/537.36 Edg/90.0.818.46"
3.128.190.155 - - [13/Apr/2023:11:33:46 +0000] "GET /.git/config HTTP/1.1" 200 - "-" "python-requests/2.25.1"
43.154.128.189 - - [13/Apr/2023:11:45:48 +0000] "HEAD /Core/Skin/Login.aspx HTTP/1.1" 200 - "-" "Mozilla/5.0 (Windows NT 10.0; Win64; x64) AppleWebKit/537.36 (KHTML, like Gecko) Chrome/106.0.0.0 Safari/537.36"
167.248.133.52 - - [13/Apr/2023:11:47:53 +0000] "GET / HTTP/1.1" 200 41226 "-" "-"
167.248.133.52 - - [13/Apr/2023:11:47:54 +0000] "GET / HTTP/1.1" 200 8383 "-" "Mozilla/5.0 (compatible; CensysInspect/1.1; +https://about.censys.io/)"
167.248.133.52 - - [13/Apr/2023:11:47:55 +0000] "PRI * HTTP/2.0" 400 226 "-" "-"
167.248.133.52 - - [13/Apr/2023:11:47:55 +0000] "GET /assets/front/base/images/favicon/16_16/favicon.png HTTP/1.1" 200 3098 "-" "Mozilla/5.0 (compatible; CensysInspect/1.1; +https://about.censys.io/)"
167.248.133.52 - - [13/Apr/2023:11:47:56 +0000] "GET /assets/img/apple-touch-icon.png HTTP/1.1" 200 - "-" "Mozilla/5.0 (compatible; CensysInspect/1.1; +https://about.censys.io/)"
167.248.133.52 - - [13/Apr/2023:11:47:56 +0000] "GET /favicon.ico HTTP/1.1" 200 3098 "-" "Mozilla/5.0 (compatible; CensysInspect/1.1; +https://about.censys.io/)"
135.125.217.54 - - [13/Apr/2023:11:54:42 +0000] "GET /.env HTTP/1.1" 200 - "-" "Mozilla/5.0 (X11; Linux x86_64) AppleWebKit/537.36 (KHTML, like Gecko) Chrome/81.0.4044.129 Safari/537.36"
135.125.217.54 - - [13/Apr/2023:11:54:42 +0000] "POST / HTTP/1.1" 405 409711 "-" "Mozilla/5.0 (X11; Linux x86_64) AppleWebKit/537.36 (KHTML, like Gecko) Chrome/81.0.4044.129 Safari/537.36"
67.21.36.5 - - [13/Apr/2023:12:15:10 +0000] "\x05\xe3" 400 226 "-" "-"
35.205.195.201 - - [13/Apr/2023:12:35:18 +0000] "GET / HTTP/1.1" 200 8381 "-" "python-requests/2.28.2"
135.125.217.54 - - [13/Apr/2023:12:37:13 +0000] "GET /.env HTTP/1.1" 200 - "-" "Mozilla/5.0 (X11; Linux x86_64) AppleWebKit/537.36 (KHTML, like Gecko) Chrome/81.0.4044.129 Safari/537.36"
135.125.217.54 - - [13/Apr/2023:12:37:14 +0000] "POST / HTTP/1.1" 405 409715 "-" "Mozilla/5.0 (X11; Linux x86_64) AppleWebKit/537.36 (KHTML, like Gecko) Chrome/81.0.4044.129 Safari/537.36"
82.194.7.0 - - [13/Apr/2023:12:58:48 +0000] "GET / HTTP/1.1" 200 41226 "-" "Mozilla/5.0 (Windows NT 6.1; WOW64) AppleWebKit/537.36 (KHTML, like Gecko) Chrome/52.0.2743.116 Safari/537.36"
43.154.128.189 - - [13/Apr/2023:13:06:39 +0000] "HEAD /Core/Skin/Login.aspx HTTP/1.1" 200 - "-" "Mozilla/5.0 (Windows NT 10.0; Win64; x64) AppleWebKit/537.36 (KHTML, like Gecko) Chrome/106.0.0.0 Safari/537.36"
165.227.0.21 - - [13/Apr/2023:13:37:07 +0000] "GET / HTTP/1.0" 200 41226 "-" "Mozilla/5.0 (X11; Linux x86_64; rv:98.0) Gecko/20100101 Firefox/98.0"
135.125.217.54 - - [13/Apr/2023:13:49:40 +0000] "GET /.env HTTP/1.1" 200 - "-" "Mozilla/5.0 (X11; Linux x86_64) AppleWebKit/537.36 (KHTML, like Gecko) Chrome/81.0.4044.129 Safari/537.36"
135.125.217.54 - - [13/Apr/2023:13:49:41 +0000] "POST / HTTP/1.1" 405 409731 "-" "Mozilla/5.0 (X11; Linux x86_64) AppleWebKit/537.36 (KHTML, like Gecko) Chrome/81.0.4044.129 Safari/537.36"
87.246.7.90 - - [13/Apr/2023:14:18:58 +0000] "GET / HTTP/1.0" 200 41068 "-" "masscan/1.3 (https://github.com/robertdavidgraham/masscan)"
43.154.128.189 - - [13/Apr/2023:14:29:07 +0000] "HEAD /Core/Skin/Login.aspx HTTP/1.1" 200 - "-" "Mozilla/5.0 (Windows NT 10.0; Win64; x64) AppleWebKit/537.36 (KHTML, like Gecko) Chrome/106.0.0.0 Safari/537.36"
178.128.161.207 - - [13/Apr/2023:14:33:11 +0000] "\x16\x03\x01\x01\xfd\x01" 400 226 "-" "-"
20.234.111.129 - - [13/Apr/2023:14:50:25 +0000] "GET /_profiler/phpinfo HTTP/1.1" 200 - "-" "Mozilla/5.0 (X11; Linux x86_64) AppleWebKit/537.36 (KHTML, like Gecko) Chrome/81.0.4044.129 Safari/537.36"
20.234.111.129 - - [13/Apr/2023:14:50:26 +0000] "POST / HTTP/1.1" 405 408795 "-" "Mozilla/5.0 (X11; Linux x86_64) AppleWebKit/537.36 (KHTML, like Gecko) Chrome/81.0.4044.129 Safari/537.36"
20.234.111.129 - - [13/Apr/2023:14:50:28 +0000] "POST /debug/default/view?panel=config HTTP/1.1" 405 413158 "-" "Mozilla/5.0 (X11; Linux x86_64) AppleWebKit/537.36 (KHTML, like Gecko) Chrome/81.0.4044.129 Safari/537.36"
20.234.111.129 - - [13/Apr/2023:14:50:29 +0000] "POST /tool/view/phpinfo.view.php HTTP/1.1" 405 412353 "-" "Mozilla/5.0 (X11; Linux x86_64) AppleWebKit/537.36 (KHTML, like Gecko) Chrome/81.0.4044.129 Safari/537.36"
20.234.111.129 - - [13/Apr/2023:14:50:30 +0000] "POST /wp-config.php-backup HTTP/1.1" 405 412021 "-" "Mozilla/5.0 (X11; Linux x86_64) AppleWebKit/537.36 (KHTML, like Gecko) Chrome/81.0.4044.129 Safari/537.36"
20.234.111.129 - - [13/Apr/2023:14:50:32 +0000] "POST /%C0 HTTP/1.1" 404 1007 "-" "Mozilla/5.0 (X11; Linux x86_64) AppleWebKit/537.36 (KHTML, like Gecko) Chrome/81.0.4044.129 Safari/537.36"
20.234.111.129 - - [13/Apr/2023:14:50:32 +0000] "POST /debug/default/view.html HTTP/1.1" 405 412175 "-" "Mozilla/5.0 (X11; Linux x86_64) AppleWebKit/537.36 (KHTML, like Gecko) Chrome/81.0.4044.129 Safari/537.36"
20.234.111.129 - - [13/Apr/2023:14:50:34 +0000] "POST /debug/default/view HTTP/1.1" 405 411915 "-" "Mozilla/5.0 (X11; Linux x86_64) AppleWebKit/537.36 (KHTML, like Gecko) Chrome/81.0.4044.129 Safari/537.36"
20.234.111.129 - - [13/Apr/2023:14:50:35 +0000] "POST /frontend/web/debug/default/view HTTP/1.1" 405 412629 "-" "Mozilla/5.0 (X11; Linux x86_64) AppleWebKit/537.36 (KHTML, like Gecko) Chrome/81.0.4044.129 Safari/537.36"
20.234.111.129 - - [13/Apr/2023:14:50:37 +0000] "POST /web/debug/default/view HTTP/1.1" 405 412139 "-" "Mozilla/5.0 (X11; Linux x86_64) AppleWebKit/537.36 (KHTML, like Gecko) Chrome/81.0.4044.129 Safari/537.36"
20.234.111.129 - - [13/Apr/2023:14:50:38 +0000] "POST /sapi/debug/default/view HTTP/1.1" 405 412183 "-" "Mozilla/5.0 (X11; Linux x86_64) AppleWebKit/537.36 (KHTML, like Gecko) Chrome/81.0.4044.129 Safari/537.36"
20.234.111.129 - - [13/Apr/2023:14:50:40 +0000] "POST /debug/default/view?panel=config HTTP/1.1" 405 413114 "-" "Mozilla/5.0 (X11; Linux x86_64) AppleWebKit/537.36 (KHTML, like Gecko) Chrome/81.0.4044.129 Safari/537.36"
35.178.201.127 - - [13/Apr/2023:15:03:09 +0000] "GET / HTTP/1.1" 200 8383 "-" "Mozilla/5.0 (Macintosh; U; Intel Mac OS X 10_6_8; en-us) AppleWebKit/534.50 (KHTML, like Gecko) Version/5.1 Safari/534.50"
45.79.181.223 - - [13/Apr/2023:15:20:35 +0000] "\x16\x03\x01" 400 226 "-" "-"
179.43.177.243 - - [13/Apr/2023:15:26:32 +0000] "GET / HTTP/1.1" 200 41226 "-" "Hello World"
104.211.220.126 - - [13/Apr/2023:15:31:52 +0000] "GET /.env HTTP/1.1" 200 - "-" "Mozilla/5.0 (Windows NT 6.1) AppleWebKit/537.36 (KHTML, like Gecko) Chrome/86.0.4240.183 Safari/537.36"
104.211.220.126 - - [13/Apr/2023:15:31:53 +0000] "GET /conf/.env HTTP/1.1" 200 - "-" "Mozilla/5.0 (Windows NT 6.1) AppleWebKit/537.36 (KHTML, like Gecko) Chrome/86.0.4240.183 Safari/537.36"
104.211.220.126 - - [13/Apr/2023:15:31:54 +0000] "GET /wp-content/.env HTTP/1.1" 200 - "-" "Mozilla/5.0 (Windows NT 6.1) AppleWebKit/537.36 (KHTML, like Gecko) Chrome/86.0.4240.183 Safari/537.36"
104.211.220.126 - - [13/Apr/2023:15:31:55 +0000] "GET /wp-admin/.env HTTP/1.1" 200 - "-" "Mozilla/5.0 (Windows NT 6.1) AppleWebKit/537.36 (KHTML, like Gecko) Chrome/86.0.4240.183 Safari/537.36"
104.211.220.126 - - [13/Apr/2023:15:31:56 +0000] "GET /library/.env HTTP/1.1" 200 - "-" "Mozilla/5.0 (Windows NT 6.1) AppleWebKit/537.36 (KHTML, like Gecko) Chrome/86.0.4240.183 Safari/537.36"
104.211.220.126 - - [13/Apr/2023:15:31:57 +0000] "GET /new/.env HTTP/1.1" 200 - "-" "Mozilla/5.0 (Windows NT 6.1) AppleWebKit/537.36 (KHTML, like Gecko) Chrome/86.0.4240.183 Safari/537.36"
104.211.220.126 - - [13/Apr/2023:15:31:58 +0000] "GET /vendor/.env HTTP/1.1" 200 - "-" "Mozilla/5.0 (Windows NT 6.1) AppleWebKit/537.36 (KHTML, like Gecko) Chrome/86.0.4240.183 Safari/537.36"
104.211.220.126 - - [13/Apr/2023:15:31:59 +0000] "GET /old/.env HTTP/1.1" 200 - "-" "Mozilla/5.0 (Windows NT 6.1) AppleWebKit/537.36 (KHTML, like Gecko) Chrome/86.0.4240.183 Safari/537.36"
104.211.220.126 - - [13/Apr/2023:15:32:00 +0000] "GET /local/.env HTTP/1.1" 200 - "-" "Mozilla/5.0 (Windows NT 6.1) AppleWebKit/537.36 (KHTML, like Gecko) Chrome/86.0.4240.183 Safari/537.36"
104.211.220.126 - - [13/Apr/2023:15:32:01 +0000] "GET /api/.env HTTP/1.1" 200 - "-" "Mozilla/5.0 (Windows NT 6.1) AppleWebKit/537.36 (KHTML, like Gecko) Chrome/86.0.4240.183 Safari/537.36"
104.211.220.126 - - [13/Apr/2023:15:32:02 +0000] "GET /blog/.env HTTP/1.1" 200 - "-" "Mozilla/5.0 (Windows NT 6.1) AppleWebKit/537.36 (KHTML, like Gecko) Chrome/86.0.4240.183 Safari/537.36"
104.211.220.126 - - [13/Apr/2023:15:32:03 +0000] "GET /crm/.env HTTP/1.1" 200 - "-" "Mozilla/5.0 (Windows NT 6.1) AppleWebKit/537.36 (KHTML, like Gecko) Chrome/86.0.4240.183 Safari/537.36"
104.211.220.126 - - [13/Apr/2023:15:32:04 +0000] "GET /admin/.env HTTP/1.1" 200 - "-" "Mozilla/5.0 (Windows NT 6.1) AppleWebKit/537.36 (KHTML, like Gecko) Chrome/86.0.4240.183 Safari/537.36"
104.211.220.126 - - [13/Apr/2023:15:32:05 +0000] "GET /laravel/.env HTTP/1.1" 200 - "-" "Mozilla/5.0 (Windows NT 6.1) AppleWebKit/537.36 (KHTML, like Gecko) Chrome/86.0.4240.183 Safari/537.36"
104.211.220.126 - - [13/Apr/2023:15:32:06 +0000] "GET /app/.env HTTP/1.1" 200 - "-" "Mozilla/5.0 (Windows NT 6.1) AppleWebKit/537.36 (KHTML, like Gecko) Chrome/86.0.4240.183 Safari/537.36"
104.211.220.126 - - [13/Apr/2023:15:32:07 +0000] "GET /app/config/.env HTTP/1.1" 200 - "-" "Mozilla/5.0 (Windows NT 6.1) AppleWebKit/537.36 (KHTML, like Gecko) Chrome/86.0.4240.183 Safari/537.36"
104.211.220.126 - - [13/Apr/2023:15:32:09 +0000] "GET /apps/.env HTTP/1.1" 200 - "-" "Mozilla/5.0 (Windows NT 6.1) AppleWebKit/537.36 (KHTML, like Gecko) Chrome/86.0.4240.183 Safari/537.36"
104.211.220.126 - - [13/Apr/2023:15:32:10 +0000] "GET /audio/.env HTTP/1.1" 200 - "-" "Mozilla/5.0 (Windows NT 6.1) AppleWebKit/537.36 (KHTML, like Gecko) Chrome/86.0.4240.183 Safari/537.36"
104.211.220.126 - - [13/Apr/2023:15:32:11 +0000] "GET /cgi-bin/.env HTTP/1.1" 404 210 "-" "Mozilla/5.0 (Windows NT 6.1) AppleWebKit/537.36 (KHTML, like Gecko) Chrome/86.0.4240.183 Safari/537.36"
104.211.220.126 - - [13/Apr/2023:15:32:12 +0000] "GET /backend/.env HTTP/1.1" 200 - "-" "Mozilla/5.0 (Windows NT 6.1) AppleWebKit/537.36 (KHTML, like Gecko) Chrome/86.0.4240.183 Safari/537.36"
104.211.220.126 - - [13/Apr/2023:15:32:13 +0000] "GET /src/.env HTTP/1.1" 200 - "-" "Mozilla/5.0 (Windows NT 6.1) AppleWebKit/537.36 (KHTML, like Gecko) Chrome/86.0.4240.183 Safari/537.36"
104.211.220.126 - - [13/Apr/2023:15:32:14 +0000] "GET /base/.env HTTP/1.1" 200 - "-" "Mozilla/5.0 (Windows NT 6.1) AppleWebKit/537.36 (KHTML, like Gecko) Chrome/86.0.4240.183 Safari/537.36"
104.211.220.126 - - [13/Apr/2023:15:32:15 +0000] "GET /core/.env HTTP/1.1" 200 - "-" "Mozilla/5.0 (Windows NT 6.1) AppleWebKit/537.36 (KHTML, like Gecko) Chrome/86.0.4240.183 Safari/537.36"
104.211.220.126 - - [13/Apr/2023:15:32:16 +0000] "GET /vendor/laravel/.env HTTP/1.1" 200 - "-" "Mozilla/5.0 (Windows NT 6.1) AppleWebKit/537.36 (KHTML, like Gecko) Chrome/86.0.4240.183 Safari/537.36"
104.211.220.126 - - [13/Apr/2023:15:32:17 +0000] "GET /storage/.env HTTP/1.1" 200 - "-" "Mozilla/5.0 (Windows NT 6.1) AppleWebKit/537.36 (KHTML, like Gecko) Chrome/86.0.4240.183 Safari/537.36"
104.211.220.126 - - [13/Apr/2023:15:32:18 +0000] "GET /protected/.env HTTP/1.1" 200 - "-" "Mozilla/5.0 (Windows NT 6.1) AppleWebKit/537.36 (KHTML, like Gecko) Chrome/86.0.4240.183 Safari/537.36"
104.211.220.126 - - [13/Apr/2023:15:32:19 +0000] "GET /newsite/.env HTTP/1.1" 200 - "-" "Mozilla/5.0 (Windows NT 6.1) AppleWebKit/537.36 (KHTML, like Gecko) Chrome/86.0.4240.183 Safari/537.36"
104.211.220.126 - - [13/Apr/2023:15:32:20 +0000] "GET /www/.env HTTP/1.1" 200 - "-" "Mozilla/5.0 (Windows NT 6.1) AppleWebKit/537.36 (KHTML, like Gecko) Chrome/86.0.4240.183 Safari/537.36"
104.211.220.126 - - [13/Apr/2023:15:32:21 +0000] "GET /sites/all/libraries/mailchimp/.env HTTP/1.1" 200 - "-" "Mozilla/5.0 (Windows NT 6.1) AppleWebKit/537.36 (KHTML, like Gecko) Chrome/86.0.4240.183 Safari/537.36"
104.211.220.126 - - [13/Apr/2023:15:32:22 +0000] "GET /database/.env HTTP/1.1" 200 - "-" "Mozilla/5.0 (Windows NT 6.1) AppleWebKit/537.36 (KHTML, like Gecko) Chrome/86.0.4240.183 Safari/537.36"
104.211.220.126 - - [13/Apr/2023:15:32:23 +0000] "GET /public/.env HTTP/1.1" 200 - "-" "Mozilla/5.0 (Windows NT 6.1) AppleWebKit/537.36 (KHTML, like Gecko) Chrome/86.0.4240.183 Safari/537.36"
104.211.220.126 - - [13/Apr/2023:15:32:24 +0000] "GET /ec2-13-244-159-169.af-south-1.compute.amazonaws.com/.env HTTP/1.1" 200 - "-" "Mozilla/5.0 (Windows NT 6.1) AppleWebKit/537.36 (KHTML, like Gecko) Chrome/86.0.4240.183 Safari/537.36"
104.211.220.126 - - [13/Apr/2023:15:32:25 +0000] "POST / HTTP/1.1" 405 409736 "-" "Mozilla/5.0 (Windows NT 6.1) AppleWebKit/537.36 (KHTML, like Gecko) Chrome/86.0.4240.183 Safari/537.36"
149.28.24.76 - - [13/Apr/2023:15:32:29 +0000] "GET / HTTP/1.1" 200 41226 "-" "curl/7.76.1"
149.28.24.76 - - [13/Apr/2023:15:32:31 +0000] "GET /public/ HTTP/1.1" 301 236 "-" "curl/7.76.1"
43.154.128.189 - - [13/Apr/2023:15:52:14 +0000] "HEAD /Core/Skin/Login.aspx HTTP/1.1" 200 - "-" "Mozilla/5.0 (Windows NT 10.0; Win64; x64) AppleWebKit/537.36 (KHTML, like Gecko) Chrome/106.0.0.0 Safari/537.36"
135.125.217.54 - - [13/Apr/2023:16:16:50 +0000] "GET /.env HTTP/1.1" 200 - "-" "Mozilla/5.0 (X11; Linux x86_64) AppleWebKit/537.36 (KHTML, like Gecko) Chrome/81.0.4044.129 Safari/537.36"
135.125.217.54 - - [13/Apr/2023:16:16:50 +0000] "POST / HTTP/1.1" 405 409769 "-" "Mozilla/5.0 (X11; Linux x86_64) AppleWebKit/537.36 (KHTML, like Gecko) Chrome/81.0.4044.129 Safari/537.36"
172.104.11.51 - - [13/Apr/2023:16:58:26 +0000] "\x16\x03\x01" 400 226 "-" "-"
135.125.217.54 - - [13/Apr/2023:17:05:53 +0000] "GET /.env HTTP/1.1" 200 - "-" "Mozilla/5.0 (X11; Linux x86_64) AppleWebKit/537.36 (KHTML, like Gecko) Chrome/81.0.4044.129 Safari/537.36"
135.125.217.54 - - [13/Apr/2023:17:05:54 +0000] "POST / HTTP/1.1" 405 409715 "-" "Mozilla/5.0 (X11; Linux x86_64) AppleWebKit/537.36 (KHTML, like Gecko) Chrome/81.0.4044.129 Safari/537.36"
37.235.230.122 - - [13/Apr/2023:17:11:39 +0000] "GET / HTTP/1.1" 200 41226 "-" "Mozilla/5.0 (Windows NT 6.1; WOW64) AppleWebKit/537.36 (KHTML, like Gecko) Chrome/52.0.2743.116 Safari/537.36"
43.154.128.189 - - [13/Apr/2023:17:13:28 +0000] "HEAD /Core/Skin/Login.aspx HTTP/1.1" 200 - "-" "Mozilla/5.0 (Windows NT 10.0; Win64; x64) AppleWebKit/537.36 (KHTML, like Gecko) Chrome/106.0.0.0 Safari/537.36"
143.110.244.0 - - [13/Apr/2023:18:25:05 +0000] "\x16\x03\x01" 400 226 "-" "-"
143.110.244.0 - - [13/Apr/2023:18:25:06 +0000] "\x16\x03\x01" 400 226 "-" "-"
143.110.244.0 - - [13/Apr/2023:18:25:06 +0000] "GET / HTTP/1.1" 200 8384 "-" "Mozilla/5.0 (Windows NT 10.0; Win64; x64) AppleWebKit/537.36 (KHTML, like Gecko) Chrome/108.0.0.0 Safari/537.36"
143.110.244.0 - - [13/Apr/2023:18:25:07 +0000] "GET /client/get_targets HTTP/1.1" 200 - "-" "Mozilla/5.0 (Windows NT 10.0; Win64; x64) AppleWebKit/537.36 (KHTML, like Gecko) Chrome/108.0.0.0 Safari/537.36"
143.110.244.0 - - [13/Apr/2023:18:25:08 +0000] "GET /upl.php HTTP/1.1" 200 - "-" "Mozilla/5.0"
143.110.244.0 - - [13/Apr/2023:18:25:08 +0000] "\x16\x03\x01" 400 226 "-" "-"
143.110.244.0 - - [13/Apr/2023:18:25:09 +0000] "GET /geoip/ HTTP/1.1" 301 235 "-" "Mozilla/5.0 (Windows NT 10.0; Win64; x64) AppleWebKit/537.36 (KHTML, like Gecko) Chrome/108.0.0.0 Safari/537.36"
143.110.244.0 - - [13/Apr/2023:18:25:10 +0000] "GET / HTTP/1.1" 200 8382 "-" "Mozilla/5.0 (iPhone; CPU iPhone OS 13_3_1 like Mac OS X) AppleWebKit/605.1.15 (KHTML, like Gecko) Version/13.0.5 Mobile/15E148 Snapchat/10.77.0.54 (like Safari/604.1)"
143.110.244.0 - - [13/Apr/2023:18:25:10 +0000] "GET /favicon.ico HTTP/1.1" 200 3098 "-" "Mozilla/5.0 (Windows NT 10.0; Win64; x64) AppleWebKit/537.36 (KHTML, like Gecko) Chrome/108.0.0.0 Safari/537.36"
135.125.217.54 - - [13/Apr/2023:18:26:08 +0000] "GET /.env HTTP/1.1" 200 - "-" "Mozilla/5.0 (X11; Linux x86_64) AppleWebKit/537.36 (KHTML, like Gecko) Chrome/81.0.4044.129 Safari/537.36"
135.125.217.54 - - [13/Apr/2023:18:26:09 +0000] "POST / HTTP/1.1" 405 409721 "-" "Mozilla/5.0 (X11; Linux x86_64) AppleWebKit/537.36 (KHTML, like Gecko) Chrome/81.0.4044.129 Safari/537.36"
43.154.128.189 - - [13/Apr/2023:18:33:07 +0000] "HEAD /Core/Skin/Login.aspx HTTP/1.1" 200 - "-" "Mozilla/5.0 (Windows NT 10.0; Win64; x64) AppleWebKit/537.36 (KHTML, like Gecko) Chrome/106.0.0.0 Safari/537.36"
45.79.181.251 - - [13/Apr/2023:18:47:47 +0000] "\x16\x03\x01" 400 226 "-" "-"
43.154.128.189 - - [13/Apr/2023:19:52:04 +0000] "HEAD /Core/Skin/Login.aspx HTTP/1.1" 200 - "-" "Mozilla/5.0 (Windows NT 10.0; Win64; x64) AppleWebKit/537.36 (KHTML, like Gecko) Chrome/106.0.0.0 Safari/537.36"
198.235.24.23 - - [13/Apr/2023:20:11:05 +0000] "\x16\x03\x01" 400 226 "-" "-"
135.125.217.54 - - [13/Apr/2023:20:17:43 +0000] "GET /.env HTTP/1.1" 200 - "-" "Mozilla/5.0 (X11; Linux x86_64) AppleWebKit/537.36 (KHTML, like Gecko) Chrome/81.0.4044.129 Safari/537.36"
135.125.217.54 - - [13/Apr/2023:20:17:43 +0000] "POST / HTTP/1.1" 405 409733 "-" "Mozilla/5.0 (X11; Linux x86_64) AppleWebKit/537.36 (KHTML, like Gecko) Chrome/81.0.4044.129 Safari/537.36"
172.104.11.46 - - [13/Apr/2023:20:57:03 +0000] "\x16\x03\x01" 400 226 "-" "-"
43.154.128.189 - - [13/Apr/2023:21:10:33 +0000] "HEAD /Core/Skin/Login.aspx HTTP/1.1" 200 - "-" "Mozilla/5.0 (Windows NT 10.0; Win64; x64) AppleWebKit/537.36 (KHTML, like Gecko) Chrome/106.0.0.0 Safari/537.36"
179.43.142.86 - - [13/Apr/2023:21:39:03 +0000] "GET /.env HTTP/1.1" 200 - "-" "Python-urllib/3.7"
135.125.217.54 - - [13/Apr/2023:22:01:04 +0000] "GET /.env HTTP/1.1" 200 - "-" "Mozilla/5.0 (X11; Linux x86_64) AppleWebKit/537.36 (KHTML, like Gecko) Chrome/81.0.4044.129 Safari/537.36"
135.125.217.54 - - [13/Apr/2023:22:01:05 +0000] "POST / HTTP/1.1" 405 409719 "-" "Mozilla/5.0 (X11; Linux x86_64) AppleWebKit/537.36 (KHTML, like Gecko) Chrome/81.0.4044.129 Safari/537.36"
