192.241.192.26 - - [15/Apr/2023:01:10:53 +0000] "\x16\x03\x01" 400 226 "-" "-"
95.182.120.18 - - [15/Apr/2023:01:12:38 +0000] "GET / HTTP/1.1" 200 41226 "-" "-"
205.210.31.217 - - [15/Apr/2023:01:25:09 +0000] "GET / HTTP/1.1" 200 41226 "-" "Expanse, a Palo Alto Networks company, searches across the global IPv4 space multiple times per day to identify customers&#39; presences on the Internet. If you would like to be excluded from our scans, please send IP addresses/domains to: scaninfo@paloaltonetworks.com"
135.125.244.48 - - [15/Apr/2023:01:47:57 +0000] "GET /.env HTTP/1.1" 200 - "-" "Mozilla/5.0 (X11; Linux x86_64) AppleWebKit/537.36 (KHTML, like Gecko) Chrome/81.0.4044.129 Safari/537.36"
135.125.244.48 - - [15/Apr/2023:01:47:57 +0000] "POST / HTTP/1.1" 405 409697 "-" "Mozilla/5.0 (X11; Linux x86_64) AppleWebKit/537.36 (KHTML, like Gecko) Chrome/81.0.4044.129 Safari/537.36"
141.95.89.88 - - [15/Apr/2023:01:55:04 +0000] "GET /.env HTTP/1.1" 200 - "-" "Mozilla/5.0 (Macintosh; Intel Mac OS X 10.15; rv:77.0) Gecko/20100101 Firefox/77.0"
141.95.89.88 - - [15/Apr/2023:01:55:04 +0000] "GET /wp-content/ HTTP/1.1" 301 240 "-" "Mozilla/5.0 (Macintosh; Intel Mac OS X 10.15; rv:77.0) Gecko/20100101 Firefox/77.0"
141.95.89.88 - - [15/Apr/2023:01:55:04 +0000] "GET /wp-content HTTP/1.1" 200 - "-" "Mozilla/5.0 (Macintosh; Intel Mac OS X 10.15; rv:77.0) Gecko/20100101 Firefox/77.0"
109.237.98.226 - - [15/Apr/2023:02:10:26 +0000] "\x16\x03\x01\x01H\x01" 400 226 "-" "-"
109.237.98.226 - - [15/Apr/2023:02:10:26 +0000] "GET /.env HTTP/1.1" 200 - "-" "Mozilla/5.0 (X11; Linux x86_64) AppleWebKit/537.36 (KHTML, like Gecko) Chrome/81.0.4044.129 Safari/537.36"
109.237.98.226 - - [15/Apr/2023:02:10:26 +0000] "POST /.env HTTP/1.1" 405 411993 "-" "Mozilla/5.0 (X11; Linux x86_64) AppleWebKit/537.36 (KHTML, like Gecko) Chrome/81.0.4044.129 Safari/537.36"
43.154.128.189 - - [15/Apr/2023:02:27:22 +0000] "HEAD /Core/Skin/Login.aspx HTTP/1.1" 200 - "-" "Mozilla/5.0 (Windows NT 10.0; Win64; x64) AppleWebKit/537.36 (KHTML, like Gecko) Chrome/106.0.0.0 Safari/537.36"
185.254.196.173 - - [15/Apr/2023:02:38:27 +0000] "GET /.env HTTP/1.1" 200 - "-" "Mozilla/5.0 (X11; Linux x86_64) AppleWebKit/537.36 (KHTML, like Gecko) Chrome/81.0.4044.129 Safari/537.36"
185.254.196.173 - - [15/Apr/2023:02:38:27 +0000] "POST / HTTP/1.1" 405 409712 "-" "Mozilla/5.0 (X11; Linux x86_64) AppleWebKit/537.36 (KHTML, like Gecko) Chrome/81.0.4044.129 Safari/537.36"
45.79.181.251 - - [15/Apr/2023:02:54:24 +0000] "\x16\x03\x01" 400 226 "-" "-"
202.40.180.118 - - [15/Apr/2023:03:09:06 +0000] "GET / HTTP/1.1" 200 41226 "-" "Mozilla/5.0 (Windows NT 10.0; WOW64) AppleWebKit/537.36 (KHTML, like Gecko) Chrome/52.0.2743.116 Safari/537.36"
185.254.196.173 - - [15/Apr/2023:03:32:52 +0000] "GET /.env HTTP/1.1" 200 - "-" "Mozilla/5.0 (X11; Linux x86_64) AppleWebKit/537.36 (KHTML, like Gecko) Chrome/81.0.4044.129 Safari/537.36"
185.254.196.173 - - [15/Apr/2023:03:32:53 +0000] "POST / HTTP/1.1" 405 409752 "-" "Mozilla/5.0 (X11; Linux x86_64) AppleWebKit/537.36 (KHTML, like Gecko) Chrome/81.0.4044.129 Safari/537.36"
43.154.128.189 - - [15/Apr/2023:03:47:15 +0000] "HEAD /Core/Skin/Login.aspx HTTP/1.1" 200 - "-" "Mozilla/5.0 (Windows NT 10.0; Win64; x64) AppleWebKit/537.36 (KHTML, like Gecko) Chrome/106.0.0.0 Safari/537.36"
135.125.244.48 - - [15/Apr/2023:04:07:53 +0000] "GET /.env HTTP/1.1" 200 - "-" "Mozilla/5.0 (X11; Linux x86_64) AppleWebKit/537.36 (KHTML, like Gecko) Chrome/81.0.4044.129 Safari/537.36"
135.125.244.48 - - [15/Apr/2023:04:07:53 +0000] "POST / HTTP/1.1" 405 409723 "-" "Mozilla/5.0 (X11; Linux x86_64) AppleWebKit/537.36 (KHTML, like Gecko) Chrome/81.0.4044.129 Safari/537.36"
51.89.247.176 - - [15/Apr/2023:04:12:05 +0000] "GET /.env HTTP/1.1" 200 - "-" "Mozilla/5.0 (Windows NT 10.0; Win64; x64) AppleWebKit/537.36 (KHTML, like Gecko) Chrome/93.0.4577.63 Safari/537.3"
135.125.244.48 - - [15/Apr/2023:04:22:14 +0000] "GET /.env HTTP/1.1" 200 - "-" "Mozilla/5.0 (X11; Linux x86_64) AppleWebKit/537.36 (KHTML, like Gecko) Chrome/81.0.4044.129 Safari/537.36"
135.125.244.48 - - [15/Apr/2023:04:22:15 +0000] "POST / HTTP/1.1" 405 409723 "-" "Mozilla/5.0 (X11; Linux x86_64) AppleWebKit/537.36 (KHTML, like Gecko) Chrome/81.0.4044.129 Safari/537.36"
172.105.128.11 - - [15/Apr/2023:04:58:46 +0000] "\x16\x03\x01" 400 226 "-" "-"
43.154.128.189 - - [15/Apr/2023:05:07:19 +0000] "HEAD /Core/Skin/Login.aspx HTTP/1.1" 200 - "-" "Mozilla/5.0 (Windows NT 10.0; Win64; x64) AppleWebKit/537.36 (KHTML, like Gecko) Chrome/106.0.0.0 Safari/537.36"
35.90.225.42 - - [15/Apr/2023:05:57:05 +0000] "GET http://azenv.net/ HTTP/1.1" 200 8366 "-" "Go-http-client/1.1"
193.32.162.159 - - [15/Apr/2023:06:00:10 +0000] "GET / HTTP/1.1" 200 8380 "-" "Mozilla/5.0 (Windows NT 10.0; Win64; x64) AppleWebKit/537.36 (KHTML, like Gecko) Chrome/90.0.4430.85 Safari/537.36 Edg/90.0.818.46"
135.125.246.110 - - [15/Apr/2023:06:12:29 +0000] "POST / HTTP/1.1" 405 409758 "-" "Mozilla/5.0 (X11; Linux x86_64) AppleWebKit/537.36 (KHTML, like Gecko) Chrome/81.0.4044.129 Safari/537.36"
80.94.92.60 - - [15/Apr/2023:06:14:37 +0000] "GET /.git/config HTTP/1.1" 200 - "-" "Mozilla/5.0 (Macintosh; Intel Mac OS X 10.15; rv:77.0) Gecko/20100101 Firefox/77.0"
43.154.128.189 - - [15/Apr/2023:06:26:27 +0000] "HEAD /Core/Skin/Login.aspx HTTP/1.1" 200 - "-" "Mozilla/5.0 (Windows NT 10.0; Win64; x64) AppleWebKit/537.36 (KHTML, like Gecko) Chrome/106.0.0.0 Safari/537.36"
162.142.125.11 - - [15/Apr/2023:06:55:15 +0000] "GET / HTTP/1.1" 200 41226 "-" "-"
162.142.125.11 - - [15/Apr/2023:06:55:16 +0000] "GET / HTTP/1.1" 200 8383 "-" "Mozilla/5.0 (compatible; CensysInspect/1.1; +https://about.censys.io/)"
162.142.125.11 - - [15/Apr/2023:06:55:16 +0000] "PRI * HTTP/2.0" 400 226 "-" "-"
162.142.125.11 - - [15/Apr/2023:06:55:17 +0000] "GET /assets/front/base/images/favicon/16_16/favicon.png HTTP/1.1" 200 3098 "-" "Mozilla/5.0 (compatible; CensysInspect/1.1; +https://about.censys.io/)"
162.142.125.11 - - [15/Apr/2023:06:55:17 +0000] "GET /assets/img/apple-touch-icon.png HTTP/1.1" 200 - "-" "Mozilla/5.0 (compatible; CensysInspect/1.1; +https://about.censys.io/)"
162.142.125.11 - - [15/Apr/2023:06:55:18 +0000] "GET /favicon.ico HTTP/1.1" 200 3098 "-" "Mozilla/5.0 (compatible; CensysInspect/1.1; +https://about.censys.io/)"
141.95.89.88 - - [15/Apr/2023:06:59:29 +0000] "GET /.env HTTP/1.1" 200 - "-" "Mozilla/5.0 (X11; Linux x86_64) AppleWebKit/537.36 (KHTML, like Gecko) Chrome/81.0.4044.129 Safari/537.36"
141.95.89.88 - - [15/Apr/2023:06:59:29 +0000] "POST / HTTP/1.1" 405 409753 "-" "Mozilla/5.0 (X11; Linux x86_64) AppleWebKit/537.36 (KHTML, like Gecko) Chrome/81.0.4044.129 Safari/537.36"
43.154.128.189 - - [15/Apr/2023:07:44:59 +0000] "HEAD /Core/Skin/Login.aspx HTTP/1.1" 200 - "-" "Mozilla/5.0 (Windows NT 10.0; Win64; x64) AppleWebKit/537.36 (KHTML, like Gecko) Chrome/106.0.0.0 Safari/537.36"
172.105.89.161 - - [15/Apr/2023:08:01:27 +0000] "-" 408 - "-" "-"
198.199.104.82 - - [15/Apr/2023:08:05:33 +0000] "GET / HTTP/1.1" 200 8384 "-" "Mozilla/5.0 zgrab/0.x"
135.125.246.110 - - [15/Apr/2023:08:34:39 +0000] "POST / HTTP/1.1" 405 409730 "-" "Mozilla/5.0 (X11; Linux x86_64) AppleWebKit/537.36 (KHTML, like Gecko) Chrome/81.0.4044.129 Safari/537.36"
43.154.128.189 - - [15/Apr/2023:09:03:38 +0000] "HEAD /Core/Skin/Login.aspx HTTP/1.1" 200 - "-" "Mozilla/5.0 (Windows NT 10.0; Win64; x64) AppleWebKit/537.36 (KHTML, like Gecko) Chrome/106.0.0.0 Safari/537.36"
64.227.150.10 - - [15/Apr/2023:09:04:13 +0000] "\x16\x03\x01" 400 226 "-" "-"
64.227.150.10 - - [15/Apr/2023:09:04:14 +0000] "GET / HTTP/1.1" 200 8380 "-" "Mozilla/5.0 (Windows NT 10.0; Win64; x64) AppleWebKit/537.36 (KHTML, like Gecko) Chrome/108.0.0.0 Safari/537.36"
64.227.150.10 - - [15/Apr/2023:09:04:14 +0000] "GET /client/get_targets HTTP/1.1" 200 - "-" "Mozilla/5.0 (Windows NT 10.0; Win64; x64) AppleWebKit/537.36 (KHTML, like Gecko) Chrome/108.0.0.0 Safari/537.36"
64.227.150.10 - - [15/Apr/2023:09:04:15 +0000] "GET /upl.php HTTP/1.1" 200 - "-" "Mozilla/5.0"
64.227.150.10 - - [15/Apr/2023:09:04:16 +0000] "\x16\x03\x01" 400 226 "-" "-"
64.227.150.10 - - [15/Apr/2023:09:04:16 +0000] "GET /geoip/ HTTP/1.1" 301 235 "-" "Mozilla/5.0 (Windows NT 10.0; Win64; x64) AppleWebKit/537.36 (KHTML, like Gecko) Chrome/108.0.0.0 Safari/537.36"
64.227.150.10 - - [15/Apr/2023:09:04:17 +0000] "GET / HTTP/1.1" 200 8381 "-" "Mozilla/5.0 (iPhone; CPU iPhone OS 13_3_1 like Mac OS X) AppleWebKit/605.1.15 (KHTML, like Gecko) Version/13.0.5 Mobile/15E148 Snapchat/10.77.0.54 (like Safari/604.1)"
64.227.150.10 - - [15/Apr/2023:09:04:18 +0000] "GET /favicon.ico HTTP/1.1" 200 3098 "-" "Mozilla/5.0 (Windows NT 10.0; Win64; x64) AppleWebKit/537.36 (KHTML, like Gecko) Chrome/108.0.0.0 Safari/537.36"
193.32.162.159 - - [15/Apr/2023:09:05:50 +0000] "GET / HTTP/1.1" 200 8382 "-" "Mozilla/5.0 (Windows NT 10.0; Win64; x64) AppleWebKit/537.36 (KHTML, like Gecko) Chrome/90.0.4430.85 Safari/537.36 Edg/90.0.818.46"
::1 - - [15/Apr/2023:09:25:44 +0000] "OPTIONS * HTTP/1.0" 200 - "-" "Apache/2.4.6 (CentOS) OpenSSL/1.0.2k-fips (internal dummy connection)"
::1 - - [15/Apr/2023:09:25:45 +0000] "OPTIONS * HTTP/1.0" 200 - "-" "Apache/2.4.6 (CentOS) OpenSSL/1.0.2k-fips (internal dummy connection)"
::1 - - [15/Apr/2023:09:25:46 +0000] "OPTIONS * HTTP/1.0" 200 - "-" "Apache/2.4.6 (CentOS) OpenSSL/1.0.2k-fips (internal dummy connection)"
141.95.89.88 - - [15/Apr/2023:10:06:40 +0000] "GET /.env HTTP/1.1" 200 - "-" "Mozilla/5.0 (Windows NT 10.0; Win64; x64; rv:109.0) Gecko/20100101 Firefox/109.0"
43.154.128.189 - - [15/Apr/2023:10:22:21 +0000] "HEAD /Core/Skin/Login.aspx HTTP/1.1" 200 - "-" "Mozilla/5.0 (Windows NT 10.0; Win64; x64) AppleWebKit/537.36 (KHTML, like Gecko) Chrome/106.0.0.0 Safari/537.36"
143.244.41.219 - - [15/Apr/2023:10:25:51 +0000] "HEAD / HTTP/1.1" 200 - "-" "Mozilla/5.0 (X11; OpenBSD i386) AppleWebKit/537.36 (KHTML, like Gecko) Chrome/36.0.1985.125 Safari/537.36"
193.35.18.251 - - [15/Apr/2023:10:28:14 +0000] "POST /boaform/admin/formLogin HTTP/1.1" 405 423617 "http://13.244.159.169:80/admin/login.asp" "Mozilla/5.0 (X11; Ubuntu; Linux x86_64; rv:71.0) Gecko/20100101 Firefox/71.0"
135.125.246.110 - - [15/Apr/2023:10:40:40 +0000] "POST / HTTP/1.1" 405 409722 "-" "Mozilla/5.0 (X11; Linux x86_64) AppleWebKit/537.36 (KHTML, like Gecko) Chrome/81.0.4044.129 Safari/537.36"
45.79.181.94 - - [15/Apr/2023:10:52:31 +0000] "\x16\x03\x01" 400 226 "-" "-"
5.254.26.214 - - [15/Apr/2023:11:13:23 +0000] "GET / HTTP/1.1" 200 8381 "-" "Linux Gnu (cow)"
135.125.246.110 - - [15/Apr/2023:11:16:38 +0000] "POST / HTTP/1.1" 405 409712 "-" "Mozilla/5.0 (X11; Linux x86_64) AppleWebKit/537.36 (KHTML, like Gecko) Chrome/81.0.4044.129 Safari/537.36"
34.79.162.186 - - [15/Apr/2023:11:35:55 +0000] "GET / HTTP/1.1" 200 8381 "-" "python-requests/2.28.2"
193.32.162.159 - - [15/Apr/2023:11:36:22 +0000] "GET / HTTP/1.1" 200 8382 "-" "Mozilla/5.0 (Windows NT 10.0; Win64; x64) AppleWebKit/537.36 (KHTML, like Gecko) Chrome/90.0.4430.85 Safari/537.36 Edg/90.0.818.46"
185.225.74.42 - - [15/Apr/2023:11:43:47 +0000] "POST /boaform/admin/formLogin HTTP/1.1" 405 423623 "http://13.244.159.169:80/admin/login.asp" "Mozilla/5.0 (X11; Ubuntu; Linux x86_64; rv:71.0) Gecko/20100101 Firefox/71.0"
3.12.155.76 - - [15/Apr/2023:11:58:35 +0000] "GET /.env HTTP/1.1" 200 - "-" "Mozilla/5.0 (X11; Linux x86_64) AppleWebKit/537.36 (KHTML, like Gecko) Chrome/81.0.4044.129 Safari/537.36"
3.12.155.76 - - [15/Apr/2023:11:58:35 +0000] "POST / HTTP/1.1" 405 409720 "-" "Mozilla/5.0 (X11; Linux x86_64) AppleWebKit/537.36 (KHTML, like Gecko) Chrome/81.0.4044.129 Safari/537.36"
::1 - - [15/Apr/2023:12:05:11 +0000] "OPTIONS * HTTP/1.0" 200 - "-" "Apache/2.4.6 (CentOS) OpenSSL/1.0.2k-fips (internal dummy connection)"
::1 - - [15/Apr/2023:12:05:12 +0000] "OPTIONS * HTTP/1.0" 200 - "-" "Apache/2.4.6 (CentOS) OpenSSL/1.0.2k-fips (internal dummy connection)"
::1 - - [15/Apr/2023:12:05:13 +0000] "OPTIONS * HTTP/1.0" 200 - "-" "Apache/2.4.6 (CentOS) OpenSSL/1.0.2k-fips (internal dummy connection)"
::1 - - [15/Apr/2023:12:05:14 +0000] "OPTIONS * HTTP/1.0" 200 - "-" "Apache/2.4.6 (CentOS) OpenSSL/1.0.2k-fips (internal dummy connection)"
::1 - - [15/Apr/2023:12:05:15 +0000] "OPTIONS * HTTP/1.0" 200 - "-" "Apache/2.4.6 (CentOS) OpenSSL/1.0.2k-fips (internal dummy connection)"
::1 - - [15/Apr/2023:12:05:16 +0000] "OPTIONS * HTTP/1.0" 200 - "-" "Apache/2.4.6 (CentOS) OpenSSL/1.0.2k-fips (internal dummy connection)"
::1 - - [15/Apr/2023:12:05:17 +0000] "OPTIONS * HTTP/1.0" 200 - "-" "Apache/2.4.6 (CentOS) OpenSSL/1.0.2k-fips (internal dummy connection)"
::1 - - [15/Apr/2023:12:05:18 +0000] "OPTIONS * HTTP/1.0" 200 - "-" "Apache/2.4.6 (CentOS) OpenSSL/1.0.2k-fips (internal dummy connection)"
::1 - - [15/Apr/2023:12:05:19 +0000] "OPTIONS * HTTP/1.0" 200 - "-" "Apache/2.4.6 (CentOS) OpenSSL/1.0.2k-fips (internal dummy connection)"
::1 - - [15/Apr/2023:12:05:20 +0000] "OPTIONS * HTTP/1.0" 200 - "-" "Apache/2.4.6 (CentOS) OpenSSL/1.0.2k-fips (internal dummy connection)"
::1 - - [15/Apr/2023:12:05:21 +0000] "OPTIONS * HTTP/1.0" 200 - "-" "Apache/2.4.6 (CentOS) OpenSSL/1.0.2k-fips (internal dummy connection)"
::1 - - [15/Apr/2023:12:05:22 +0000] "OPTIONS * HTTP/1.0" 200 - "-" "Apache/2.4.6 (CentOS) OpenSSL/1.0.2k-fips (internal dummy connection)"
::1 - - [15/Apr/2023:12:05:23 +0000] "OPTIONS * HTTP/1.0" 200 - "-" "Apache/2.4.6 (CentOS) OpenSSL/1.0.2k-fips (internal dummy connection)"
::1 - - [15/Apr/2023:12:05:24 +0000] "OPTIONS * HTTP/1.0" 200 - "-" "Apache/2.4.6 (CentOS) OpenSSL/1.0.2k-fips (internal dummy connection)"
::1 - - [15/Apr/2023:12:05:25 +0000] "OPTIONS * HTTP/1.0" 200 - "-" "Apache/2.4.6 (CentOS) OpenSSL/1.0.2k-fips (internal dummy connection)"
34.140.248.32 - - [15/Apr/2023:12:18:25 +0000] "GET / HTTP/1.1" 200 8384 "-" "python-requests/2.28.2"
65.49.20.68 - - [15/Apr/2023:12:22:36 +0000] "GET / HTTP/1.1" 200 8384 "-" "Mozilla/5.0 (Windows NT 6.1; Win64; x64) AppleWebKit/537.36 (KHTML, like Gecko) Chrome/109.0.0.0 Safari/537.36"
65.49.20.68 - - [15/Apr/2023:12:24:01 +0000] "GET /favicon.ico HTTP/1.1" 200 3098 "-" "Mozilla/5.0 (Windows NT 10.0; rv:110.0) Gecko/20100101 Firefox/110.0"
65.49.20.68 - - [15/Apr/2023:12:24:34 +0000] "GET /geoserver/web/ HTTP/1.1" 301 243 "-" "Mozilla/5.0 (Windows NT 6.1; Win64; x64) AppleWebKit/537.36 (KHTML, like Gecko) Chrome/109.0.0.0 Safari/537.36"
62.210.207.17 - - [15/Apr/2023:12:34:17 +0000] "\x16\x03\x01" 400 226 "-" "-"
62.210.207.17 - - [15/Apr/2023:12:34:18 +0000] "GET /index/about/index.html HTTP/1.1" 200 - "-" "SonyEricssonK310iv/R4DA Browser/NetFront/3.3 Profile/MIDP-2.0 Configuration/CLDC-1.1 UP.Link/6.3.1.13.0"
107.170.233.12 - - [15/Apr/2023:12:42:54 +0000] "MGLNDD_13.244.159.169_80\n" 400 226 "-" "-"
193.32.162.159 - - [15/Apr/2023:12:48:06 +0000] "GET / HTTP/1.1" 200 8383 "-" "Mozilla/5.0 (Windows NT 10.0; Win64; x64) AppleWebKit/537.36 (KHTML, like Gecko) Chrome/90.0.4430.85 Safari/537.36 Edg/90.0.818.46"
43.154.128.189 - - [15/Apr/2023:12:59:59 +0000] "HEAD /Core/Skin/Login.aspx HTTP/1.1" 200 - "-" "Mozilla/5.0 (Windows NT 10.0; Win64; x64) AppleWebKit/537.36 (KHTML, like Gecko) Chrome/106.0.0.0 Safari/537.36"
141.95.89.88 - - [15/Apr/2023:13:28:08 +0000] "GET /.env HTTP/1.1" 200 - "-" "Mozilla/5.0 (Macintosh; Intel Mac OS X 10.15; rv:77.0) Gecko/20100101 Firefox/77.0"
135.125.246.110 - - [15/Apr/2023:13:40:07 +0000] "POST / HTTP/1.1" 405 409744 "-" "Mozilla/5.0 (X11; Linux x86_64) AppleWebKit/537.36 (KHTML, like Gecko) Chrome/81.0.4044.129 Safari/537.36"
141.95.89.88 - - [15/Apr/2023:13:48:07 +0000] "GET /.env HTTP/1.1" 200 - "-" "Mozilla/5.0 (Macintosh; Intel Mac OS X 10.15; rv:77.0) Gecko/20100101 Firefox/77.0"
135.125.246.110 - - [15/Apr/2023:14:19:48 +0000] "POST / HTTP/1.1" 405 409686 "-" "Mozilla/5.0 (X11; Linux x86_64) AppleWebKit/537.36 (KHTML, like Gecko) Chrome/81.0.4044.129 Safari/537.36"
43.154.128.189 - - [15/Apr/2023:14:20:18 +0000] "HEAD /Core/Skin/Login.aspx HTTP/1.1" 200 - "-" "Mozilla/5.0 (Windows NT 10.0; Win64; x64) AppleWebKit/537.36 (KHTML, like Gecko) Chrome/106.0.0.0 Safari/537.36"
193.32.162.159 - - [15/Apr/2023:15:02:36 +0000] "GET / HTTP/1.1" 200 8382 "-" "Mozilla/5.0 (Windows NT 10.0; Win64; x64) AppleWebKit/537.36 (KHTML, like Gecko) Chrome/90.0.4430.85 Safari/537.36 Edg/90.0.818.46"
45.79.172.21 - - [15/Apr/2023:15:12:48 +0000] "\x16\x03\x01" 400 226 "-" "-"
135.125.246.110 - - [15/Apr/2023:15:35:01 +0000] "POST / HTTP/1.1" 405 409724 "-" "Mozilla/5.0 (X11; Linux x86_64) AppleWebKit/537.36 (KHTML, like Gecko) Chrome/81.0.4044.129 Safari/537.36"
43.154.128.189 - - [15/Apr/2023:15:41:17 +0000] "HEAD /Core/Skin/Login.aspx HTTP/1.1" 200 - "-" "Mozilla/5.0 (Windows NT 10.0; Win64; x64) AppleWebKit/537.36 (KHTML, like Gecko) Chrome/106.0.0.0 Safari/537.36"
193.32.162.159 - - [15/Apr/2023:16:13:33 +0000] "GET / HTTP/1.1" 200 8383 "-" "Mozilla/5.0 (Windows NT 10.0; Win64; x64) AppleWebKit/537.36 (KHTML, like Gecko) Chrome/90.0.4430.85 Safari/537.36 Edg/90.0.818.46"
144.76.101.187 - admin [15/Apr/2023:16:30:04 +0000] "POST /mgmt/tm/util/bash HTTP/1.1" 405 422486 "-" "Mozilla/5.0 (Windows NT 10.0; Win64; x64) AppleWebKit/537.36 (KHTML, like Gecko) Chrome/63.0.3239.84 Safari/537.36"
144.76.101.187 - - [15/Apr/2023:16:30:04 +0000] "GET / HTTP/1.1" 200 41226 "-" "curl/7.58.0"
43.154.128.189 - - [15/Apr/2023:17:01:13 +0000] "HEAD /Core/Skin/Login.aspx HTTP/1.1" 200 - "-" "Mozilla/5.0 (Windows NT 10.0; Win64; x64) AppleWebKit/537.36 (KHTML, like Gecko) Chrome/106.0.0.0 Safari/537.36"
45.79.181.94 - - [15/Apr/2023:17:18:36 +0000] "\x16\x03\x01" 400 226 "-" "-"
43.154.128.189 - - [15/Apr/2023:18:19:54 +0000] "HEAD /Core/Skin/Login.aspx HTTP/1.1" 200 - "-" "Mozilla/5.0 (Windows NT 10.0; Win64; x64) AppleWebKit/537.36 (KHTML, like Gecko) Chrome/106.0.0.0 Safari/537.36"
148.255.0.133 - - [15/Apr/2023:18:23:56 +0000] "GET / HTTP/1.1" 200 41226 "-" "Mozilla/5.0 (Windows NT 10.0; WOW64) AppleWebKit/537.36 (KHTML, like Gecko) Chrome/51.0.2704.103 Safari/537.36"
135.125.246.110 - - [15/Apr/2023:18:38:30 +0000] "POST / HTTP/1.1" 405 409700 "-" "Mozilla/5.0 (X11; Linux x86_64) AppleWebKit/537.36 (KHTML, like Gecko) Chrome/81.0.4044.129 Safari/537.36"
172.104.11.46 - - [15/Apr/2023:18:48:10 +0000] "\x16\x03\x01" 400 226 "-" "-"
135.125.246.110 - - [15/Apr/2023:18:50:57 +0000] "POST / HTTP/1.1" 405 409730 "-" "Mozilla/5.0 (X11; Linux x86_64) AppleWebKit/537.36 (KHTML, like Gecko) Chrome/81.0.4044.129 Safari/537.36"
109.237.97.180 - - [15/Apr/2023:19:06:29 +0000] "\x16\x03\x01\x01H\x01" 400 226 "-" "-"
109.237.97.180 - - [15/Apr/2023:19:06:29 +0000] "GET /.env HTTP/1.1" 200 - "-" "Mozilla/5.0 (X11; Linux x86_64) AppleWebKit/537.36 (KHTML, like Gecko) Chrome/81.0.4044.129 Safari/537.36"
109.237.97.180 - - [15/Apr/2023:19:06:29 +0000] "POST /.env HTTP/1.1" 405 411961 "-" "Mozilla/5.0 (X11; Linux x86_64) AppleWebKit/537.36 (KHTML, like Gecko) Chrome/81.0.4044.129 Safari/537.36"
198.235.24.144 - - [15/Apr/2023:19:26:12 +0000] "GET / HTTP/1.0" 200 41463 "-" "Expanse, a Palo Alto Networks company, searches across the global IPv4 space multiple times per day to identify customers&#39; presences on the Internet. If you would like to be excluded from our scans, please send IP addresses/domains to: scaninfo@paloaltonetworks.com"
43.154.128.189 - - [15/Apr/2023:19:38:08 +0000] "HEAD /Core/Skin/Login.aspx HTTP/1.1" 200 - "-" "Mozilla/5.0 (Windows NT 10.0; Win64; x64) AppleWebKit/537.36 (KHTML, like Gecko) Chrome/106.0.0.0 Safari/537.36"
193.32.162.159 - - [15/Apr/2023:19:53:29 +0000] "GET / HTTP/1.1" 200 8383 "-" "Mozilla/5.0 (Windows NT 10.0; Win64; x64) AppleWebKit/537.36 (KHTML, like Gecko) Chrome/90.0.4430.85 Safari/537.36 Edg/90.0.818.46"
43.158.217.180 - - [15/Apr/2023:20:09:23 +0000] "GET / HTTP/1.1" 200 8385 "-" "'Mozilla/5.0"
193.32.162.159 - - [15/Apr/2023:20:43:05 +0000] "GET / HTTP/1.1" 200 8380 "-" "Mozilla/5.0 (Windows NT 10.0; Win64; x64) AppleWebKit/537.36 (KHTML, like Gecko) Chrome/90.0.4430.85 Safari/537.36 Edg/90.0.818.46"
43.154.128.189 - - [15/Apr/2023:20:56:16 +0000] "HEAD /Core/Skin/Login.aspx HTTP/1.1" 200 - "-" "Mozilla/5.0 (Windows NT 10.0; Win64; x64) AppleWebKit/537.36 (KHTML, like Gecko) Chrome/106.0.0.0 Safari/537.36"
172.105.128.11 - - [15/Apr/2023:21:01:42 +0000] "\x16\x03\x01" 400 226 "-" "-"
107.155.116.125 - - [15/Apr/2023:21:17:31 +0000] "GET /sql/sql/index.php?lang=en HTTP/1.1" 200 - "-" "Mozilla/5.0 (Windows NT 10.0; Win64; x64) AppleWebKit/537.36 (KHTML, like Gecko) Chrome/109.0.0.0 Safari/537.36"
107.155.116.125 - - [15/Apr/2023:21:17:31 +0000] "GET /admin/phpMyAdmin/index.php?lang=en HTTP/1.1" 200 - "-" "Mozilla/5.0 (Windows NT 10.0; Win64; x64) AppleWebKit/537.36 (KHTML, like Gecko) Chrome/109.0.0.0 Safari/537.36"
107.155.116.125 - - [15/Apr/2023:21:17:32 +0000] "GET /index.php?lang=en HTTP/1.1" 200 8402 "-" "Mozilla/5.0 (Windows NT 10.0; Win64; x64) AppleWebKit/537.36 (KHTML, like Gecko) Chrome/109.0.0.0 Safari/537.36"
107.155.116.125 - - [15/Apr/2023:21:17:32 +0000] "GET /administrator/phpmyadmin/index.php?lang=en HTTP/1.1" 200 - "-" "Mozilla/5.0 (Windows NT 10.0; Win64; x64) AppleWebKit/537.36 (KHTML, like Gecko) Chrome/109.0.0.0 Safari/537.36"
107.155.116.125 - - [15/Apr/2023:21:17:32 +0000] "GET /db/phpMyAdmin3/index.php?lang=en HTTP/1.1" 200 - "-" "Mozilla/5.0 (Windows NT 10.0; Win64; x64) AppleWebKit/537.36 (KHTML, like Gecko) Chrome/109.0.0.0 Safari/537.36"
107.155.116.125 - - [15/Apr/2023:21:17:33 +0000] "GET /phpmyadmin2/index.php?lang=en HTTP/1.1" 200 - "-" "Mozilla/5.0 (Windows NT 10.0; Win64; x64) AppleWebKit/537.36 (KHTML, like Gecko) Chrome/109.0.0.0 Safari/537.36"
107.155.116.125 - - [15/Apr/2023:21:17:33 +0000] "GET /phpmyadmin2017/index.php?lang=en HTTP/1.1" 200 - "-" "Mozilla/5.0 (Windows NT 10.0; Win64; x64) AppleWebKit/537.36 (KHTML, like Gecko) Chrome/109.0.0.0 Safari/537.36"
107.155.116.125 - - [15/Apr/2023:21:17:33 +0000] "GET /phpMyAdmin-3/index.php?lang=en HTTP/1.1" 200 - "-" "Mozilla/5.0 (Windows NT 10.0; Win64; x64) AppleWebKit/537.36 (KHTML, like Gecko) Chrome/109.0.0.0 Safari/537.36"
107.155.116.125 - - [15/Apr/2023:21:17:34 +0000] "GET /mysql/mysqlmanager/index.php?lang=en HTTP/1.1" 200 - "-" "Mozilla/5.0 (Windows NT 10.0; Win64; x64) AppleWebKit/537.36 (KHTML, like Gecko) Chrome/109.0.0.0 Safari/537.36"
107.155.116.125 - - [15/Apr/2023:21:17:34 +0000] "GET /shopdb/index.php?lang=en HTTP/1.1" 200 - "-" "Mozilla/5.0 (Windows NT 10.0; Win64; x64) AppleWebKit/537.36 (KHTML, like Gecko) Chrome/109.0.0.0 Safari/537.36"
107.155.116.125 - - [15/Apr/2023:21:17:34 +0000] "GET /phpmyadmin2022/index.php?lang=en HTTP/1.1" 200 - "-" "Mozilla/5.0 (Windows NT 10.0; Win64; x64) AppleWebKit/537.36 (KHTML, like Gecko) Chrome/109.0.0.0 Safari/537.36"
107.155.116.125 - - [15/Apr/2023:21:17:35 +0000] "GET /phpMyAdmin-latest-all-languages/index.php?lang=en HTTP/1.1" 200 - "-" "Mozilla/5.0 (Windows NT 10.0; Win64; x64) AppleWebKit/537.36 (KHTML, like Gecko) Chrome/109.0.0.0 Safari/537.36"
107.155.116.125 - - [15/Apr/2023:21:17:35 +0000] "GET /phpMyAdmin4/index.php?lang=en HTTP/1.1" 200 - "-" "Mozilla/5.0 (Windows NT 10.0; Win64; x64) AppleWebKit/537.36 (KHTML, like Gecko) Chrome/109.0.0.0 Safari/537.36"
107.155.116.125 - - [15/Apr/2023:21:17:35 +0000] "GET /db/phpmyadmin4/index.php?lang=en HTTP/1.1" 200 - "-" "Mozilla/5.0 (Windows NT 10.0; Win64; x64) AppleWebKit/537.36 (KHTML, like Gecko) Chrome/109.0.0.0 Safari/537.36"
107.155.116.125 - - [15/Apr/2023:21:17:36 +0000] "GET /mysql/web/index.php?lang=en HTTP/1.1" 200 - "-" "Mozilla/5.0 (Windows NT 10.0; Win64; x64) AppleWebKit/537.36 (KHTML, like Gecko) Chrome/109.0.0.0 Safari/537.36"
107.155.116.125 - - [15/Apr/2023:21:17:36 +0000] "GET /_phpmyadmin_/index.php?lang=en HTTP/1.1" 200 - "-" "Mozilla/5.0 (Windows NT 10.0; Win64; x64) AppleWebKit/537.36 (KHTML, like Gecko) Chrome/109.0.0.0 Safari/537.36"
107.155.116.125 - - [15/Apr/2023:21:17:36 +0000] "GET /db/db-admin/index.php?lang=en HTTP/1.1" 200 - "-" "Mozilla/5.0 (Windows NT 10.0; Win64; x64) AppleWebKit/537.36 (KHTML, like Gecko) Chrome/109.0.0.0 Safari/537.36"
107.155.116.125 - - [15/Apr/2023:21:17:37 +0000] "GET /admin/index.php?lang=en HTTP/1.1" 200 - "-" "Mozilla/5.0 (Windows NT 10.0; Win64; x64) AppleWebKit/537.36 (KHTML, like Gecko) Chrome/109.0.0.0 Safari/537.36"
107.155.116.125 - - [15/Apr/2023:21:17:37 +0000] "GET /phpmyadmin/index.php?lang=en HTTP/1.1" 200 - "-" "Mozilla/5.0 (Windows NT 10.0; Win64; x64) AppleWebKit/537.36 (KHTML, like Gecko) Chrome/109.0.0.0 Safari/537.36"
107.155.116.125 - - [15/Apr/2023:21:17:37 +0000] "GET /db/phpMyAdmin-4/index.php?lang=en HTTP/1.1" 200 - "-" "Mozilla/5.0 (Windows NT 10.0; Win64; x64) AppleWebKit/537.36 (KHTML, like Gecko) Chrome/109.0.0.0 Safari/537.36"
107.155.116.125 - - [15/Apr/2023:21:17:38 +0000] "GET /mysql/mysqlmanager/index.php?lang=en HTTP/1.1" 200 - "-" "Mozilla/5.0 (Windows NT 10.0; Win64; x64) AppleWebKit/537.36 (KHTML, like Gecko) Chrome/109.0.0.0 Safari/537.36"
107.155.116.125 - - [15/Apr/2023:21:17:38 +0000] "GET /sql/phpmy-admin/index.php?lang=en HTTP/1.1" 200 - "-" "Mozilla/5.0 (Windows NT 10.0; Win64; x64) AppleWebKit/537.36 (KHTML, like Gecko) Chrome/109.0.0.0 Safari/537.36"
107.155.116.125 - - [15/Apr/2023:21:17:38 +0000] "GET /phpMyAdmin-4.9.7/index.php?lang=en HTTP/1.1" 200 - "-" "Mozilla/5.0 (Windows NT 10.0; Win64; x64) AppleWebKit/537.36 (KHTML, like Gecko) Chrome/109.0.0.0 Safari/537.36"
107.155.116.125 - - [15/Apr/2023:21:17:38 +0000] "GET /administrator/admin/index.php?lang=en HTTP/1.1" 200 - "-" "Mozilla/5.0 (Windows NT 10.0; Win64; x64) AppleWebKit/537.36 (KHTML, like Gecko) Chrome/109.0.0.0 Safari/537.36"
107.155.116.125 - - [15/Apr/2023:21:17:39 +0000] "GET /index.php?lang=en HTTP/1.1" 200 8401 "-" "Mozilla/5.0 (Windows NT 10.0; Win64; x64) AppleWebKit/537.36 (KHTML, like Gecko) Chrome/109.0.0.0 Safari/537.36"
107.155.116.125 - - [15/Apr/2023:21:17:39 +0000] "GET /php-my-admin/index.php?lang=en HTTP/1.1" 200 - "-" "Mozilla/5.0 (Windows NT 10.0; Win64; x64) AppleWebKit/537.36 (KHTML, like Gecko) Chrome/109.0.0.0 Safari/537.36"
107.155.116.125 - - [15/Apr/2023:21:17:39 +0000] "GET /administrator/phpmyadmin/index.php?lang=en HTTP/1.1" 200 - "-" "Mozilla/5.0 (Windows NT 10.0; Win64; x64) AppleWebKit/537.36 (KHTML, like Gecko) Chrome/109.0.0.0 Safari/537.36"
107.155.116.125 - - [15/Apr/2023:21:17:40 +0000] "GET /phpmyadmin2013/index.php?lang=en HTTP/1.1" 200 - "-" "Mozilla/5.0 (Windows NT 10.0; Win64; x64) AppleWebKit/537.36 (KHTML, like Gecko) Chrome/109.0.0.0 Safari/537.36"
107.155.116.125 - - [15/Apr/2023:21:17:40 +0000] "GET /administrator/web/index.php?lang=en HTTP/1.1" 200 - "-" "Mozilla/5.0 (Windows NT 10.0; Win64; x64) AppleWebKit/537.36 (KHTML, like Gecko) Chrome/109.0.0.0 Safari/537.36"
107.155.116.125 - - [15/Apr/2023:21:17:40 +0000] "GET /phpmyAdmin/index.php?lang=en HTTP/1.1" 200 - "-" "Mozilla/5.0 (Windows NT 10.0; Win64; x64) AppleWebKit/537.36 (KHTML, like Gecko) Chrome/109.0.0.0 Safari/537.36"
107.155.116.125 - - [15/Apr/2023:21:17:41 +0000] "GET /phpMyAdmin-5.1.3/index.php?lang=en HTTP/1.1" 200 - "-" "Mozilla/5.0 (Windows NT 10.0; Win64; x64) AppleWebKit/537.36 (KHTML, like Gecko) Chrome/109.0.0.0 Safari/537.36"
107.155.116.125 - - [15/Apr/2023:21:17:41 +0000] "GET /phpMyAdmin3/index.php?lang=en HTTP/1.1" 200 - "-" "Mozilla/5.0 (Windows NT 10.0; Win64; x64) AppleWebKit/537.36 (KHTML, like Gecko) Chrome/109.0.0.0 Safari/537.36"
107.155.116.125 - - [15/Apr/2023:21:17:41 +0000] "GET /db/phpMyAdmin-3/index.php?lang=en HTTP/1.1" 200 - "-" "Mozilla/5.0 (Windows NT 10.0; Win64; x64) AppleWebKit/537.36 (KHTML, like Gecko) Chrome/109.0.0.0 Safari/537.36"
107.155.116.125 - - [15/Apr/2023:21:17:42 +0000] "GET /1phpmyadmin/index.php?lang=en HTTP/1.1" 200 - "-" "Mozilla/5.0 (Windows NT 10.0; Win64; x64) AppleWebKit/537.36 (KHTML, like Gecko) Chrome/109.0.0.0 Safari/537.36"
107.155.116.125 - - [15/Apr/2023:21:17:42 +0000] "GET /phpMyAdmin5/index.php?lang=en HTTP/1.1" 200 - "-" "Mozilla/5.0 (Windows NT 10.0; Win64; x64) AppleWebKit/537.36 (KHTML, like Gecko) Chrome/109.0.0.0 Safari/537.36"
107.155.116.125 - - [15/Apr/2023:21:17:42 +0000] "GET /php-my-admin/index.php?lang=en HTTP/1.1" 200 - "-" "Mozilla/5.0 (Windows NT 10.0; Win64; x64) AppleWebKit/537.36 (KHTML, like Gecko) Chrome/109.0.0.0 Safari/537.36"
107.155.116.125 - - [15/Apr/2023:21:17:43 +0000] "GET /_phpmyadmin_/index.php?lang=en HTTP/1.1" 200 - "-" "Mozilla/5.0 (Windows NT 10.0; Win64; x64) AppleWebKit/537.36 (KHTML, like Gecko) Chrome/109.0.0.0 Safari/537.36"
107.155.116.125 - - [15/Apr/2023:21:17:43 +0000] "GET /admin/sqladmin/index.php?lang=en HTTP/1.1" 200 - "-" "Mozilla/5.0 (Windows NT 10.0; Win64; x64) AppleWebKit/537.36 (KHTML, like Gecko) Chrome/109.0.0.0 Safari/537.36"
107.155.116.125 - - [15/Apr/2023:21:17:43 +0000] "GET /administrator/PMA/index.php?lang=en HTTP/1.1" 200 - "-" "Mozilla/5.0 (Windows NT 10.0; Win64; x64) AppleWebKit/537.36 (KHTML, like Gecko) Chrome/109.0.0.0 Safari/537.36"
107.155.116.125 - - [15/Apr/2023:21:17:44 +0000] "GET /wp-content/plugins/portable-phpmyadmin/wp-pma-mod/index.php?lang=en HTTP/1.1" 200 - "-" "Mozilla/5.0 (Windows NT 10.0; Win64; x64) AppleWebKit/537.36 (KHTML, like Gecko) Chrome/109.0.0.0 Safari/537.36"
107.155.116.125 - - [15/Apr/2023:21:17:44 +0000] "GET /sql/php-myadmin/index.php?lang=en HTTP/1.1" 200 - "-" "Mozilla/5.0 (Windows NT 10.0; Win64; x64) AppleWebKit/537.36 (KHTML, like Gecko) Chrome/109.0.0.0 Safari/537.36"
107.155.116.125 - - [15/Apr/2023:21:17:44 +0000] "GET /admin/phpMyAdmin/index.php?lang=en HTTP/1.1" 200 - "-" "Mozilla/5.0 (Windows NT 10.0; Win64; x64) AppleWebKit/537.36 (KHTML, like Gecko) Chrome/109.0.0.0 Safari/537.36"
107.155.116.125 - - [15/Apr/2023:21:17:45 +0000] "GET /admin/index.php?lang=en HTTP/1.1" 200 - "-" "Mozilla/5.0 (Windows NT 10.0; Win64; x64) AppleWebKit/537.36 (KHTML, like Gecko) Chrome/109.0.0.0 Safari/537.36"
107.155.116.125 - - [15/Apr/2023:21:17:45 +0000] "GET /phpMyAdmin/index.php?lang=en HTTP/1.1" 200 - "-" "Mozilla/5.0 (Windows NT 10.0; Win64; x64) AppleWebKit/537.36 (KHTML, like Gecko) Chrome/109.0.0.0 Safari/537.36"
107.155.116.125 - - [15/Apr/2023:21:17:45 +0000] "GET /phpMyAdmin-4.9.7/index.php?lang=en HTTP/1.1" 200 - "-" "Mozilla/5.0 (Windows NT 10.0; Win64; x64) AppleWebKit/537.36 (KHTML, like Gecko) Chrome/109.0.0.0 Safari/537.36"
107.155.116.125 - - [15/Apr/2023:21:17:46 +0000] "GET /db/phpmyadmin3/index.php?lang=en HTTP/1.1" 200 - "-" "Mozilla/5.0 (Windows NT 10.0; Win64; x64) AppleWebKit/537.36 (KHTML, like Gecko) Chrome/109.0.0.0 Safari/537.36"
107.155.116.125 - - [15/Apr/2023:21:17:46 +0000] "GET /phpmyadmin2/index.php?lang=en HTTP/1.1" 200 - "-" "Mozilla/5.0 (Windows NT 10.0; Win64; x64) AppleWebKit/537.36 (KHTML, like Gecko) Chrome/109.0.0.0 Safari/537.36"
107.155.116.125 - - [15/Apr/2023:21:17:46 +0000] "GET /phpMyAdmin_/index.php?lang=en HTTP/1.1" 200 - "-" "Mozilla/5.0 (Windows NT 10.0; Win64; x64) AppleWebKit/537.36 (KHTML, like Gecko) Chrome/109.0.0.0 Safari/537.36"
107.155.116.125 - - [15/Apr/2023:21:17:47 +0000] "GET /sql/sql-admin/index.php?lang=en HTTP/1.1" 200 - "-" "Mozilla/5.0 (Windows NT 10.0; Win64; x64) AppleWebKit/537.36 (KHTML, like Gecko) Chrome/109.0.0.0 Safari/537.36"
107.155.116.125 - - [15/Apr/2023:21:17:47 +0000] "GET /phpMyAdmin3/index.php?lang=en HTTP/1.1" 200 - "-" "Mozilla/5.0 (Windows NT 10.0; Win64; x64) AppleWebKit/537.36 (KHTML, like Gecko) Chrome/109.0.0.0 Safari/537.36"
107.155.116.125 - - [15/Apr/2023:21:17:47 +0000] "GET /phpMyAdmin-5.2.0/index.php?lang=en HTTP/1.1" 200 - "-" "Mozilla/5.0 (Windows NT 10.0; Win64; x64) AppleWebKit/537.36 (KHTML, like Gecko) Chrome/109.0.0.0 Safari/537.36"
107.155.116.125 - - [15/Apr/2023:21:17:48 +0000] "GET /php-my-admin/index.php?lang=en HTTP/1.1" 200 - "-" "Mozilla/5.0 (Windows NT 10.0; Win64; x64) AppleWebKit/537.36 (KHTML, like Gecko) Chrome/109.0.0.0 Safari/537.36"
107.155.116.125 - - [15/Apr/2023:21:17:48 +0000] "GET /phpmyadmin2017/index.php?lang=en HTTP/1.1" 200 - "-" "Mozilla/5.0 (Windows NT 10.0; Win64; x64) AppleWebKit/537.36 (KHTML, like Gecko) Chrome/109.0.0.0 Safari/537.36"
107.155.116.125 - - [15/Apr/2023:21:17:48 +0000] "GET /sql/phpmyadmin3/index.php?lang=en HTTP/1.1" 200 - "-" "Mozilla/5.0 (Windows NT 10.0; Win64; x64) AppleWebKit/537.36 (KHTML, like Gecko) Chrome/109.0.0.0 Safari/537.36"
107.155.116.125 - - [15/Apr/2023:21:17:49 +0000] "GET /phpmyadmin2014/index.php?lang=en HTTP/1.1" 200 - "-" "Mozilla/5.0 (Windows NT 10.0; Win64; x64) AppleWebKit/537.36 (KHTML, like Gecko) Chrome/109.0.0.0 Safari/537.36"
107.155.116.125 - - [15/Apr/2023:21:17:49 +0000] "GET /sql/sql/index.php?lang=en HTTP/1.1" 200 - "-" "Mozilla/5.0 (Windows NT 10.0; Win64; x64) AppleWebKit/537.36 (KHTML, like Gecko) Chrome/109.0.0.0 Safari/537.36"
107.155.116.125 - - [15/Apr/2023:21:17:49 +0000] "GET /2phpmyadmin/index.php?lang=en HTTP/1.1" 200 - "-" "Mozilla/5.0 (Windows NT 10.0; Win64; x64) AppleWebKit/537.36 (KHTML, like Gecko) Chrome/109.0.0.0 Safari/537.36"
107.155.116.125 - - [15/Apr/2023:21:17:50 +0000] "GET /mysql/pMA/index.php?lang=en HTTP/1.1" 200 - "-" "Mozilla/5.0 (Windows NT 10.0; Win64; x64) AppleWebKit/537.36 (KHTML, like Gecko) Chrome/109.0.0.0 Safari/537.36"
107.155.116.125 - - [15/Apr/2023:21:17:50 +0000] "GET /MyAdmin/index.php?lang=en HTTP/1.1" 200 - "-" "Mozilla/5.0 (Windows NT 10.0; Win64; x64) AppleWebKit/537.36 (KHTML, like Gecko) Chrome/109.0.0.0 Safari/537.36"
107.155.116.125 - - [15/Apr/2023:21:17:50 +0000] "GET /admin/phpMyAdmin/index.php?lang=en HTTP/1.1" 200 - "-" "Mozilla/5.0 (Windows NT 10.0; Win64; x64) AppleWebKit/537.36 (KHTML, like Gecko) Chrome/109.0.0.0 Safari/537.36"
107.155.116.125 - - [15/Apr/2023:21:17:51 +0000] "GET /phpmyadmin2021/index.php?lang=en HTTP/1.1" 200 - "-" "Mozilla/5.0 (Windows NT 10.0; Win64; x64) AppleWebKit/537.36 (KHTML, like Gecko) Chrome/109.0.0.0 Safari/537.36"
107.155.116.125 - - [15/Apr/2023:21:17:51 +0000] "GET /sql/myadmin/index.php?lang=en HTTP/1.1" 200 - "-" "Mozilla/5.0 (Windows NT 10.0; Win64; x64) AppleWebKit/537.36 (KHTML, like Gecko) Chrome/109.0.0.0 Safari/537.36"
107.155.116.125 - - [15/Apr/2023:21:17:51 +0000] "GET /php-my-admin/index.php?lang=en HTTP/1.1" 200 - "-" "Mozilla/5.0 (Windows NT 10.0; Win64; x64) AppleWebKit/537.36 (KHTML, like Gecko) Chrome/109.0.0.0 Safari/537.36"
107.155.116.125 - - [15/Apr/2023:21:17:52 +0000] "GET /phpMyAdmin-latest-all-languages/index.php?lang=en HTTP/1.1" 200 - "-" "Mozilla/5.0 (Windows NT 10.0; Win64; x64) AppleWebKit/537.36 (KHTML, like Gecko) Chrome/109.0.0.0 Safari/537.36"
107.155.116.125 - - [15/Apr/2023:21:17:52 +0000] "GET /sqlmanager/index.php?lang=en HTTP/1.1" 200 - "-" "Mozilla/5.0 (Windows NT 10.0; Win64; x64) AppleWebKit/537.36 (KHTML, like Gecko) Chrome/109.0.0.0 Safari/537.36"
107.155.116.125 - - [15/Apr/2023:21:17:52 +0000] "GET /php-my-admin/index.php?lang=en HTTP/1.1" 200 - "-" "Mozilla/5.0 (Windows NT 10.0; Win64; x64) AppleWebKit/537.36 (KHTML, like Gecko) Chrome/109.0.0.0 Safari/537.36"
107.155.116.125 - - [15/Apr/2023:21:17:53 +0000] "GET /sql/phpmanager/index.php?lang=en HTTP/1.1" 200 - "-" "Mozilla/5.0 (Windows NT 10.0; Win64; x64) AppleWebKit/537.36 (KHTML, like Gecko) Chrome/109.0.0.0 Safari/537.36"
107.155.116.125 - - [15/Apr/2023:21:17:53 +0000] "GET /admin/phpmyadmin/index.php?lang=en HTTP/1.1" 200 - "-" "Mozilla/5.0 (Windows NT 10.0; Win64; x64) AppleWebKit/537.36 (KHTML, like Gecko) Chrome/109.0.0.0 Safari/537.36"
107.155.116.125 - - [15/Apr/2023:21:17:53 +0000] "GET /phpmyadmin2011/index.php?lang=en HTTP/1.1" 200 - "-" "Mozilla/5.0 (Windows NT 10.0; Win64; x64) AppleWebKit/537.36 (KHTML, like Gecko) Chrome/109.0.0.0 Safari/537.36"
107.155.116.125 - - [15/Apr/2023:21:17:53 +0000] "GET /phpMyAdmin-5.1.1/index.php?lang=en HTTP/1.1" 200 - "-" "Mozilla/5.0 (Windows NT 10.0; Win64; x64) AppleWebKit/537.36 (KHTML, like Gecko) Chrome/109.0.0.0 Safari/537.36"
107.155.116.125 - - [15/Apr/2023:21:17:54 +0000] "GET /db/websql/index.php?lang=en HTTP/1.1" 200 - "-" "Mozilla/5.0 (Windows NT 10.0; Win64; x64) AppleWebKit/537.36 (KHTML, like Gecko) Chrome/109.0.0.0 Safari/537.36"
107.155.116.125 - - [15/Apr/2023:21:17:54 +0000] "GET /db/phpmyadmin3/index.php?lang=en HTTP/1.1" 200 - "-" "Mozilla/5.0 (Windows NT 10.0; Win64; x64) AppleWebKit/537.36 (KHTML, like Gecko) Chrome/109.0.0.0 Safari/537.36"
107.155.116.125 - - [15/Apr/2023:21:17:54 +0000] "GET /sql/phpmanager/index.php?lang=en HTTP/1.1" 200 - "-" "Mozilla/5.0 (Windows NT 10.0; Win64; x64) AppleWebKit/537.36 (KHTML, like Gecko) Chrome/109.0.0.0 Safari/537.36"
107.155.116.125 - - [15/Apr/2023:21:17:55 +0000] "GET /phpmyadmin2021/index.php?lang=en HTTP/1.1" 200 - "-" "Mozilla/5.0 (Windows NT 10.0; Win64; x64) AppleWebKit/537.36 (KHTML, like Gecko) Chrome/109.0.0.0 Safari/537.36"
107.155.116.125 - - [15/Apr/2023:21:17:55 +0000] "GET /mysql/index.php?lang=en HTTP/1.1" 200 - "-" "Mozilla/5.0 (Windows NT 10.0; Win64; x64) AppleWebKit/537.36 (KHTML, like Gecko) Chrome/109.0.0.0 Safari/537.36"
107.155.116.125 - - [15/Apr/2023:21:17:55 +0000] "GET /phpMyAdmin4/index.php?lang=en HTTP/1.1" 200 - "-" "Mozilla/5.0 (Windows NT 10.0; Win64; x64) AppleWebKit/537.36 (KHTML, like Gecko) Chrome/109.0.0.0 Safari/537.36"
107.155.116.125 - - [15/Apr/2023:21:17:56 +0000] "GET /1phpmyadmin/index.php?lang=en HTTP/1.1" 200 - "-" "Mozilla/5.0 (Windows NT 10.0; Win64; x64) AppleWebKit/537.36 (KHTML, like Gecko) Chrome/109.0.0.0 Safari/537.36"
107.155.116.125 - - [15/Apr/2023:21:17:56 +0000] "GET /sql/webdb/index.php?lang=en HTTP/1.1" 200 - "-" "Mozilla/5.0 (Windows NT 10.0; Win64; x64) AppleWebKit/537.36 (KHTML, like Gecko) Chrome/109.0.0.0 Safari/537.36"
107.155.116.125 - - [15/Apr/2023:21:17:56 +0000] "GET /admin/sqladmin/index.php?lang=en HTTP/1.1" 200 - "-" "Mozilla/5.0 (Windows NT 10.0; Win64; x64) AppleWebKit/537.36 (KHTML, like Gecko) Chrome/109.0.0.0 Safari/537.36"
107.155.116.125 - - [15/Apr/2023:21:17:57 +0000] "GET /sql/phpmanager/index.php?lang=en HTTP/1.1" 200 - "-" "Mozilla/5.0 (Windows NT 10.0; Win64; x64) AppleWebKit/537.36 (KHTML, like Gecko) Chrome/109.0.0.0 Safari/537.36"
107.155.116.125 - - [15/Apr/2023:21:17:57 +0000] "GET /database/index.php?lang=en HTTP/1.1" 200 - "-" "Mozilla/5.0 (Windows NT 10.0; Win64; x64) AppleWebKit/537.36 (KHTML, like Gecko) Chrome/109.0.0.0 Safari/537.36"
107.155.116.125 - - [15/Apr/2023:21:17:57 +0000] "GET /phpMyAdmin-4.9.10-all-languages/index.php?lang=en HTTP/1.1" 200 - "-" "Mozilla/5.0 (Windows NT 10.0; Win64; x64) AppleWebKit/537.36 (KHTML, like Gecko) Chrome/109.0.0.0 Safari/537.36"
107.155.116.125 - - [15/Apr/2023:21:17:58 +0000] "GET /sql/phpmyadmin5/index.php?lang=en HTTP/1.1" 200 - "-" "Mozilla/5.0 (Windows NT 10.0; Win64; x64) AppleWebKit/537.36 (KHTML, like Gecko) Chrome/109.0.0.0 Safari/537.36"
107.155.116.125 - - [15/Apr/2023:21:17:58 +0000] "GET /phpMyAdmin5/index.php?lang=en HTTP/1.1" 200 - "-" "Mozilla/5.0 (Windows NT 10.0; Win64; x64) AppleWebKit/537.36 (KHTML, like Gecko) Chrome/109.0.0.0 Safari/537.36"
107.155.116.125 - - [15/Apr/2023:21:17:58 +0000] "GET /mysql/mysqlmanager/index.php?lang=en HTTP/1.1" 200 - "-" "Mozilla/5.0 (Windows NT 10.0; Win64; x64) AppleWebKit/537.36 (KHTML, like Gecko) Chrome/109.0.0.0 Safari/537.36"
107.155.116.125 - - [15/Apr/2023:21:17:59 +0000] "GET /administrator/pma/index.php?lang=en HTTP/1.1" 200 - "-" "Mozilla/5.0 (Windows NT 10.0; Win64; x64) AppleWebKit/537.36 (KHTML, like Gecko) Chrome/109.0.0.0 Safari/537.36"
107.155.116.125 - - [15/Apr/2023:21:17:59 +0000] "GET /db/phpMyAdmin-4/index.php?lang=en HTTP/1.1" 200 - "-" "Mozilla/5.0 (Windows NT 10.0; Win64; x64) AppleWebKit/537.36 (KHTML, like Gecko) Chrome/109.0.0.0 Safari/537.36"
107.155.116.125 - - [15/Apr/2023:21:17:59 +0000] "GET /db/dbweb/index.php?lang=en HTTP/1.1" 200 - "-" "Mozilla/5.0 (Windows NT 10.0; Win64; x64) AppleWebKit/537.36 (KHTML, like Gecko) Chrome/109.0.0.0 Safari/537.36"
107.155.116.125 - - [15/Apr/2023:21:18:00 +0000] "GET /phpMyAdmin3/index.php?lang=en HTTP/1.1" 200 - "-" "Mozilla/5.0 (Windows NT 10.0; Win64; x64) AppleWebKit/537.36 (KHTML, like Gecko) Chrome/109.0.0.0 Safari/537.36"
107.155.116.125 - - [15/Apr/2023:21:18:00 +0000] "GET /db/db-admin/index.php?lang=en HTTP/1.1" 200 - "-" "Mozilla/5.0 (Windows NT 10.0; Win64; x64) AppleWebKit/537.36 (KHTML, like Gecko) Chrome/109.0.0.0 Safari/537.36"
107.155.116.125 - - [15/Apr/2023:21:18:00 +0000] "GET /phpMyAdmin-5.1.1/index.php?lang=en HTTP/1.1" 200 - "-" "Mozilla/5.0 (Windows NT 10.0; Win64; x64) AppleWebKit/537.36 (KHTML, like Gecko) Chrome/109.0.0.0 Safari/537.36"
107.155.116.125 - - [15/Apr/2023:21:18:01 +0000] "GET /php-myadmin/index.php?lang=en HTTP/1.1" 200 - "-" "Mozilla/5.0 (Windows NT 10.0; Win64; x64) AppleWebKit/537.36 (KHTML, like Gecko) Chrome/109.0.0.0 Safari/537.36"
107.155.116.125 - - [15/Apr/2023:21:18:01 +0000] "GET /shopdb/index.php?lang=en HTTP/1.1" 200 - "-" "Mozilla/5.0 (Windows NT 10.0; Win64; x64) AppleWebKit/537.36 (KHTML, like Gecko) Chrome/109.0.0.0 Safari/537.36"
107.155.116.125 - - [15/Apr/2023:21:18:01 +0000] "GET /db/webadmin/index.php?lang=en HTTP/1.1" 200 - "-" "Mozilla/5.0 (Windows NT 10.0; Win64; x64) AppleWebKit/537.36 (KHTML, like Gecko) Chrome/109.0.0.0 Safari/537.36"
107.155.116.125 - - [15/Apr/2023:21:18:02 +0000] "GET /sql/websql/index.php?lang=en HTTP/1.1" 200 - "-" "Mozilla/5.0 (Windows NT 10.0; Win64; x64) AppleWebKit/537.36 (KHTML, like Gecko) Chrome/109.0.0.0 Safari/537.36"
107.155.116.125 - - [15/Apr/2023:21:18:02 +0000] "GET /phpMyAdmin1/index.php?lang=en HTTP/1.1" 200 - "-" "Mozilla/5.0 (Windows NT 10.0; Win64; x64) AppleWebKit/537.36 (KHTML, like Gecko) Chrome/109.0.0.0 Safari/537.36"
107.155.116.125 - - [15/Apr/2023:21:18:02 +0000] "GET /administrator/phpMyAdmin/index.php?lang=en HTTP/1.1" 200 - "-" "Mozilla/5.0 (Windows NT 10.0; Win64; x64) AppleWebKit/537.36 (KHTML, like Gecko) Chrome/109.0.0.0 Safari/537.36"
107.155.116.125 - - [15/Apr/2023:21:18:03 +0000] "GET /phpmyadmin/index.php?lang=en HTTP/1.1" 200 - "-" "Mozilla/5.0 (Windows NT 10.0; Win64; x64) AppleWebKit/537.36 (KHTML, like Gecko) Chrome/109.0.0.0 Safari/537.36"
107.155.116.125 - - [15/Apr/2023:21:18:03 +0000] "GET /phpMyAdmin-5.3.0/index.php?lang=en HTTP/1.1" 200 - "-" "Mozilla/5.0 (Windows NT 10.0; Win64; x64) AppleWebKit/537.36 (KHTML, like Gecko) Chrome/109.0.0.0 Safari/537.36"
107.155.116.125 - - [15/Apr/2023:21:18:03 +0000] "GET /phpMyAdmin-5.1.1/index.php?lang=en HTTP/1.1" 200 - "-" "Mozilla/5.0 (Windows NT 10.0; Win64; x64) AppleWebKit/537.36 (KHTML, like Gecko) Chrome/109.0.0.0 Safari/537.36"
107.155.116.125 - - [15/Apr/2023:21:18:04 +0000] "GET /sql/phpMyAdmin/index.php?lang=en HTTP/1.1" 200 - "-" "Mozilla/5.0 (Windows NT 10.0; Win64; x64) AppleWebKit/537.36 (KHTML, like Gecko) Chrome/109.0.0.0 Safari/537.36"
107.155.116.125 - - [15/Apr/2023:21:18:04 +0000] "GET /dbadmin/index.php?lang=en HTTP/1.1" 200 - "-" "Mozilla/5.0 (Windows NT 10.0; Win64; x64) AppleWebKit/537.36 (KHTML, like Gecko) Chrome/109.0.0.0 Safari/537.36"
107.155.116.125 - - [15/Apr/2023:21:18:05 +0000] "GET /mysqladmin/index.php?lang=en HTTP/1.1" 200 - "-" "Mozilla/5.0 (Windows NT 10.0; Win64; x64) AppleWebKit/537.36 (KHTML, like Gecko) Chrome/109.0.0.0 Safari/537.36"
107.155.116.125 - - [15/Apr/2023:21:18:05 +0000] "GET /phpMyAdmin2/index.php?lang=en HTTP/1.1" 200 - "-" "Mozilla/5.0 (Windows NT 10.0; Win64; x64) AppleWebKit/537.36 (KHTML, like Gecko) Chrome/109.0.0.0 Safari/537.36"
107.155.116.125 - - [15/Apr/2023:21:18:05 +0000] "GET /db/webadmin/index.php?lang=en HTTP/1.1" 200 - "-" "Mozilla/5.0 (Windows NT 10.0; Win64; x64) AppleWebKit/537.36 (KHTML, like Gecko) Chrome/109.0.0.0 Safari/537.36"
107.155.116.125 - - [15/Apr/2023:21:18:06 +0000] "GET /program/index.php?lang=en HTTP/1.1" 200 - "-" "Mozilla/5.0 (Windows NT 10.0; Win64; x64) AppleWebKit/537.36 (KHTML, like Gecko) Chrome/109.0.0.0 Safari/537.36"
107.155.116.125 - - [15/Apr/2023:21:18:06 +0000] "GET /mysql-admin/index.php?lang=en HTTP/1.1" 200 - "-" "Mozilla/5.0 (Windows NT 10.0; Win64; x64) AppleWebKit/537.36 (KHTML, like Gecko) Chrome/109.0.0.0 Safari/537.36"
107.155.116.125 - - [15/Apr/2023:21:18:06 +0000] "GET /database/index.php?lang=en HTTP/1.1" 200 - "-" "Mozilla/5.0 (Windows NT 10.0; Win64; x64) AppleWebKit/537.36 (KHTML, like Gecko) Chrome/109.0.0.0 Safari/537.36"
107.155.116.125 - - [15/Apr/2023:21:18:07 +0000] "GET /admin/db/index.php?lang=en HTTP/1.1" 200 - "-" "Mozilla/5.0 (Windows NT 10.0; Win64; x64) AppleWebKit/537.36 (KHTML, like Gecko) Chrome/109.0.0.0 Safari/537.36"
107.155.116.125 - - [15/Apr/2023:21:18:07 +0000] "GET /dbadmin/index.php?lang=en HTTP/1.1" 200 - "-" "Mozilla/5.0 (Windows NT 10.0; Win64; x64) AppleWebKit/537.36 (KHTML, like Gecko) Chrome/109.0.0.0 Safari/537.36"
107.155.116.125 - - [15/Apr/2023:21:18:07 +0000] "GET /db/phpMyAdmin3/index.php?lang=en HTTP/1.1" 200 - "-" "Mozilla/5.0 (Windows NT 10.0; Win64; x64) AppleWebKit/537.36 (KHTML, like Gecko) Chrome/109.0.0.0 Safari/537.36"
107.155.116.125 - - [15/Apr/2023:21:18:08 +0000] "GET /db/phpmyadmin3/index.php?lang=en HTTP/1.1" 200 - "-" "Mozilla/5.0 (Windows NT 10.0; Win64; x64) AppleWebKit/537.36 (KHTML, like Gecko) Chrome/109.0.0.0 Safari/537.36"
107.155.116.125 - - [15/Apr/2023:21:18:08 +0000] "GET /phpMyAdmin-latest-all-languages/index.php?lang=en HTTP/1.1" 200 - "-" "Mozilla/5.0 (Windows NT 10.0; Win64; x64) AppleWebKit/537.36 (KHTML, like Gecko) Chrome/109.0.0.0 Safari/537.36"
107.155.116.125 - - [15/Apr/2023:21:18:08 +0000] "GET /sql/webdb/index.php?lang=en HTTP/1.1" 200 - "-" "Mozilla/5.0 (Windows NT 10.0; Win64; x64) AppleWebKit/537.36 (KHTML, like Gecko) Chrome/109.0.0.0 Safari/537.36"
107.155.116.125 - - [15/Apr/2023:21:18:09 +0000] "GET /php-myadmin/index.php?lang=en HTTP/1.1" 200 - "-" "Mozilla/5.0 (Windows NT 10.0; Win64; x64) AppleWebKit/537.36 (KHTML, like Gecko) Chrome/109.0.0.0 Safari/537.36"
107.155.116.125 - - [15/Apr/2023:21:18:09 +0000] "GET /phpMyAdmin-5.1.3/index.php?lang=en HTTP/1.1" 200 - "-" "Mozilla/5.0 (Windows NT 10.0; Win64; x64) AppleWebKit/537.36 (KHTML, like Gecko) Chrome/109.0.0.0 Safari/537.36"
107.155.116.125 - - [15/Apr/2023:21:18:09 +0000] "GET /sql/sqladmin/index.php?lang=en HTTP/1.1" 200 - "-" "Mozilla/5.0 (Windows NT 10.0; Win64; x64) AppleWebKit/537.36 (KHTML, like Gecko) Chrome/109.0.0.0 Safari/537.36"
107.155.116.125 - - [15/Apr/2023:21:18:10 +0000] "GET /phpmyadmin2021/index.php?lang=en HTTP/1.1" 200 - "-" "Mozilla/5.0 (Windows NT 10.0; Win64; x64) AppleWebKit/537.36 (KHTML, like Gecko) Chrome/109.0.0.0 Safari/537.36"
107.155.116.125 - - [15/Apr/2023:21:18:10 +0000] "GET /phpMyAdmin5.2/index.php?lang=en HTTP/1.1" 200 - "-" "Mozilla/5.0 (Windows NT 10.0; Win64; x64) AppleWebKit/537.36 (KHTML, like Gecko) Chrome/109.0.0.0 Safari/537.36"
107.155.116.125 - - [15/Apr/2023:21:18:10 +0000] "GET /phpmyadmin2022/index.php?lang=en HTTP/1.1" 200 - "-" "Mozilla/5.0 (Windows NT 10.0; Win64; x64) AppleWebKit/537.36 (KHTML, like Gecko) Chrome/109.0.0.0 Safari/537.36"
107.155.116.125 - - [15/Apr/2023:21:18:11 +0000] "GET /sql/phpMyAdmin2/index.php?lang=en HTTP/1.1" 200 - "-" "Mozilla/5.0 (Windows NT 10.0; Win64; x64) AppleWebKit/537.36 (KHTML, like Gecko) Chrome/109.0.0.0 Safari/537.36"
107.155.116.125 - - [15/Apr/2023:21:18:11 +0000] "GET /db/db-admin/index.php?lang=en HTTP/1.1" 200 - "-" "Mozilla/5.0 (Windows NT 10.0; Win64; x64) AppleWebKit/537.36 (KHTML, like Gecko) Chrome/109.0.0.0 Safari/537.36"
107.155.116.125 - - [15/Apr/2023:21:18:11 +0000] "GET /admin/web/index.php?lang=en HTTP/1.1" 200 - "-" "Mozilla/5.0 (Windows NT 10.0; Win64; x64) AppleWebKit/537.36 (KHTML, like Gecko) Chrome/109.0.0.0 Safari/537.36"
107.155.116.125 - - [15/Apr/2023:21:18:12 +0000] "GET /phpMyAdmin5/index.php?lang=en HTTP/1.1" 200 - "-" "Mozilla/5.0 (Windows NT 10.0; Win64; x64) AppleWebKit/537.36 (KHTML, like Gecko) Chrome/109.0.0.0 Safari/537.36"
107.155.116.125 - - [15/Apr/2023:21:18:12 +0000] "GET /phpMyAdmin-5/index.php?lang=en HTTP/1.1" 200 - "-" "Mozilla/5.0 (Windows NT 10.0; Win64; x64) AppleWebKit/537.36 (KHTML, like Gecko) Chrome/109.0.0.0 Safari/537.36"
107.155.116.125 - - [15/Apr/2023:21:18:12 +0000] "GET /phpmyadmin2020/index.php?lang=en HTTP/1.1" 200 - "-" "Mozilla/5.0 (Windows NT 10.0; Win64; x64) AppleWebKit/537.36 (KHTML, like Gecko) Chrome/109.0.0.0 Safari/537.36"
107.155.116.125 - - [15/Apr/2023:21:18:13 +0000] "GET /admin/pma/index.php?lang=en HTTP/1.1" 200 - "-" "Mozilla/5.0 (Windows NT 10.0; Win64; x64) AppleWebKit/537.36 (KHTML, like Gecko) Chrome/109.0.0.0 Safari/537.36"
3.94.191.13 - - [15/Apr/2023:21:24:17 +0000] "HEAD / HTTP/1.1" 200 - "-" "Mozilla/5.0 (X11; Ubuntu; Linux x86_64; rv:96.0) Gecko/20100101 Firefox/96.0"
3.94.191.13 - - [15/Apr/2023:21:24:18 +0000] "POST / HTTP/1.1" 405 408772 "-" "Mozilla/5.0 (X11; Ubuntu; Linux x86_64; rv:96.0) Gecko/20100101 Firefox/96.0"
135.125.246.110 - - [15/Apr/2023:21:42:08 +0000] "POST / HTTP/1.1" 405 409740 "-" "Mozilla/5.0 (X11; Linux x86_64) AppleWebKit/537.36 (KHTML, like Gecko) Chrome/81.0.4044.129 Safari/537.36"
43.154.128.189 - - [15/Apr/2023:22:14:19 +0000] "HEAD /Core/Skin/Login.aspx HTTP/1.1" 200 - "-" "Mozilla/5.0 (Windows NT 10.0; Win64; x64) AppleWebKit/537.36 (KHTML, like Gecko) Chrome/106.0.0.0 Safari/537.36"
103.149.192.145 - - [15/Apr/2023:22:18:58 +0000] "GET / HTTP/1.1" 200 8380 "-" "Mozilla/5.0 (Windows NT 10.0; Win64; x64) AppleWebKit/537.36 (KHTML, like Gecko) Chrome/79.0.3945.130 Safari/537.36"
135.125.246.110 - - [15/Apr/2023:22:33:55 +0000] "POST / HTTP/1.1" 405 409722 "-" "Mozilla/5.0 (X11; Linux x86_64) AppleWebKit/537.36 (KHTML, like Gecko) Chrome/81.0.4044.129 Safari/537.36"
150.129.136.37 - - [15/Apr/2023:22:47:22 +0000] "GET / HTTP/1.1" 200 41226 "-" "-"
45.79.181.251 - - [15/Apr/2023:23:04:34 +0000] "\x16\x03\x01" 400 226 "-" "-"
54.86.201.147 - - [15/Apr/2023:23:04:42 +0000] "GET /vod_installer/.env HTTP/1.1" 200 - "-" "Mozilla/5.0 (Windows NT 10.0; Win64; x64; rv:73.0) Gecko/20100101 Firefox/73.0"
54.86.201.147 - - [15/Apr/2023:23:04:43 +0000] "GET /login/.env HTTP/1.1" 200 - "-" "Mozilla/5.0 (Windows NT 10.0; Win64; x64; rv:73.0) Gecko/20100101 Firefox/73.0"
